{"id":10781,"date":"2022-04-26T16:51:47","date_gmt":"2022-04-26T14:51:47","guid":{"rendered":"https:\/\/www.knjiznica.it\/events\/sola-za-starse-model-odgovornosti-pri-otrocih-955-237-762\/"},"modified":"2022-04-26T16:58:10","modified_gmt":"2022-04-26T14:58:10","slug":"piscancja-pravljicna-urica-it-2","status":"publish","type":"mec-events","link":"https:\/\/knjiznica.it\/it\/events\/piscancja-pravljicna-urica-it-2\/","title":{"rendered":"TS &#8211; Incontro con la fiaba (replica)"},"content":{"rendered":"<p><img fetchpriority=\"high\" decoding=\"async\" class=\"size-medium wp-image-10776 alignleft\" src=\"https:\/\/knjiznica.it\/wp-content\/uploads\/2022\/04\/p1-300x225.jpg\" alt=\"\" width=\"300\" height=\"225\" \/><\/p>\n<p>La prossima settimana verranno a farci visita nella Sezione ragazzi della Biblioteca nazionale slovena e degli studi due ospiti speciali: Melita Malalan che ci racconter\u00e0 delle <strong>fiabe sui pulcini<\/strong> e la gallinella Alenka con balli e canzoni sui pulcini.<\/p>\n<p>L&#8217;incontro con la fiaba si terr\u00e0 marted\u00ec 3 maggio alle 17.00 presso la Sezione ragazzi in via Filzi 14. La replica <strong>gioved\u00ec 5 maggio<\/strong> alla stessa ora. Segue un mini laboratorio creativo.<\/p>\n<p>Per info e prenotazioni: mladinskioddelek@knjiznica.it oppure 040\/9896153. Seguiteci sui social.<\/p>\n<p>Lepo vabljene kokice in pi\u0161\u010dan\u010dki!<\/p>\n","protected":false},"excerpt":{"rendered":"<p>La prossima settimana verranno a farci visita nella Sezione ragazzi della Biblioteca nazionale slovena e degli studi due ospiti speciali: Melita Malalan che ci racconter\u00e0 delle fiabe sui pulcini e [&hellip;]<\/p>\n","protected":false},"author":2,"featured_media":0,"comment_status":"closed","ping_status":"closed","template":"","tags":[],"mec_category":[111],"class_list":["post-10781","mec-events","type-mec-events","status-publish","hentry","mec_category-incontri-con-la-fiaba"],"acf":[],"_links":{"self":[{"href":"https:\/\/knjiznica.it\/it\/wp-json\/wp\/v2\/mec-events\/10781","targetHints":{"allow":["GET"]}}],"collection":[{"href":"https:\/\/knjiznica.it\/it\/wp-json\/wp\/v2\/mec-events"}],"about":[{"href":"https:\/\/knjiznica.it\/it\/wp-json\/wp\/v2\/types\/mec-events"}],"author":[{"embeddable":true,"href":"https:\/\/knjiznica.it\/it\/wp-json\/wp\/v2\/users\/2"}],"replies":[{"embeddable":true,"href":"https:\/\/knjiznica.it\/it\/wp-json\/wp\/v2\/comments?post=10781"}],"version-history":[{"count":0,"href":"https:\/\/knjiznica.it\/it\/wp-json\/wp\/v2\/mec-events\/10781\/revisions"}],"wp:attachment":[{"href":"https:\/\/knjiznica.it\/it\/wp-json\/wp\/v2\/media?parent=10781"}],"wp:term":[{"taxonomy":"post_tag","embeddable":true,"href":"https:\/\/knjiznica.it\/it\/wp-json\/wp\/v2\/tags?post=10781"},{"taxonomy":"mec_category","embeddable":true,"href":"https:\/\/knjiznica.it\/it\/wp-json\/wp\/v2\/mec_category?post=10781"}],"curies":[{"name":"wp","href":"https:\/\/api.w.org\/{rel}","templated":true}]}}

<p><img fetchpriority="high" decoding="async" class="size-medium wp-image-10776 alignleft" src="https://knjiznica.it/wp-content/uploads/2022/04/p1-300x225.jpg" alt="" width="300" height="225" /></p>
<p>La prossima settimana verranno a farci visita nella Sezione ragazzi della Biblioteca nazionale slovena e degli studi due ospiti speciali: Melita Malalan che ci racconterà delle <strong>fiabe sui pulcini</strong> e la gallinella Alenka con balli e canzoni sui pulcini.</p>
<p>L&#8217;incontro con la fiaba si terrà martedì 3 maggio alle 17.00 presso la Sezione ragazzi in via Filzi 14. La replica <strong>giovedì 5 maggio</strong> alla stessa ora. Segue un mini laboratorio creativo.</p>
<p>Per info e prenotazioni: mladinskioddelek@knjiznica.it oppure 040/9896153. Seguiteci sui social.</p>
<p>Lepo vabljene kokice in piščančki!</p>

<p>La prossima settimana verranno a farci visita nella Sezione ragazzi della Biblioteca nazionale slovena e degli studi due ospiti speciali: Melita Malalan che ci racconterà delle fiabe sui pulcini e [&hellip;]</p>
