{"id":11625,"date":"2022-05-09T15:52:02","date_gmt":"2022-05-09T13:52:02","guid":{"rendered":"https:\/\/www.knjiznica.it\/events\/go-gledaliska-predstava-pedenjped-679-218-255\/"},"modified":"2022-08-29T16:37:04","modified_gmt":"2022-08-29T14:37:04","slug":"go-gledaliska-predstava-pedenjped-679-218-255","status":"publish","type":"mec-events","link":"https:\/\/knjiznica.it\/it\/events\/go-gledaliska-predstava-pedenjped-679-218-255\/","title":{"rendered":"GO \u2013 Knji\u017eni \u010debelnjak"},"content":{"rendered":"<p><span style=\"font-family: Times New Roman, serif;\"><span style=\"color: #000000;\"><span style=\"font-family: Helvetica, serif;\">Po kratkem poletnem po\u010ditku se prvo soboto v septembru v Feiglovo knji\u017enico spet vra\u010da bralni klub Knji\u017eni \u010debeljnjak. Po lanskem potovanju okoli sveta se bodo leto\u0161nja sre\u010danja odvijala v duhu odkrivanja druga\u010dnosti in spoznavanja novih, \u0161e nepoznanih realnosti, ki so pogosto odrinjene na rob dru\u017ebe.<\/span><\/span><\/span><\/p>\n<p><span style=\"font-family: Times New Roman, serif;\"><span style=\"color: #000000;\"><span style=\"font-family: Helvetica, serif;\">Prvo sre\u010danje novega leta bo potekalo v soboto, 3. septembra 2022, ob 10.00 uri v prostorih Feiglove knji\u017enice. Bralci se bodo pogovarjali o knjigi Kitchen \u2013 Kuhinja japoske pisateljice Banane Yoshimoto. <\/span><\/span><\/span><\/p>\n<p><span style=\"font-family: Times New Roman, serif;\"><span style=\"color: #000000;\"><span style=\"font-family: Helvetica, serif;\">Vsi zainteresirani se lahko prijavite osebno v prostorih Feiglove knji\u017enice, telefonsko na \u0161tevilki 0481 531 733 ali preko elektronske po\u0161te na naslov gorica@knjiznica.it<\/span><\/span><\/span><\/p>\n<p>&nbsp;<\/p>\n<p>&nbsp;<\/p>\n","protected":false},"excerpt":{"rendered":"<p> Kuhinja \/ Banana Jo\u0161imoto <\/p>\n","protected":false},"author":10,"featured_media":0,"comment_status":"closed","ping_status":"closed","template":"","tags":[],"mec_category":[112],"class_list":["post-11625","mec-events","type-mec-events","status-publish","hentry","mec_category-club-del-libro"],"acf":[],"_links":{"self":[{"href":"https:\/\/knjiznica.it\/it\/wp-json\/wp\/v2\/mec-events\/11625","targetHints":{"allow":["GET"]}}],"collection":[{"href":"https:\/\/knjiznica.it\/it\/wp-json\/wp\/v2\/mec-events"}],"about":[{"href":"https:\/\/knjiznica.it\/it\/wp-json\/wp\/v2\/types\/mec-events"}],"author":[{"embeddable":true,"href":"https:\/\/knjiznica.it\/it\/wp-json\/wp\/v2\/users\/10"}],"replies":[{"embeddable":true,"href":"https:\/\/knjiznica.it\/it\/wp-json\/wp\/v2\/comments?post=11625"}],"version-history":[{"count":0,"href":"https:\/\/knjiznica.it\/it\/wp-json\/wp\/v2\/mec-events\/11625\/revisions"}],"wp:attachment":[{"href":"https:\/\/knjiznica.it\/it\/wp-json\/wp\/v2\/media?parent=11625"}],"wp:term":[{"taxonomy":"post_tag","embeddable":true,"href":"https:\/\/knjiznica.it\/it\/wp-json\/wp\/v2\/tags?post=11625"},{"taxonomy":"mec_category","embeddable":true,"href":"https:\/\/knjiznica.it\/it\/wp-json\/wp\/v2\/mec_category?post=11625"}],"curies":[{"name":"wp","href":"https:\/\/api.w.org\/{rel}","templated":true}]}}

GO – Knjižni čebelnjak

<p><span style="font-family: Times New Roman, serif;"><span style="color: #000000;"><span style="font-family: Helvetica, serif;">Po kratkem poletnem počitku se prvo soboto v septembru v Feiglovo knjižnico spet vrača bralni klub Knjižni čebeljnjak. Po lanskem potovanju okoli sveta se bodo letošnja srečanja odvijala v duhu odkrivanja drugačnosti in spoznavanja novih, še nepoznanih realnosti, ki so pogosto odrinjene na rob družbe.</span></span></span></p>
<p><span style="font-family: Times New Roman, serif;"><span style="color: #000000;"><span style="font-family: Helvetica, serif;">Prvo srečanje novega leta bo potekalo v soboto, 3. septembra 2022, ob 10.00 uri v prostorih Feiglove knjižnice. Bralci se bodo pogovarjali o knjigi Kitchen – Kuhinja japoske pisateljice Banane Yoshimoto. </span></span></span></p>
<p><span style="font-family: Times New Roman, serif;"><span style="color: #000000;"><span style="font-family: Helvetica, serif;">Vsi zainteresirani se lahko prijavite osebno v prostorih Feiglove knjižnice, telefonsko na številki 0481 531 733 ali preko elektronske pošte na naslov gorica@knjiznica.it</span></span></span></p>
<p>&nbsp;</p>
<p>&nbsp;</p>

<p> Kuhinja / Banana Jošimoto </p>
