{"id":12160,"date":"2022-06-27T13:34:05","date_gmt":"2022-06-27T11:34:05","guid":{"rendered":"https:\/\/www.knjiznica.it\/events\/pravljice-pod-sencnikom-248-338-173-365\/"},"modified":"2022-07-27T13:14:58","modified_gmt":"2022-07-27T11:14:58","slug":"pravljice-pod-sencnikom-248-338-173-365","status":"publish","type":"mec-events","link":"https:\/\/knjiznica.it\/it\/events\/pravljice-pod-sencnikom-248-338-173-365\/","title":{"rendered":"Fiabe sotto l&#8217;ombrellone con Danijel Malalan e il teatro SSG"},"content":{"rendered":"<p><img fetchpriority=\"high\" decoding=\"async\" class=\"alignnone wp-image-11904 size-large\" src=\"https:\/\/knjiznica.it\/wp-content\/uploads\/2022\/06\/slide-1-1024x277.jpg\" alt=\"\" width=\"730\" height=\"197\" srcset=\"https:\/\/knjiznica.it\/wp-content\/uploads\/2022\/06\/slide-1-1024x277.jpg 1024w, https:\/\/knjiznica.it\/wp-content\/uploads\/2022\/06\/slide-1-300x81.jpg 300w, https:\/\/knjiznica.it\/wp-content\/uploads\/2022\/06\/slide-1-768x208.jpg 768w, https:\/\/knjiznica.it\/wp-content\/uploads\/2022\/06\/slide-1-1536x416.jpg 1536w, https:\/\/knjiznica.it\/wp-content\/uploads\/2022\/06\/slide-1-2048x554.jpg 2048w, https:\/\/knjiznica.it\/wp-content\/uploads\/2022\/06\/slide-1-830x225.jpg 830w, https:\/\/knjiznica.it\/wp-content\/uploads\/2022\/06\/slide-1-940x254.jpg 940w\" sizes=\"(max-width: 730px) 100vw, 730px\" \/><\/p>\n<p>Il prossimo appuntamento con le Fiabe sotto l&#8217;ombrellone si terr\u00e0<strong> venerd\u00ec 29 luglio alle 10.30 presso l\u2019entrata principale della spiaggia di Castelreggio di Sistiana<\/strong>. L&#8217;attore teatrale e direttore del teatro Slovensko stalno gledali\u0161\u010de &#8211; Teatro stabile sloveno Danijel Malalan racconter\u00e0 la fiaba O za\u010daranem \u017eabcu di Andrej Rozman &#8211; Roza e Zvonko \u010coh. L&#8217;evento viene organizzato in collaborazione con il Teatro SSG e con il patrocinio del Comune di Duino-Aurisina.<\/p>\n<p>&nbsp;<\/p>\n<p>Per ulteriori informazioni potete cliccare <a href=\"https:\/\/knjiznica.it\/it\/fiabe-sotto-lombrellone\/\">QUI<\/a> oppure contattarci al numero 040\/9896153 o via mail mladinskioddelek@knjiznica.it.<\/p>\n<p>&nbsp;<\/p>\n<p>Magiche sirene e coraggiosi pirati, vi aspettiamo con fantastiche fiabe e nuove avventure sotto l\u2019ombrellone!<\/p>\n<p>&nbsp;<\/p>\n<p><img decoding=\"async\" class=\"alignnone wp-image-10749\" src=\"https:\/\/knjiznica.it\/wp-content\/uploads\/2022\/04\/logo_mladibralci-300x109-1.png\" alt=\"\" width=\"250\" height=\"91\" \/> \u00a0\u00a0\u00a0\u00a0 <img decoding=\"async\" class=\"alignnone wp-image-12717\" src=\"https:\/\/knjiznica.it\/wp-content\/uploads\/2021\/01\/NSK_logo_slo_ita_SPLETlogo.png\" alt=\"\" width=\"200\" height=\"84\" \/> \u00a0\u00a0\u00a0\u00a0 <img loading=\"lazy\" decoding=\"async\" class=\"alignnone wp-image-12715\" src=\"https:\/\/knjiznica.it\/wp-content\/uploads\/2022\/06\/logos_SSG_-300x194.jpg\" alt=\"\" width=\"150\" height=\"97\" srcset=\"https:\/\/knjiznica.it\/wp-content\/uploads\/2022\/06\/logos_SSG_-300x194.jpg 300w, https:\/\/knjiznica.it\/wp-content\/uploads\/2022\/06\/logos_SSG_-1024x661.jpg 1024w, https:\/\/knjiznica.it\/wp-content\/uploads\/2022\/06\/logos_SSG_-768x496.jpg 768w, https:\/\/knjiznica.it\/wp-content\/uploads\/2022\/06\/logos_SSG_-1536x991.jpg 1536w, https:\/\/knjiznica.it\/wp-content\/uploads\/2022\/06\/logos_SSG_-830x536.jpg 830w, https:\/\/knjiznica.it\/wp-content\/uploads\/2022\/06\/logos_SSG_-940x607.jpg 940w, https:\/\/knjiznica.it\/wp-content\/uploads\/2022\/06\/logos_SSG_.jpg 1568w\" sizes=\"(max-width: 150px) 100vw, 150px\" \/> \u00a0\u00a0 Con il patrocinio di: <img loading=\"lazy\" decoding=\"async\" class=\"alignnone wp-image-12720\" src=\"https:\/\/knjiznica.it\/wp-content\/uploads\/2022\/06\/Logo-Duino-Aurisina-con-scritta-252x300.jpg\" alt=\"\" width=\"100\" height=\"119\" srcset=\"https:\/\/knjiznica.it\/wp-content\/uploads\/2022\/06\/Logo-Duino-Aurisina-con-scritta-252x300.jpg 252w, https:\/\/knjiznica.it\/wp-content\/uploads\/2022\/06\/Logo-Duino-Aurisina-con-scritta.jpg 492w\" sizes=\"(max-width: 100px) 100vw, 100px\" \/><\/p>\n<p>&nbsp;<\/p>\n<p>Calendario degli appuntamenti:<\/p>\n<p>26 agosto<\/p>\n<p>2 settembre<\/p>\n","protected":false},"excerpt":{"rendered":"<p>Pravlji\u010dne urice na pla\u017ei.<\/p>\n","protected":false},"author":2,"featured_media":12095,"comment_status":"closed","ping_status":"closed","template":"","tags":[],"mec_category":[137,111],"class_list":["post-12160","mec-events","type-mec-events","status-publish","has-post-thumbnail","hentry","mec_category-posebni-dogodki-it","mec_category-incontri-con-la-fiaba"],"acf":[],"_links":{"self":[{"href":"https:\/\/knjiznica.it\/it\/wp-json\/wp\/v2\/mec-events\/12160","targetHints":{"allow":["GET"]}}],"collection":[{"href":"https:\/\/knjiznica.it\/it\/wp-json\/wp\/v2\/mec-events"}],"about":[{"href":"https:\/\/knjiznica.it\/it\/wp-json\/wp\/v2\/types\/mec-events"}],"author":[{"embeddable":true,"href":"https:\/\/knjiznica.it\/it\/wp-json\/wp\/v2\/users\/2"}],"replies":[{"embeddable":true,"href":"https:\/\/knjiznica.it\/it\/wp-json\/wp\/v2\/comments?post=12160"}],"version-history":[{"count":1,"href":"https:\/\/knjiznica.it\/it\/wp-json\/wp\/v2\/mec-events\/12160\/revisions"}],"predecessor-version":[{"id":12166,"href":"https:\/\/knjiznica.it\/it\/wp-json\/wp\/v2\/mec-events\/12160\/revisions\/12166"}],"wp:featuredmedia":[{"embeddable":true,"href":"https:\/\/knjiznica.it\/it\/wp-json\/wp\/v2\/media\/12095"}],"wp:attachment":[{"href":"https:\/\/knjiznica.it\/it\/wp-json\/wp\/v2\/media?parent=12160"}],"wp:term":[{"taxonomy":"post_tag","embeddable":true,"href":"https:\/\/knjiznica.it\/it\/wp-json\/wp\/v2\/tags?post=12160"},{"taxonomy":"mec_category","embeddable":true,"href":"https:\/\/knjiznica.it\/it\/wp-json\/wp\/v2\/mec_category?post=12160"}],"curies":[{"name":"wp","href":"https:\/\/api.w.org\/{rel}","templated":true}]}}

<p><img fetchpriority="high" decoding="async" class="alignnone wp-image-11904 size-large" src="https://knjiznica.it/wp-content/uploads/2022/06/slide-1-1024x277.jpg" alt="" width="730" height="197" srcset="https://knjiznica.it/wp-content/uploads/2022/06/slide-1-1024x277.jpg 1024w, https://knjiznica.it/wp-content/uploads/2022/06/slide-1-300x81.jpg 300w, https://knjiznica.it/wp-content/uploads/2022/06/slide-1-768x208.jpg 768w, https://knjiznica.it/wp-content/uploads/2022/06/slide-1-1536x416.jpg 1536w, https://knjiznica.it/wp-content/uploads/2022/06/slide-1-2048x554.jpg 2048w, https://knjiznica.it/wp-content/uploads/2022/06/slide-1-830x225.jpg 830w, https://knjiznica.it/wp-content/uploads/2022/06/slide-1-940x254.jpg 940w" sizes="(max-width: 730px) 100vw, 730px" /></p>
<p>Il prossimo appuntamento con le Fiabe sotto l&#8217;ombrellone si terrà<strong> venerdì 29 luglio alle 10.30 presso l’entrata principale della spiaggia di Castelreggio di Sistiana</strong>. L&#8217;attore teatrale e direttore del teatro Slovensko stalno gledališče &#8211; Teatro stabile sloveno Danijel Malalan racconterà la fiaba O začaranem žabcu di Andrej Rozman &#8211; Roza e Zvonko Čoh. L&#8217;evento viene organizzato in collaborazione con il Teatro SSG e con il patrocinio del Comune di Duino-Aurisina.</p>
<p>&nbsp;</p>
<p>Per ulteriori informazioni potete cliccare <a href="https://knjiznica.it/it/fiabe-sotto-lombrellone/">QUI</a> oppure contattarci al numero 040/9896153 o via mail mladinskioddelek@knjiznica.it.</p>
<p>&nbsp;</p>
<p>Magiche sirene e coraggiosi pirati, vi aspettiamo con fantastiche fiabe e nuove avventure sotto l’ombrellone!</p>
<p>&nbsp;</p>
<p><img decoding="async" class="alignnone wp-image-10749" src="https://knjiznica.it/wp-content/uploads/2022/04/logo_mladibralci-300x109-1.png" alt="" width="250" height="91" />      <img decoding="async" class="alignnone wp-image-12717" src="https://knjiznica.it/wp-content/uploads/2021/01/NSK_logo_slo_ita_SPLETlogo.png" alt="" width="200" height="84" />      <img loading="lazy" decoding="async" class="alignnone wp-image-12715" src="https://knjiznica.it/wp-content/uploads/2022/06/logos_SSG_-300x194.jpg" alt="" width="150" height="97" srcset="https://knjiznica.it/wp-content/uploads/2022/06/logos_SSG_-300x194.jpg 300w, https://knjiznica.it/wp-content/uploads/2022/06/logos_SSG_-1024x661.jpg 1024w, https://knjiznica.it/wp-content/uploads/2022/06/logos_SSG_-768x496.jpg 768w, https://knjiznica.it/wp-content/uploads/2022/06/logos_SSG_-1536x991.jpg 1536w, https://knjiznica.it/wp-content/uploads/2022/06/logos_SSG_-830x536.jpg 830w, https://knjiznica.it/wp-content/uploads/2022/06/logos_SSG_-940x607.jpg 940w, https://knjiznica.it/wp-content/uploads/2022/06/logos_SSG_.jpg 1568w" sizes="(max-width: 150px) 100vw, 150px" />    Con il patrocinio di: <img loading="lazy" decoding="async" class="alignnone wp-image-12720" src="https://knjiznica.it/wp-content/uploads/2022/06/Logo-Duino-Aurisina-con-scritta-252x300.jpg" alt="" width="100" height="119" srcset="https://knjiznica.it/wp-content/uploads/2022/06/Logo-Duino-Aurisina-con-scritta-252x300.jpg 252w, https://knjiznica.it/wp-content/uploads/2022/06/Logo-Duino-Aurisina-con-scritta.jpg 492w" sizes="(max-width: 100px) 100vw, 100px" /></p>
<p>&nbsp;</p>
<p>Calendario degli appuntamenti:</p>
<p>26 agosto</p>
<p>2 settembre</p>

<p>Pravljične urice na plaži.</p>
