{"id":12161,"date":"2022-06-27T13:36:58","date_gmt":"2022-06-27T11:36:58","guid":{"rendered":"https:\/\/www.knjiznica.it\/events\/pravljice-pod-sencnikom-248-338-173-365-528-124\/"},"modified":"2022-08-31T10:35:43","modified_gmt":"2022-08-31T08:35:43","slug":"pravljice-pod-sencnikom-248-338-173-365-528-124","status":"publish","type":"mec-events","link":"https:\/\/knjiznica.it\/it\/events\/pravljice-pod-sencnikom-248-338-173-365-528-124\/","title":{"rendered":"Fiabe sotto l&#8217;ombrellone con Cvetka Ko\u017elin"},"content":{"rendered":"<p><img fetchpriority=\"high\" decoding=\"async\" class=\"alignnone wp-image-11904 size-large\" src=\"https:\/\/knjiznica.it\/wp-content\/uploads\/2022\/06\/slide-1-1024x277.jpg\" alt=\"\" width=\"730\" height=\"197\" srcset=\"https:\/\/knjiznica.it\/wp-content\/uploads\/2022\/06\/slide-1-1024x277.jpg 1024w, https:\/\/knjiznica.it\/wp-content\/uploads\/2022\/06\/slide-1-300x81.jpg 300w, https:\/\/knjiznica.it\/wp-content\/uploads\/2022\/06\/slide-1-768x208.jpg 768w, https:\/\/knjiznica.it\/wp-content\/uploads\/2022\/06\/slide-1-1536x416.jpg 1536w, https:\/\/knjiznica.it\/wp-content\/uploads\/2022\/06\/slide-1-2048x554.jpg 2048w, https:\/\/knjiznica.it\/wp-content\/uploads\/2022\/06\/slide-1-830x225.jpg 830w, https:\/\/knjiznica.it\/wp-content\/uploads\/2022\/06\/slide-1-940x254.jpg 940w\" sizes=\"(max-width: 730px) 100vw, 730px\" \/><\/p>\n<p>&nbsp;<\/p>\n<p>L&#8217;ultimo appuntamento con le FIABE SOTTO L&#8217;OMBRELLONE si svolger\u00e0 venerd\u00ec 2 settembre alle 10.30 in spiaggia Castelreggio a Sistiana. Dopo il racconto \u00e8 previsto un laboratorio creativo adatto ai bambini dai 3 anni in poi. Inoltre, grandi e piccini potranno prendere in prestito libri dalle 9 alle 12. L&#8217;evento viene organizzato con il patrocinio del Comune di Duino-Aurisina.<\/p>\n<p>Per ulteriori informazioni potete cliccare <a href=\"https:\/\/knjiznica.it\/it\/fiabe-sotto-lombrellone\/\">QUI<\/a> oppure contattarci al numero 040\/9896153 o via mail mladinskioddelek@knjiznica.it.<\/p>\n<p>&nbsp;<\/p>\n<p>Magiche sirene e coraggiosi pirati, vi aspettiamo con fantastiche fiabe e nuove avventure sotto l\u2019ombrellone!<\/p>\n<p>Arrivederci alla prossima estate!<\/p>\n","protected":false},"excerpt":{"rendered":"<p>Pravlji\u010dne urice na pla\u017ei.<\/p>\n","protected":false},"author":2,"featured_media":12103,"comment_status":"closed","ping_status":"closed","template":"","tags":[],"mec_category":[137,111],"class_list":["post-12161","mec-events","type-mec-events","status-publish","has-post-thumbnail","hentry","mec_category-posebni-dogodki-it","mec_category-incontri-con-la-fiaba"],"acf":[],"_links":{"self":[{"href":"https:\/\/knjiznica.it\/it\/wp-json\/wp\/v2\/mec-events\/12161","targetHints":{"allow":["GET"]}}],"collection":[{"href":"https:\/\/knjiznica.it\/it\/wp-json\/wp\/v2\/mec-events"}],"about":[{"href":"https:\/\/knjiznica.it\/it\/wp-json\/wp\/v2\/types\/mec-events"}],"author":[{"embeddable":true,"href":"https:\/\/knjiznica.it\/it\/wp-json\/wp\/v2\/users\/2"}],"replies":[{"embeddable":true,"href":"https:\/\/knjiznica.it\/it\/wp-json\/wp\/v2\/comments?post=12161"}],"version-history":[{"count":1,"href":"https:\/\/knjiznica.it\/it\/wp-json\/wp\/v2\/mec-events\/12161\/revisions"}],"predecessor-version":[{"id":12168,"href":"https:\/\/knjiznica.it\/it\/wp-json\/wp\/v2\/mec-events\/12161\/revisions\/12168"}],"wp:featuredmedia":[{"embeddable":true,"href":"https:\/\/knjiznica.it\/it\/wp-json\/wp\/v2\/media\/12103"}],"wp:attachment":[{"href":"https:\/\/knjiznica.it\/it\/wp-json\/wp\/v2\/media?parent=12161"}],"wp:term":[{"taxonomy":"post_tag","embeddable":true,"href":"https:\/\/knjiznica.it\/it\/wp-json\/wp\/v2\/tags?post=12161"},{"taxonomy":"mec_category","embeddable":true,"href":"https:\/\/knjiznica.it\/it\/wp-json\/wp\/v2\/mec_category?post=12161"}],"curies":[{"name":"wp","href":"https:\/\/api.w.org\/{rel}","templated":true}]}}

Fiabe sotto l&#8217;ombrellone con Cvetka Kožlin

<p><img fetchpriority="high" decoding="async" class="alignnone wp-image-11904 size-large" src="https://knjiznica.it/wp-content/uploads/2022/06/slide-1-1024x277.jpg" alt="" width="730" height="197" srcset="https://knjiznica.it/wp-content/uploads/2022/06/slide-1-1024x277.jpg 1024w, https://knjiznica.it/wp-content/uploads/2022/06/slide-1-300x81.jpg 300w, https://knjiznica.it/wp-content/uploads/2022/06/slide-1-768x208.jpg 768w, https://knjiznica.it/wp-content/uploads/2022/06/slide-1-1536x416.jpg 1536w, https://knjiznica.it/wp-content/uploads/2022/06/slide-1-2048x554.jpg 2048w, https://knjiznica.it/wp-content/uploads/2022/06/slide-1-830x225.jpg 830w, https://knjiznica.it/wp-content/uploads/2022/06/slide-1-940x254.jpg 940w" sizes="(max-width: 730px) 100vw, 730px" /></p>
<p>&nbsp;</p>
<p>L&#8217;ultimo appuntamento con le FIABE SOTTO L&#8217;OMBRELLONE si svolgerà venerdì 2 settembre alle 10.30 in spiaggia Castelreggio a Sistiana. Dopo il racconto è previsto un laboratorio creativo adatto ai bambini dai 3 anni in poi. Inoltre, grandi e piccini potranno prendere in prestito libri dalle 9 alle 12. L&#8217;evento viene organizzato con il patrocinio del Comune di Duino-Aurisina.</p>
<p>Per ulteriori informazioni potete cliccare <a href="https://knjiznica.it/it/fiabe-sotto-lombrellone/">QUI</a> oppure contattarci al numero 040/9896153 o via mail mladinskioddelek@knjiznica.it.</p>
<p>&nbsp;</p>
<p>Magiche sirene e coraggiosi pirati, vi aspettiamo con fantastiche fiabe e nuove avventure sotto l’ombrellone!</p>
<p>Arrivederci alla prossima estate!</p>

<p>Pravljične urice na plaži.</p>
