{"id":13657,"date":"2022-10-12T10:11:27","date_gmt":"2022-10-12T08:11:27","guid":{"rendered":"https:\/\/www.knjiznica.it\/?post_type=mec-events&#038;p=13657"},"modified":"2022-10-11T13:18:29","modified_gmt":"2022-10-11T11:18:29","slug":"rojeni-za-branje-404-106-505-363","status":"publish","type":"mec-events","link":"https:\/\/knjiznica.it\/it\/events\/rojeni-za-branje-404-106-505-363\/","title":{"rendered":"TS &#8211; Nati per leggere"},"content":{"rendered":"<p>Dal 1999 il programma nazionale Nati per leggere promuove la lettura in famiglia. Nella Sezione Ragazzi le nostre volontarie si dedicano soprattutto ai bambini in tenera et\u00e0 (0-3), leggendo loro fiabe in lingua slovena. Il secondo incontro autunnale si terr\u00e0 <strong>mercoled\u00ec 16 novembre alle 10.00 nella Sezione Ragazzi in via Filzi 14<\/strong>.<\/p>\n<p>L\u2019evento \u00e8 dedicato a famiglie con bambini fino ai tre anni di et\u00e0. Gli accompagnatori avranno la possibilit\u00e0 di scoprire i molteplici vantaggi della lettura sullo sviluppo cognitivo dei pi\u00f9 piccoli e sulle novit\u00e0 letterarie pi\u00f9 adatte a loro. L&#8217;appuntamento fa parte delle iniziative locali del progetto nazionale <strong>Mamma Lingua<\/strong>, promosso dall&#8217;Associazione Italiana Biblioteche e da NpL per la valorizzazione della lingua madre e del multilinguismo.<\/p>\n<p><strong>Per info e prenotazioni: <\/strong>040\/9896153, e-mail: mladinskioddelek@knjiznica.it.<\/p>\n<p>&nbsp;<\/p>\n<p><img fetchpriority=\"high\" decoding=\"async\" class=\"alignnone wp-image-9710\" src=\"https:\/\/knjiznica.it\/wp-content\/uploads\/2022\/01\/NpL_FVG_nuovo-167x300-1.jpg\" alt=\"\" width=\"170\" height=\"305\" \/> \u00a0\u00a0\u00a0\u00a0\u00a0\u00a0\u00a0 <img decoding=\"async\" class=\"alignnone wp-image-13656\" src=\"https:\/\/knjiznica.it\/wp-content\/uploads\/2022\/10\/MammaLingua-1-300x215.png\" alt=\"\" width=\"170\" height=\"122\" srcset=\"https:\/\/knjiznica.it\/wp-content\/uploads\/2022\/10\/MammaLingua-1-300x215.png 300w, https:\/\/knjiznica.it\/wp-content\/uploads\/2022\/10\/MammaLingua-1.png 642w\" sizes=\"(max-width: 170px) 100vw, 170px\" \/> \u00a0\u00a0\u00a0\u00a0\u00a0\u00a0\u00a0\u00a0\u00a0 <img decoding=\"async\" class=\"alignnone size-full wp-image-10749\" src=\"https:\/\/knjiznica.it\/wp-content\/uploads\/2022\/04\/logo_mladibralci-300x109-1.png\" alt=\"\" width=\"300\" height=\"109\" \/><\/p>\n<p>&nbsp;<\/p>\n<p>&nbsp;<\/p>\n<p>&nbsp;<\/p>\n<p>&nbsp;<\/p>\n<p>&nbsp;<\/p>\n<p>&nbsp;<\/p>\n","protected":false},"excerpt":{"rendered":"<p>Dal 1999 il programma nazionale Nati per leggere promuove la lettura in famiglia. Nella Sezione Ragazzi le nostre volontarie si dedicano soprattutto ai bambini in tenera et\u00e0 (0-3), leggendo loro [&hellip;]<\/p>\n","protected":false},"author":2,"featured_media":9713,"comment_status":"closed","ping_status":"closed","template":"","tags":[],"mec_category":[108],"class_list":["post-13657","mec-events","type-mec-events","status-publish","has-post-thumbnail","hentry","mec_category-za-najmlajse-it"],"acf":[],"_links":{"self":[{"href":"https:\/\/knjiznica.it\/it\/wp-json\/wp\/v2\/mec-events\/13657","targetHints":{"allow":["GET"]}}],"collection":[{"href":"https:\/\/knjiznica.it\/it\/wp-json\/wp\/v2\/mec-events"}],"about":[{"href":"https:\/\/knjiznica.it\/it\/wp-json\/wp\/v2\/types\/mec-events"}],"author":[{"embeddable":true,"href":"https:\/\/knjiznica.it\/it\/wp-json\/wp\/v2\/users\/2"}],"replies":[{"embeddable":true,"href":"https:\/\/knjiznica.it\/it\/wp-json\/wp\/v2\/comments?post=13657"}],"version-history":[{"count":2,"href":"https:\/\/knjiznica.it\/it\/wp-json\/wp\/v2\/mec-events\/13657\/revisions"}],"predecessor-version":[{"id":13662,"href":"https:\/\/knjiznica.it\/it\/wp-json\/wp\/v2\/mec-events\/13657\/revisions\/13662"}],"wp:featuredmedia":[{"embeddable":true,"href":"https:\/\/knjiznica.it\/it\/wp-json\/wp\/v2\/media\/9713"}],"wp:attachment":[{"href":"https:\/\/knjiznica.it\/it\/wp-json\/wp\/v2\/media?parent=13657"}],"wp:term":[{"taxonomy":"post_tag","embeddable":true,"href":"https:\/\/knjiznica.it\/it\/wp-json\/wp\/v2\/tags?post=13657"},{"taxonomy":"mec_category","embeddable":true,"href":"https:\/\/knjiznica.it\/it\/wp-json\/wp\/v2\/mec_category?post=13657"}],"curies":[{"name":"wp","href":"https:\/\/api.w.org\/{rel}","templated":true}]}}

<p>Dal 1999 il programma nazionale Nati per leggere promuove la lettura in famiglia. Nella Sezione Ragazzi le nostre volontarie si dedicano soprattutto ai bambini in tenera età (0-3), leggendo loro fiabe in lingua slovena. Il secondo incontro autunnale si terrà <strong>mercoledì 16 novembre alle 10.00 nella Sezione Ragazzi in via Filzi 14</strong>.</p>
<p>L’evento è dedicato a famiglie con bambini fino ai tre anni di età. Gli accompagnatori avranno la possibilità di scoprire i molteplici vantaggi della lettura sullo sviluppo cognitivo dei più piccoli e sulle novità letterarie più adatte a loro. L&#8217;appuntamento fa parte delle iniziative locali del progetto nazionale <strong>Mamma Lingua</strong>, promosso dall&#8217;Associazione Italiana Biblioteche e da NpL per la valorizzazione della lingua madre e del multilinguismo.</p>
<p><strong>Per info e prenotazioni: </strong>040/9896153, e-mail: mladinskioddelek@knjiznica.it.</p>
<p>&nbsp;</p>
<p><img fetchpriority="high" decoding="async" class="alignnone wp-image-9710" src="https://knjiznica.it/wp-content/uploads/2022/01/NpL_FVG_nuovo-167x300-1.jpg" alt="" width="170" height="305" />         <img decoding="async" class="alignnone wp-image-13656" src="https://knjiznica.it/wp-content/uploads/2022/10/MammaLingua-1-300x215.png" alt="" width="170" height="122" srcset="https://knjiznica.it/wp-content/uploads/2022/10/MammaLingua-1-300x215.png 300w, https://knjiznica.it/wp-content/uploads/2022/10/MammaLingua-1.png 642w" sizes="(max-width: 170px) 100vw, 170px" />           <img decoding="async" class="alignnone size-full wp-image-10749" src="https://knjiznica.it/wp-content/uploads/2022/04/logo_mladibralci-300x109-1.png" alt="" width="300" height="109" /></p>
<p>&nbsp;</p>
<p>&nbsp;</p>
<p>&nbsp;</p>
<p>&nbsp;</p>
<p>&nbsp;</p>
<p>&nbsp;</p>

<p>Dal 1999 il programma nazionale Nati per leggere promuove la lettura in famiglia. Nella Sezione Ragazzi le nostre volontarie si dedicano soprattutto ai bambini in tenera età (0-3), leggendo loro [&hellip;]</p>
