{"id":14901,"date":"2022-12-22T12:49:04","date_gmt":"2022-12-22T11:49:04","guid":{"rendered":"https:\/\/www.knjiznica.it\/events\/go-incontro-con-la-fiaba-2\/"},"modified":"2023-01-03T10:43:23","modified_gmt":"2023-01-03T09:43:23","slug":"go-incontro-con-la-fiaba-2","status":"publish","type":"mec-events","link":"https:\/\/knjiznica.it\/it\/events\/go-incontro-con-la-fiaba-2\/","title":{"rendered":"GO &#8211; Incontro con la fiaba"},"content":{"rendered":"<p><strong><img fetchpriority=\"high\" decoding=\"async\" class=\"size-medium wp-image-14964 alignright\" src=\"https:\/\/knjiznica.it\/wp-content\/uploads\/2022\/12\/zimski-dremez-300x300.jpg\" alt=\"\" width=\"300\" height=\"300\" \/>Il prossimo incontro con la fiaba nella biblioteca slovena Damir Feigl a Gorizia (Corso Verdi 52) si terr\u00e0 luned\u00ec 28 novembre alle 17.30. Katerina Citter racconter\u00e0 la fiaba Zimski dreme\u017e.<\/strong><\/p>\n","protected":false},"excerpt":{"rendered":"<p>Il prossimo incontro con la fiaba nella biblioteca slovena Damir Feigl a Gorizia (Corso Verdi 52) si terr\u00e0 luned\u00ec 28 novembre alle 17.30. Katerina Citter racconter\u00e0 la fiaba Zimski dreme\u017e.<\/p>\n","protected":false},"author":11,"featured_media":0,"comment_status":"closed","ping_status":"closed","template":"","tags":[],"mec_category":[111],"class_list":["post-14901","mec-events","type-mec-events","status-publish","hentry","mec_category-incontri-con-la-fiaba"],"acf":[],"_links":{"self":[{"href":"https:\/\/knjiznica.it\/it\/wp-json\/wp\/v2\/mec-events\/14901","targetHints":{"allow":["GET"]}}],"collection":[{"href":"https:\/\/knjiznica.it\/it\/wp-json\/wp\/v2\/mec-events"}],"about":[{"href":"https:\/\/knjiznica.it\/it\/wp-json\/wp\/v2\/types\/mec-events"}],"author":[{"embeddable":true,"href":"https:\/\/knjiznica.it\/it\/wp-json\/wp\/v2\/users\/11"}],"replies":[{"embeddable":true,"href":"https:\/\/knjiznica.it\/it\/wp-json\/wp\/v2\/comments?post=14901"}],"version-history":[{"count":1,"href":"https:\/\/knjiznica.it\/it\/wp-json\/wp\/v2\/mec-events\/14901\/revisions"}],"predecessor-version":[{"id":14911,"href":"https:\/\/knjiznica.it\/it\/wp-json\/wp\/v2\/mec-events\/14901\/revisions\/14911"}],"wp:attachment":[{"href":"https:\/\/knjiznica.it\/it\/wp-json\/wp\/v2\/media?parent=14901"}],"wp:term":[{"taxonomy":"post_tag","embeddable":true,"href":"https:\/\/knjiznica.it\/it\/wp-json\/wp\/v2\/tags?post=14901"},{"taxonomy":"mec_category","embeddable":true,"href":"https:\/\/knjiznica.it\/it\/wp-json\/wp\/v2\/mec_category?post=14901"}],"curies":[{"name":"wp","href":"https:\/\/api.w.org\/{rel}","templated":true}]}}

<p><strong><img fetchpriority="high" decoding="async" class="size-medium wp-image-14964 alignright" src="https://knjiznica.it/wp-content/uploads/2022/12/zimski-dremez-300x300.jpg" alt="" width="300" height="300" />Il prossimo incontro con la fiaba nella biblioteca slovena Damir Feigl a Gorizia (Corso Verdi 52) si terrà lunedì 28 novembre alle 17.30. Katerina Citter racconterà la fiaba Zimski dremež.</strong></p>

<p>Il prossimo incontro con la fiaba nella biblioteca slovena Damir Feigl a Gorizia (Corso Verdi 52) si terrà lunedì 28 novembre alle 17.30. Katerina Citter racconterà la fiaba Zimski dremež.</p>
