{"id":15007,"date":"2023-01-13T12:15:40","date_gmt":"2023-01-13T11:15:40","guid":{"rendered":"https:\/\/www.knjiznica.it\/events\/ts-pravljicna-urica\/"},"modified":"2023-01-13T13:01:18","modified_gmt":"2023-01-13T12:01:18","slug":"ts-pravljicna-urica","status":"publish","type":"mec-events","link":"https:\/\/knjiznica.it\/it\/events\/ts-pravljicna-urica\/","title":{"rendered":"TS &#8211; Incontro con la fiaba"},"content":{"rendered":"<p>Anno nuovo &#8211; storia nuova! Dopo le festivit\u00e0 riprenderanno i nostri immancabili appuntamenti nella Sezione Ragazzi. Marted\u00ec 17 gennaio alle 17.00 ascolteremo la fiaba Ko so bili krokarji \u0161e pisani della scrittrice austriaca Edith Schreiber-Wicke con le illustrazioni di Carola Holland. Segue un mini laboratorio creativo adatto ai bambini dai 3 anni. La replica si terr\u00e0 gioved\u00ec 19 gennaio alla stessa ora.<\/p>\n<p>Per maggiori informazioni chiamateci al 040\/9896153 oppure scriveteci all\u2019indirizzo <a href=\"mailto:mladinskioddelek@knjiznica.it\">mladinskioddelek@knjiznica.it<\/a>. Seguiteci anche sui nostri social!<\/p>\n<p>&nbsp;<\/p>\n<p><strong>Calendario dei prossimi incontri:<\/strong><\/p>\n<p>31 gennaio e 2 febbraio<\/p>\n<p>14 e 16 febbraio<\/p>\n<p>28 febbraio e 2 marzo<\/p>\n<p>14 e 16 marzo<\/p>\n<p>28 e 30 marzo<\/p>\n<p>18 e 20 aprile<\/p>\n<p>2 e 4 maggio<\/p>\n<p>16 e 18 maggio<\/p>\n<p>&nbsp;<\/p>\n","protected":false},"excerpt":{"rendered":"<p>Anno nuovo &#8211; storia nuova! Dopo le festivit\u00e0 riprenderanno i nostri immancabili appuntamenti nella Sezione Ragazzi. Marted\u00ec 17 gennaio alle 17.00 ascolteremo la fiaba Ko so bili krokarji \u0161e pisani [&hellip;]<\/p>\n","protected":false},"author":2,"featured_media":15005,"comment_status":"closed","ping_status":"closed","template":"","tags":[],"mec_category":[111],"class_list":["post-15007","mec-events","type-mec-events","status-publish","has-post-thumbnail","hentry","mec_category-incontri-con-la-fiaba"],"acf":[],"_links":{"self":[{"href":"https:\/\/knjiznica.it\/it\/wp-json\/wp\/v2\/mec-events\/15007","targetHints":{"allow":["GET"]}}],"collection":[{"href":"https:\/\/knjiznica.it\/it\/wp-json\/wp\/v2\/mec-events"}],"about":[{"href":"https:\/\/knjiznica.it\/it\/wp-json\/wp\/v2\/types\/mec-events"}],"author":[{"embeddable":true,"href":"https:\/\/knjiznica.it\/it\/wp-json\/wp\/v2\/users\/2"}],"replies":[{"embeddable":true,"href":"https:\/\/knjiznica.it\/it\/wp-json\/wp\/v2\/comments?post=15007"}],"version-history":[{"count":2,"href":"https:\/\/knjiznica.it\/it\/wp-json\/wp\/v2\/mec-events\/15007\/revisions"}],"predecessor-version":[{"id":15014,"href":"https:\/\/knjiznica.it\/it\/wp-json\/wp\/v2\/mec-events\/15007\/revisions\/15014"}],"wp:featuredmedia":[{"embeddable":true,"href":"https:\/\/knjiznica.it\/it\/wp-json\/wp\/v2\/media\/15005"}],"wp:attachment":[{"href":"https:\/\/knjiznica.it\/it\/wp-json\/wp\/v2\/media?parent=15007"}],"wp:term":[{"taxonomy":"post_tag","embeddable":true,"href":"https:\/\/knjiznica.it\/it\/wp-json\/wp\/v2\/tags?post=15007"},{"taxonomy":"mec_category","embeddable":true,"href":"https:\/\/knjiznica.it\/it\/wp-json\/wp\/v2\/mec_category?post=15007"}],"curies":[{"name":"wp","href":"https:\/\/api.w.org\/{rel}","templated":true}]}}

<p>Anno nuovo &#8211; storia nuova! Dopo le festività riprenderanno i nostri immancabili appuntamenti nella Sezione Ragazzi. Martedì 17 gennaio alle 17.00 ascolteremo la fiaba Ko so bili krokarji še pisani della scrittrice austriaca Edith Schreiber-Wicke con le illustrazioni di Carola Holland. Segue un mini laboratorio creativo adatto ai bambini dai 3 anni. La replica si terrà giovedì 19 gennaio alla stessa ora.</p>
<p>Per maggiori informazioni chiamateci al 040/9896153 oppure scriveteci all’indirizzo <a href="mailto:mladinskioddelek@knjiznica.it">mladinskioddelek@knjiznica.it</a>. Seguiteci anche sui nostri social!</p>
<p>&nbsp;</p>
<p><strong>Calendario dei prossimi incontri:</strong></p>
<p>31 gennaio e 2 febbraio</p>
<p>14 e 16 febbraio</p>
<p>28 febbraio e 2 marzo</p>
<p>14 e 16 marzo</p>
<p>28 e 30 marzo</p>
<p>18 e 20 aprile</p>
<p>2 e 4 maggio</p>
<p>16 e 18 maggio</p>
<p>&nbsp;</p>

<p>Anno nuovo &#8211; storia nuova! Dopo le festività riprenderanno i nostri immancabili appuntamenti nella Sezione Ragazzi. Martedì 17 gennaio alle 17.00 ascolteremo la fiaba Ko so bili krokarji še pisani [&hellip;]</p>
