{"id":15187,"date":"2023-01-23T13:09:17","date_gmt":"2023-01-23T12:09:17","guid":{"rendered":"https:\/\/www.knjiznica.it\/events\/ts-medved-z-misko-na-rami\/"},"modified":"2023-01-24T16:46:30","modified_gmt":"2023-01-24T15:46:30","slug":"ts-medved-z-misko-na-rami","status":"publish","type":"mec-events","link":"https:\/\/knjiznica.it\/it\/events\/ts-medved-z-misko-na-rami\/","title":{"rendered":"TS &#8211; L&#8217;orso con il topolino sulla spalla"},"content":{"rendered":"<p>Marted\u00ec 7 febbraio celebreremo la Giornata della cultura slovena con un evento speciale. Alle 17 la nostra coloratissima biblioteca ospiter\u00e0 lo spettacolo teatrale Medeved z mi\u0161ko na rami \/ L&#8217;orso con il topolino sulla spalla, prodotto dal Teatro Stabile Sloveno in collaborazione con il circolo culturale Tabor.<\/p>\n<p>La dolce storia di amicizia, tratta dai testi dell&#8217;autore triestino Miroslav Ko\u0161uta, \u00e8 adatta ai bamibini a partire dai 3 anni di et\u00e0.<\/p>\n<p>Durata: 40 minuti<\/p>\n<p>Regista e attore: Tadej Pi\u0161ek<\/p>\n<p>Musica di Marjan Peternel<\/p>\n<p>&nbsp;<\/p>\n<p>Per maggiori informazioni: <a href=\"http:\/\/www.teaterssg.com\">www.teaterssg.com<\/a>, 040\/9896153, <a href=\"mailto:mladinskioddelek@knjiznica.it\">mladinskioddelek@knjiznica.it<\/a>.<\/p>\n<p>Seguiteci anche sui social. Lepo vabljeni!<\/p>\n<p>&nbsp;<\/p>\n","protected":false},"excerpt":{"rendered":"<p>Marted\u00ec 7 febbraio celebreremo la Giornata della cultura slovena con un evento speciale. Alle 17 la nostra coloratissima biblioteca ospiter\u00e0 lo spettacolo teatrale Medeved z mi\u0161ko na rami \/ L&#8217;orso [&hellip;]<\/p>\n","protected":false},"author":2,"featured_media":0,"comment_status":"closed","ping_status":"closed","template":"","tags":[],"mec_category":[137],"class_list":["post-15187","mec-events","type-mec-events","status-publish","hentry","mec_category-posebni-dogodki-it"],"acf":[],"_links":{"self":[{"href":"https:\/\/knjiznica.it\/it\/wp-json\/wp\/v2\/mec-events\/15187","targetHints":{"allow":["GET"]}}],"collection":[{"href":"https:\/\/knjiznica.it\/it\/wp-json\/wp\/v2\/mec-events"}],"about":[{"href":"https:\/\/knjiznica.it\/it\/wp-json\/wp\/v2\/types\/mec-events"}],"author":[{"embeddable":true,"href":"https:\/\/knjiznica.it\/it\/wp-json\/wp\/v2\/users\/2"}],"replies":[{"embeddable":true,"href":"https:\/\/knjiznica.it\/it\/wp-json\/wp\/v2\/comments?post=15187"}],"version-history":[{"count":1,"href":"https:\/\/knjiznica.it\/it\/wp-json\/wp\/v2\/mec-events\/15187\/revisions"}],"predecessor-version":[{"id":15189,"href":"https:\/\/knjiznica.it\/it\/wp-json\/wp\/v2\/mec-events\/15187\/revisions\/15189"}],"wp:attachment":[{"href":"https:\/\/knjiznica.it\/it\/wp-json\/wp\/v2\/media?parent=15187"}],"wp:term":[{"taxonomy":"post_tag","embeddable":true,"href":"https:\/\/knjiznica.it\/it\/wp-json\/wp\/v2\/tags?post=15187"},{"taxonomy":"mec_category","embeddable":true,"href":"https:\/\/knjiznica.it\/it\/wp-json\/wp\/v2\/mec_category?post=15187"}],"curies":[{"name":"wp","href":"https:\/\/api.w.org\/{rel}","templated":true}]}}

<p>Martedì 7 febbraio celebreremo la Giornata della cultura slovena con un evento speciale. Alle 17 la nostra coloratissima biblioteca ospiterà lo spettacolo teatrale Medeved z miško na rami / L&#8217;orso con il topolino sulla spalla, prodotto dal Teatro Stabile Sloveno in collaborazione con il circolo culturale Tabor.</p>
<p>La dolce storia di amicizia, tratta dai testi dell&#8217;autore triestino Miroslav Košuta, è adatta ai bamibini a partire dai 3 anni di età.</p>
<p>Durata: 40 minuti</p>
<p>Regista e attore: Tadej Pišek</p>
<p>Musica di Marjan Peternel</p>
<p>&nbsp;</p>
<p>Per maggiori informazioni: <a href="http://www.teaterssg.com">www.teaterssg.com</a>, 040/9896153, <a href="mailto:mladinskioddelek@knjiznica.it">mladinskioddelek@knjiznica.it</a>.</p>
<p>Seguiteci anche sui social. Lepo vabljeni!</p>
<p>&nbsp;</p>

<p>Martedì 7 febbraio celebreremo la Giornata della cultura slovena con un evento speciale. Alle 17 la nostra coloratissima biblioteca ospiterà lo spettacolo teatrale Medeved z miško na rami / L&#8217;orso [&hellip;]</p>
