{"id":15308,"date":"2023-02-07T17:01:42","date_gmt":"2023-02-07T16:01:42","guid":{"rendered":"https:\/\/www.knjiznica.it\/events\/go-incontro-con-la-fiaba-7\/"},"modified":"2023-02-07T17:01:49","modified_gmt":"2023-02-07T16:01:49","slug":"go-incontro-con-la-fiaba-7","status":"publish","type":"mec-events","link":"https:\/\/knjiznica.it\/it\/events\/go-incontro-con-la-fiaba-7\/","title":{"rendered":"GO &#8211; Incontro con la fiaba"},"content":{"rendered":"<p><img fetchpriority=\"high\" decoding=\"async\" class=\" wp-image-15307 alignright\" src=\"https:\/\/knjiznica.it\/wp-content\/uploads\/2023\/02\/IMG_6785-225x300.jpg\" alt=\"\" width=\"261\" height=\"348\" \/>Il prossimo incontro con la fiaba nella biblioteca slovena Damir Feigel a Gorizia (Corso Verdi 52) si terr\u00e0 luned\u00ec 13 febbraio alle 17.30. Renata Lapanja racconter\u00e0 la fiaba popolare ceca Srebrna breza (La betulla bianca).<\/p>\n<p>&nbsp;<\/p>\n<p>&nbsp;<\/p>\n<p>&nbsp;<\/p>\n<p>&nbsp;<\/p>\n<p>&nbsp;<\/p>\n<p>&nbsp;<\/p>\n<p>&nbsp;<\/p>\n<p>&nbsp;<\/p>\n","protected":false},"excerpt":{"rendered":"<p>Il prossimo incontro con la fiaba nella biblioteca slovena Damir Feigel a Gorizia (Corso Verdi 52) si terr\u00e0 luned\u00ec 13 febbraio alle 17.30. Renata Lapanja racconter\u00e0 la fiaba popolare ceca [&hellip;]<\/p>\n","protected":false},"author":11,"featured_media":0,"comment_status":"closed","ping_status":"closed","template":"","tags":[],"mec_category":[111],"class_list":["post-15308","mec-events","type-mec-events","status-publish","hentry","mec_category-incontri-con-la-fiaba"],"acf":[],"_links":{"self":[{"href":"https:\/\/knjiznica.it\/it\/wp-json\/wp\/v2\/mec-events\/15308","targetHints":{"allow":["GET"]}}],"collection":[{"href":"https:\/\/knjiznica.it\/it\/wp-json\/wp\/v2\/mec-events"}],"about":[{"href":"https:\/\/knjiznica.it\/it\/wp-json\/wp\/v2\/types\/mec-events"}],"author":[{"embeddable":true,"href":"https:\/\/knjiznica.it\/it\/wp-json\/wp\/v2\/users\/11"}],"replies":[{"embeddable":true,"href":"https:\/\/knjiznica.it\/it\/wp-json\/wp\/v2\/comments?post=15308"}],"version-history":[{"count":0,"href":"https:\/\/knjiznica.it\/it\/wp-json\/wp\/v2\/mec-events\/15308\/revisions"}],"wp:attachment":[{"href":"https:\/\/knjiznica.it\/it\/wp-json\/wp\/v2\/media?parent=15308"}],"wp:term":[{"taxonomy":"post_tag","embeddable":true,"href":"https:\/\/knjiznica.it\/it\/wp-json\/wp\/v2\/tags?post=15308"},{"taxonomy":"mec_category","embeddable":true,"href":"https:\/\/knjiznica.it\/it\/wp-json\/wp\/v2\/mec_category?post=15308"}],"curies":[{"name":"wp","href":"https:\/\/api.w.org\/{rel}","templated":true}]}}

<p><img fetchpriority="high" decoding="async" class=" wp-image-15307 alignright" src="https://knjiznica.it/wp-content/uploads/2023/02/IMG_6785-225x300.jpg" alt="" width="261" height="348" />Il prossimo incontro con la fiaba nella biblioteca slovena Damir Feigel a Gorizia (Corso Verdi 52) si terrà lunedì 13 febbraio alle 17.30. Renata Lapanja racconterà la fiaba popolare ceca Srebrna breza (La betulla bianca).</p>
<p>&nbsp;</p>
<p>&nbsp;</p>
<p>&nbsp;</p>
<p>&nbsp;</p>
<p>&nbsp;</p>
<p>&nbsp;</p>
<p>&nbsp;</p>
<p>&nbsp;</p>

<p>Il prossimo incontro con la fiaba nella biblioteca slovena Damir Feigel a Gorizia (Corso Verdi 52) si terrà lunedì 13 febbraio alle 17.30. Renata Lapanja racconterà la fiaba popolare ceca [&hellip;]</p>
