{"id":15528,"date":"2023-02-23T17:01:41","date_gmt":"2023-02-23T16:01:41","guid":{"rendered":"https:\/\/www.knjiznica.it\/events\/go-krisis-aleksander-veliscek\/"},"modified":"2023-02-24T10:40:30","modified_gmt":"2023-02-24T09:40:30","slug":"go-krisis-aleksander-veliscek","status":"publish","type":"mec-events","link":"https:\/\/knjiznica.it\/it\/events\/go-krisis-aleksander-veliscek\/","title":{"rendered":"GO &#8211; KRISIS (Aleksander Veli\u0161\u010dek)"},"content":{"rendered":"<p><strong><img fetchpriority=\"high\" decoding=\"async\" class=\" wp-image-15527 alignleft\" src=\"https:\/\/knjiznica.it\/wp-content\/uploads\/2023\/02\/Foucault-oil-on-canvas-40x50-cm-2019-236x300.jpg\" alt=\"\" width=\"327\" height=\"416\" \/><\/strong><\/p>\n<p>&nbsp;<\/p>\n<p>N\u0160K in collaborazione con KB delni\u0161ka dru\u017eba s.p.a. vi invitano all&#8217;inaugurazione della mostra<\/p>\n<p><span style=\"font-size: 18pt;\"><strong>K R I S I S<\/strong><\/span><br \/>\ndel pittore accademico<br \/>\nAleksandar Veli\u0161\u010dek<\/p>\n<p><strong>mercoled\u00ec 1. marzo 2023 alle 18:00<\/strong><br \/>\nnella Art Vitrina Trgovski<br \/>\n(Vetrina di giovani artisti e maestri della collezione KB delni\u0161ka dru\u017eba s.p.a.)<br \/>\nTrgovski dom, Corso Verdi 52, Gorica<\/p>\n","protected":false},"excerpt":{"rendered":"<p>&nbsp; N\u0160K in collaborazione con KB delni\u0161ka dru\u017eba s.p.a. vi invitano all&#8217;inaugurazione della mostra K R I S I S del pittore accademico Aleksandar Veli\u0161\u010dek mercoled\u00ec 1. marzo 2023 alle [&hellip;]<\/p>\n","protected":false},"author":11,"featured_media":0,"comment_status":"closed","ping_status":"closed","template":"","tags":[],"mec_category":[114],"class_list":["post-15528","mec-events","type-mec-events","status-publish","hentry","mec_category-mostra"],"acf":[],"_links":{"self":[{"href":"https:\/\/knjiznica.it\/it\/wp-json\/wp\/v2\/mec-events\/15528","targetHints":{"allow":["GET"]}}],"collection":[{"href":"https:\/\/knjiznica.it\/it\/wp-json\/wp\/v2\/mec-events"}],"about":[{"href":"https:\/\/knjiznica.it\/it\/wp-json\/wp\/v2\/types\/mec-events"}],"author":[{"embeddable":true,"href":"https:\/\/knjiznica.it\/it\/wp-json\/wp\/v2\/users\/11"}],"replies":[{"embeddable":true,"href":"https:\/\/knjiznica.it\/it\/wp-json\/wp\/v2\/comments?post=15528"}],"version-history":[{"count":1,"href":"https:\/\/knjiznica.it\/it\/wp-json\/wp\/v2\/mec-events\/15528\/revisions"}],"predecessor-version":[{"id":15532,"href":"https:\/\/knjiznica.it\/it\/wp-json\/wp\/v2\/mec-events\/15528\/revisions\/15532"}],"wp:attachment":[{"href":"https:\/\/knjiznica.it\/it\/wp-json\/wp\/v2\/media?parent=15528"}],"wp:term":[{"taxonomy":"post_tag","embeddable":true,"href":"https:\/\/knjiznica.it\/it\/wp-json\/wp\/v2\/tags?post=15528"},{"taxonomy":"mec_category","embeddable":true,"href":"https:\/\/knjiznica.it\/it\/wp-json\/wp\/v2\/mec_category?post=15528"}],"curies":[{"name":"wp","href":"https:\/\/api.w.org\/{rel}","templated":true}]}}

GO &#8211; KRISIS (Aleksander Velišček)

<p><strong><img fetchpriority="high" decoding="async" class=" wp-image-15527 alignleft" src="https://knjiznica.it/wp-content/uploads/2023/02/Foucault-oil-on-canvas-40x50-cm-2019-236x300.jpg" alt="" width="327" height="416" /></strong></p>
<p>&nbsp;</p>
<p>NŠK in collaborazione con KB delniška družba s.p.a. vi invitano all&#8217;inaugurazione della mostra</p>
<p><span style="font-size: 18pt;"><strong>K R I S I S</strong></span><br />
del pittore accademico<br />
Aleksandar Velišček</p>
<p><strong>mercoledì 1. marzo 2023 alle 18:00</strong><br />
nella Art Vitrina Trgovski<br />
(Vetrina di giovani artisti e maestri della collezione KB delniška družba s.p.a.)<br />
Trgovski dom, Corso Verdi 52, Gorica</p>

<p>&nbsp; NŠK in collaborazione con KB delniška družba s.p.a. vi invitano all&#8217;inaugurazione della mostra K R I S I S del pittore accademico Aleksandar Velišček mercoledì 1. marzo 2023 alle [&hellip;]</p>
