{"id":16136,"date":"2023-03-28T10:28:05","date_gmt":"2023-03-28T08:28:05","guid":{"rendered":"https:\/\/www.knjiznica.it\/events\/go-gli-animaletti-della-val-resia-in-biblioteca\/"},"modified":"2023-03-28T13:26:56","modified_gmt":"2023-03-28T11:26:56","slug":"go-gli-animaletti-della-val-resia-in-biblioteca","status":"publish","type":"mec-events","link":"https:\/\/knjiznica.it\/it\/events\/go-gli-animaletti-della-val-resia-in-biblioteca\/","title":{"rendered":"GO &#8211; Gli animaletti della Val Resia in biblioteca"},"content":{"rendered":"<p><em>&#8220;Pochi popoli possono vantare una selezione cos\u00ec vivace e diversificata di storie di animali come quella rappresentata dagli Animaletti della Val Resia. Un&#8217;astuta volpe, un lupo sempre affamato, un ingenuo coniglietto o una rozza coccinella affascinano i bambini e i loro adulti da pi\u00f9 di trent&#8217;anni.&#8221;<\/em><br \/>\n(Anja \u0160tefan, poetessa, scrittrice, narratrice e ricercatrice della tradizione narrativa)<\/p>\n<p>Luned\u00ec 3 aprile alla Biblioteca Damir Feigel di Gorizia arrivano gli animaletti della Val Resia.<\/p>\n<p><strong><img fetchpriority=\"high\" decoding=\"async\" class=\" wp-image-16133 alignright\" src=\"https:\/\/knjiznica.it\/wp-content\/uploads\/2023\/03\/Rusica-pregnala-grdinico_Zala-Doupona1-300x218.jpg\" alt=\"\" width=\"428\" height=\"311\" \/><\/strong><\/p>\n<p><strong>INAUGURAZIONE MOSTRA E INCONTRO CON LA FAVOLA<\/strong><\/p>\n<p><strong>LE FAVOLE RESIANE NELLE RAFFIGURAZIONI DEGLI STUDENTI DI ILLUSTRAZIONE UL ALUO<\/strong><br \/>\nEspongono: Gaja Aksinja Abramovi\u0107, Matev\u017e Bervar, Rea Bartulovi\u0107, Zala N. Doupona, Jon Ku\u0161ar, Eva Je\u017eovnik, Nikolina Popov, Ur\u0161a Volov\u0161ek, Amadeja Gwendolina Zavr\u0161nik<br \/>\nMentore: Assoc. Suzi Bricelj<br \/>\nL&#8217;autrice dell&#8217;illustrazione di copertina (per la fiaba Rusica pregnala grdinico iz lisi\u010dje hi\u0161ice): Zala N. Doupona<\/p>\n<p>La mostra sar\u00e0 visitabile dal 3 aprile al 5 maggio 2023 nella Biblioteca Damir Feigel presso il Trgovski dom.<\/p>\n<p><strong>L&#8217;inaugurazione si terr\u00e0 luned\u00ec 3 aprile alle 16:30. All&#8217;inaugurazione saranno presenti la docente referente del progetto Suzi Bricelj, la prof. dr. Milena Mileva Bla\u017ei\u0107, professoressa della Facolt\u00e0 di Pedagogia dell&#8217;Universit\u00e0 di Lubiana, il professore associato e dialettologo Matej \u0160ekli e Luigia Negro, presidente del Museo della Gente della Val Resia. L&#8217;evento \u00e8 organizzato dalla N\u0160K in collaborazione con UL ALUO ed il Museo della Gente della Val Resia.<\/strong><\/p>\n<p><strong>Alle 17:30 seguir\u00e0 il tradizionale incontro con la favola per bambini che sar\u00e0 ovviamente dedicata agli animaletti della Val Resia.<\/strong><\/p>\n<p><strong>Tutti gli eventi saranno in lingua slovena.<\/strong><\/p>\n<p>Quest&#8217;anno ricorre il 50\u00b0 anniversario dell&#8217;antologia di racconti di animali dalle tradizioni orali della Val Resia <em>Zverinice iz Rezije<\/em> di Milko Mati\u010detov. Durante questo lungo periodo, alcune storie del libro hanno preso vita su palcoscenici come marionette, in TV come cartoni animati, le storie sono state raccontate in radio, nei libri e nelle riviste. Tutte queste storie sugli animaletti della Val Resia furono catturate e addomesticate dal folclorista Milko Mati\u010detov, che dedic\u00f2 la sua vita alla raccolta e alla ricerca del folklore sloveno. Durante i suoi viaggi attraverso la campagna slovena ha scritto, registrato e conservato un numero innumerevole di storie. Ne trov\u00f2 e raccolse un numero particolarmente elevato proprio presso le donne e gli uomini della Val Resia. Tra gli aspetti che caratterizzano la Val Resia, accanto alla tradizionale musica, alla danza e al mestiere dell\u2019arrotino, possiamo appunto collocare il ricco patrimonio orale di racconti e favole.<\/p>\n<p>A questo importante anniversario ha reso omaggio anche l&#8217;Accademia di Belle Arti e Design dell&#8217;Universit\u00e0 di Lubiana (UL ALUO) con un progetto artistico a cui hanno partecipato nove studenti del corso di laurea di Illustrazione. Gli studenti, Gaja Aksinja Abramovi\u0107, Matev\u017e Bervar, Rea Bartulovi\u0107, Zala N. Doupona, Jon Ku\u0161ar, Eva Je\u017eovnik, Nikolina Popov, Ur\u0161a Volov\u0161ek, Amadeja Gwendolina Zavr\u0161nik, sotto la guida della docente Suzi Bricelj e in collaborazione con la prof.ssa Milena Mileva Bla\u017ei\u0107 hanno scelto tre fiabe. Ogni studente ha scelto la propria tecnica di disegno con la quale ha poi preparato una serie di quattro illustrazioni della favola selezionata. La mostra \u00e8 stata esposta per la prima volta nell&#8217;ambito della mostra semestrale all&#8217;Accademia di Lubiana e ora arriva a Gorizia.<\/p>\n","protected":false},"excerpt":{"rendered":"<p>&#8220;Pochi popoli possono vantare una selezione cos\u00ec vivace e diversificata di storie di animali come quella rappresentata dagli Animaletti della Val Resia. Un&#8217;astuta volpe, un lupo sempre affamato, un ingenuo [&hellip;]<\/p>\n","protected":false},"author":11,"featured_media":0,"comment_status":"closed","ping_status":"closed","template":"","tags":[],"mec_category":[137,111,114],"class_list":["post-16136","mec-events","type-mec-events","status-publish","hentry","mec_category-posebni-dogodki-it","mec_category-incontri-con-la-fiaba","mec_category-mostra"],"acf":[],"_links":{"self":[{"href":"https:\/\/knjiznica.it\/it\/wp-json\/wp\/v2\/mec-events\/16136","targetHints":{"allow":["GET"]}}],"collection":[{"href":"https:\/\/knjiznica.it\/it\/wp-json\/wp\/v2\/mec-events"}],"about":[{"href":"https:\/\/knjiznica.it\/it\/wp-json\/wp\/v2\/types\/mec-events"}],"author":[{"embeddable":true,"href":"https:\/\/knjiznica.it\/it\/wp-json\/wp\/v2\/users\/11"}],"replies":[{"embeddable":true,"href":"https:\/\/knjiznica.it\/it\/wp-json\/wp\/v2\/comments?post=16136"}],"version-history":[{"count":1,"href":"https:\/\/knjiznica.it\/it\/wp-json\/wp\/v2\/mec-events\/16136\/revisions"}],"predecessor-version":[{"id":16137,"href":"https:\/\/knjiznica.it\/it\/wp-json\/wp\/v2\/mec-events\/16136\/revisions\/16137"}],"wp:attachment":[{"href":"https:\/\/knjiznica.it\/it\/wp-json\/wp\/v2\/media?parent=16136"}],"wp:term":[{"taxonomy":"post_tag","embeddable":true,"href":"https:\/\/knjiznica.it\/it\/wp-json\/wp\/v2\/tags?post=16136"},{"taxonomy":"mec_category","embeddable":true,"href":"https:\/\/knjiznica.it\/it\/wp-json\/wp\/v2\/mec_category?post=16136"}],"curies":[{"name":"wp","href":"https:\/\/api.w.org\/{rel}","templated":true}]}}

<p><em>&#8220;Pochi popoli possono vantare una selezione così vivace e diversificata di storie di animali come quella rappresentata dagli Animaletti della Val Resia. Un&#8217;astuta volpe, un lupo sempre affamato, un ingenuo coniglietto o una rozza coccinella affascinano i bambini e i loro adulti da più di trent&#8217;anni.&#8221;</em><br />
(Anja Štefan, poetessa, scrittrice, narratrice e ricercatrice della tradizione narrativa)</p>
<p>Lunedì 3 aprile alla Biblioteca Damir Feigel di Gorizia arrivano gli animaletti della Val Resia.</p>
<p><strong><img fetchpriority="high" decoding="async" class=" wp-image-16133 alignright" src="https://knjiznica.it/wp-content/uploads/2023/03/Rusica-pregnala-grdinico_Zala-Doupona1-300x218.jpg" alt="" width="428" height="311" /></strong></p>
<p><strong>INAUGURAZIONE MOSTRA E INCONTRO CON LA FAVOLA</strong></p>
<p><strong>LE FAVOLE RESIANE NELLE RAFFIGURAZIONI DEGLI STUDENTI DI ILLUSTRAZIONE UL ALUO</strong><br />
Espongono: Gaja Aksinja Abramović, Matevž Bervar, Rea Bartulović, Zala N. Doupona, Jon Kušar, Eva Ježovnik, Nikolina Popov, Urša Volovšek, Amadeja Gwendolina Završnik<br />
Mentore: Assoc. Suzi Bricelj<br />
L&#8217;autrice dell&#8217;illustrazione di copertina (per la fiaba Rusica pregnala grdinico iz lisičje hišice): Zala N. Doupona</p>
<p>La mostra sarà visitabile dal 3 aprile al 5 maggio 2023 nella Biblioteca Damir Feigel presso il Trgovski dom.</p>
<p><strong>L&#8217;inaugurazione si terrà lunedì 3 aprile alle 16:30. All&#8217;inaugurazione saranno presenti la docente referente del progetto Suzi Bricelj, la prof. dr. Milena Mileva Blažić, professoressa della Facoltà di Pedagogia dell&#8217;Università di Lubiana, il professore associato e dialettologo Matej Šekli e Luigia Negro, presidente del Museo della Gente della Val Resia. L&#8217;evento è organizzato dalla NŠK in collaborazione con UL ALUO ed il Museo della Gente della Val Resia.</strong></p>
<p><strong>Alle 17:30 seguirà il tradizionale incontro con la favola per bambini che sarà ovviamente dedicata agli animaletti della Val Resia.</strong></p>
<p><strong>Tutti gli eventi saranno in lingua slovena.</strong></p>
<p>Quest&#8217;anno ricorre il 50° anniversario dell&#8217;antologia di racconti di animali dalle tradizioni orali della Val Resia <em>Zverinice iz Rezije</em> di Milko Matičetov. Durante questo lungo periodo, alcune storie del libro hanno preso vita su palcoscenici come marionette, in TV come cartoni animati, le storie sono state raccontate in radio, nei libri e nelle riviste. Tutte queste storie sugli animaletti della Val Resia furono catturate e addomesticate dal folclorista Milko Matičetov, che dedicò la sua vita alla raccolta e alla ricerca del folklore sloveno. Durante i suoi viaggi attraverso la campagna slovena ha scritto, registrato e conservato un numero innumerevole di storie. Ne trovò e raccolse un numero particolarmente elevato proprio presso le donne e gli uomini della Val Resia. Tra gli aspetti che caratterizzano la Val Resia, accanto alla tradizionale musica, alla danza e al mestiere dell’arrotino, possiamo appunto collocare il ricco patrimonio orale di racconti e favole.</p>
<p>A questo importante anniversario ha reso omaggio anche l&#8217;Accademia di Belle Arti e Design dell&#8217;Università di Lubiana (UL ALUO) con un progetto artistico a cui hanno partecipato nove studenti del corso di laurea di Illustrazione. Gli studenti, Gaja Aksinja Abramović, Matevž Bervar, Rea Bartulović, Zala N. Doupona, Jon Kušar, Eva Ježovnik, Nikolina Popov, Urša Volovšek, Amadeja Gwendolina Završnik, sotto la guida della docente Suzi Bricelj e in collaborazione con la prof.ssa Milena Mileva Blažić hanno scelto tre fiabe. Ogni studente ha scelto la propria tecnica di disegno con la quale ha poi preparato una serie di quattro illustrazioni della favola selezionata. La mostra è stata esposta per la prima volta nell&#8217;ambito della mostra semestrale all&#8217;Accademia di Lubiana e ora arriva a Gorizia.</p>

<p>&#8220;Pochi popoli possono vantare una selezione così vivace e diversificata di storie di animali come quella rappresentata dagli Animaletti della Val Resia. Un&#8217;astuta volpe, un lupo sempre affamato, un ingenuo [&hellip;]</p>
