{"id":16887,"date":"2023-05-22T12:23:06","date_gmt":"2023-05-22T10:23:06","guid":{"rendered":"https:\/\/www.knjiznica.it\/events\/go-incontro-con-la-fiaba-14\/"},"modified":"2023-05-22T12:23:35","modified_gmt":"2023-05-22T10:23:35","slug":"go-incontro-con-la-fiaba-14","status":"publish","type":"mec-events","link":"https:\/\/knjiznica.it\/it\/events\/go-incontro-con-la-fiaba-14\/","title":{"rendered":"GO &#8211; Incontro con la fiaba"},"content":{"rendered":"<p><img fetchpriority=\"high\" decoding=\"async\" class=\"size-medium wp-image-16604 alignright\" src=\"https:\/\/knjiznica.it\/wp-content\/uploads\/2023\/05\/IMG_4288_prerezana-261x300.jpg\" alt=\"\" width=\"261\" height=\"300\" \/><span style=\"color: #993366;\"><strong>La Biblioteca Feigel vi invita al prossimo incontro con la fiaba luned\u00ec 29 maggio alle 17:30.<\/strong><\/span> I narratori saranno i genitori che hanno seguito il corso di lingua slovena organizzato dall\u2019Associazione Famiglie Ringaraja per i genitori italofoni di bambini che frequentano le scuole slovene. Il corso si \u00e8 tenuto nei mesi scorsi nei locali del Trgovski dom.<\/p>\n<p>I narratori racconteranno le avventure di Peter Nos. Chi \u00e8 Peter Nos? Peter Nos \u00e8 un bambino giocoso, coraggioso, pieno di risorse, gentile e sempre circondato da amici. E poich\u00e9 non pu\u00f2 essere lasciato solo per cinque minuti, ha sempre in mente qualcosa e spesso ha il naso legato.<\/p>\n<p>Le storie sono educative e divertenti, per bambini e adulti.<\/p>\n","protected":false},"excerpt":{"rendered":"<p>La Biblioteca Feigel vi invita al prossimo incontro con la fiaba luned\u00ec 29 maggio alle 17:30. I narratori saranno i genitori che hanno seguito il corso di lingua slovena organizzato [&hellip;]<\/p>\n","protected":false},"author":11,"featured_media":0,"comment_status":"closed","ping_status":"closed","template":"","tags":[],"mec_category":[111],"class_list":["post-16887","mec-events","type-mec-events","status-publish","hentry","mec_category-incontri-con-la-fiaba"],"acf":[],"_links":{"self":[{"href":"https:\/\/knjiznica.it\/it\/wp-json\/wp\/v2\/mec-events\/16887","targetHints":{"allow":["GET"]}}],"collection":[{"href":"https:\/\/knjiznica.it\/it\/wp-json\/wp\/v2\/mec-events"}],"about":[{"href":"https:\/\/knjiznica.it\/it\/wp-json\/wp\/v2\/types\/mec-events"}],"author":[{"embeddable":true,"href":"https:\/\/knjiznica.it\/it\/wp-json\/wp\/v2\/users\/11"}],"replies":[{"embeddable":true,"href":"https:\/\/knjiznica.it\/it\/wp-json\/wp\/v2\/comments?post=16887"}],"version-history":[{"count":0,"href":"https:\/\/knjiznica.it\/it\/wp-json\/wp\/v2\/mec-events\/16887\/revisions"}],"wp:attachment":[{"href":"https:\/\/knjiznica.it\/it\/wp-json\/wp\/v2\/media?parent=16887"}],"wp:term":[{"taxonomy":"post_tag","embeddable":true,"href":"https:\/\/knjiznica.it\/it\/wp-json\/wp\/v2\/tags?post=16887"},{"taxonomy":"mec_category","embeddable":true,"href":"https:\/\/knjiznica.it\/it\/wp-json\/wp\/v2\/mec_category?post=16887"}],"curies":[{"name":"wp","href":"https:\/\/api.w.org\/{rel}","templated":true}]}}

<p><img fetchpriority="high" decoding="async" class="size-medium wp-image-16604 alignright" src="https://knjiznica.it/wp-content/uploads/2023/05/IMG_4288_prerezana-261x300.jpg" alt="" width="261" height="300" /><span style="color: #993366;"><strong>La Biblioteca Feigel vi invita al prossimo incontro con la fiaba lunedì 29 maggio alle 17:30.</strong></span> I narratori saranno i genitori che hanno seguito il corso di lingua slovena organizzato dall’Associazione Famiglie Ringaraja per i genitori italofoni di bambini che frequentano le scuole slovene. Il corso si è tenuto nei mesi scorsi nei locali del Trgovski dom.</p>
<p>I narratori racconteranno le avventure di Peter Nos. Chi è Peter Nos? Peter Nos è un bambino giocoso, coraggioso, pieno di risorse, gentile e sempre circondato da amici. E poiché non può essere lasciato solo per cinque minuti, ha sempre in mente qualcosa e spesso ha il naso legato.</p>
<p>Le storie sono educative e divertenti, per bambini e adulti.</p>

<p>La Biblioteca Feigel vi invita al prossimo incontro con la fiaba lunedì 29 maggio alle 17:30. I narratori saranno i genitori che hanno seguito il corso di lingua slovena organizzato [&hellip;]</p>
