{"id":18222,"date":"2023-10-04T12:35:36","date_gmt":"2023-10-04T10:35:36","guid":{"rendered":"https:\/\/www.knjiznica.it\/events\/ts-pravljicna-urica-z-miro-susic-448\/"},"modified":"2023-10-04T13:48:51","modified_gmt":"2023-10-04T11:48:51","slug":"ts-pravljicna-urica-z-miro-susic-448","status":"publish","type":"mec-events","link":"https:\/\/knjiznica.it\/it\/events\/ts-pravljicna-urica-z-miro-susic-448\/","title":{"rendered":"TS &#8211; Incontro con la fiaba con Mira Su\u0161i\u0107 (replica)"},"content":{"rendered":"<p>Il prossimo incontro con la fiaba ospiter\u00e0 la scrittrice di libri per bambini e ragazzi nonch\u00e9 insegnante di storia e lingua slovena Mira Su\u0161i\u0107 che ci delizier\u00e0 con il racconto Breg ob reki. L&#8217;appuntamento si terr\u00e0<strong> marted\u00ec 10 ottobre alle 17.00<\/strong> nella Sezione Ragazzi in via F. Filzi 14. La <strong>replica<\/strong> si terr\u00e0 <strong>gioved\u00ec 12 ottobre <\/strong>alle 17.00.<\/p>\n<p>I racconti saranno seguiti da un laboratorio creativo adatto ai bambini a partire dai 3 anni di et\u00e0. Per maggiori informazioni chiamateci al 040\/9896153 oppure scrivete all\u2019indirizzo <a href=\"mailto:mladinskioddelek@knjiznica.it\">mladinskioddelek@knjiznica.it.<\/a> Seguiteci anche sui social!<\/p>\n<p>&nbsp;<\/p>\n<p><strong>Calendario degli incontri:<\/strong><\/p>\n<p>24 e 26 ottobre<\/p>\n<p>7 e 9 novembre<\/p>\n<p>21 e 23 novembre<\/p>\n","protected":false},"excerpt":{"rendered":"<p>Il prossimo incontro con la fiaba ospiter\u00e0 la scrittrice di libri per bambini e ragazzi nonch\u00e9 insegnante di storia e lingua slovena Mira Su\u0161i\u0107 che ci delizier\u00e0 con il racconto [&hellip;]<\/p>\n","protected":false},"author":2,"featured_media":18218,"comment_status":"closed","ping_status":"closed","template":"","tags":[],"mec_category":[111],"class_list":["post-18222","mec-events","type-mec-events","status-publish","has-post-thumbnail","hentry","mec_category-incontri-con-la-fiaba"],"acf":[],"_links":{"self":[{"href":"https:\/\/knjiznica.it\/it\/wp-json\/wp\/v2\/mec-events\/18222","targetHints":{"allow":["GET"]}}],"collection":[{"href":"https:\/\/knjiznica.it\/it\/wp-json\/wp\/v2\/mec-events"}],"about":[{"href":"https:\/\/knjiznica.it\/it\/wp-json\/wp\/v2\/types\/mec-events"}],"author":[{"embeddable":true,"href":"https:\/\/knjiznica.it\/it\/wp-json\/wp\/v2\/users\/2"}],"replies":[{"embeddable":true,"href":"https:\/\/knjiznica.it\/it\/wp-json\/wp\/v2\/comments?post=18222"}],"version-history":[{"count":0,"href":"https:\/\/knjiznica.it\/it\/wp-json\/wp\/v2\/mec-events\/18222\/revisions"}],"wp:featuredmedia":[{"embeddable":true,"href":"https:\/\/knjiznica.it\/it\/wp-json\/wp\/v2\/media\/18218"}],"wp:attachment":[{"href":"https:\/\/knjiznica.it\/it\/wp-json\/wp\/v2\/media?parent=18222"}],"wp:term":[{"taxonomy":"post_tag","embeddable":true,"href":"https:\/\/knjiznica.it\/it\/wp-json\/wp\/v2\/tags?post=18222"},{"taxonomy":"mec_category","embeddable":true,"href":"https:\/\/knjiznica.it\/it\/wp-json\/wp\/v2\/mec_category?post=18222"}],"curies":[{"name":"wp","href":"https:\/\/api.w.org\/{rel}","templated":true}]}}

TS &#8211; Incontro con la fiaba con Mira Sušić (replica)

<p>Il prossimo incontro con la fiaba ospiterà la scrittrice di libri per bambini e ragazzi nonché insegnante di storia e lingua slovena Mira Sušić che ci delizierà con il racconto Breg ob reki. L&#8217;appuntamento si terrà<strong> martedì 10 ottobre alle 17.00</strong> nella Sezione Ragazzi in via F. Filzi 14. La <strong>replica</strong> si terrà <strong>giovedì 12 ottobre </strong>alle 17.00.</p>
<p>I racconti saranno seguiti da un laboratorio creativo adatto ai bambini a partire dai 3 anni di età. Per maggiori informazioni chiamateci al 040/9896153 oppure scrivete all’indirizzo <a href="mailto:mladinskioddelek@knjiznica.it">mladinskioddelek@knjiznica.it.</a> Seguiteci anche sui social!</p>
<p>&nbsp;</p>
<p><strong>Calendario degli incontri:</strong></p>
<p>24 e 26 ottobre</p>
<p>7 e 9 novembre</p>
<p>21 e 23 novembre</p>

<p>Il prossimo incontro con la fiaba ospiterà la scrittrice di libri per bambini e ragazzi nonché insegnante di storia e lingua slovena Mira Sušić che ci delizierà con il racconto [&hellip;]</p>
