{"id":18342,"date":"2023-10-26T18:00:20","date_gmt":"2023-10-26T16:00:20","guid":{"rendered":"https:\/\/www.knjiznica.it\/?post_type=mec-events&#038;p=18342"},"modified":"2023-10-31T15:49:01","modified_gmt":"2023-10-31T14:49:01","slug":"ts-pravljicna-urica-575-799-172-505-282-951-105-313-597-324-2-933-667","status":"publish","type":"mec-events","link":"https:\/\/knjiznica.it\/it\/events\/ts-pravljicna-urica-575-799-172-505-282-951-105-313-597-324-2-933-667\/","title":{"rendered":"TS &#8211; Incontro con la fiaba con la famiglia \u0160u\u0161njar (replica)"},"content":{"rendered":"<div class=\"mec-single-event-description mec-events-content\">\n<p>Una famiglia parte alla ricerca dell\u2019orso ma, dopo aver attraversato un campo di erba frusciante, un fiume freddo e fondo, una pozza di fango limaccioso, un bosco buio e fitto e una tempesta di neve che fischia, alla fine\u2026 sar\u00e0 l\u2019orso a trovare loro. Al prossimo incontro con la fiaba sar\u00e0 la famiglia \u0160u\u0161njar a trasportarci nella meravigliosa storia Lov na medveda \/ A caccia dell\u2019orso di Michael Rosen.<\/p>\n<p>Non perdete l\u2019appuntamento<strong> marted\u00ec 7 novembre alle 17.00<\/strong> nella Sezione Ragazzi in via F. Filzi 14. La <strong>replica<\/strong> si terr\u00e0 <strong>gioved\u00ec 9 novembre <\/strong>alle 17.00.<\/p>\n<p>I racconti saranno seguiti da un laboratorio creativo adatto ai bambini a partire dai 3 anni di et\u00e0. Per maggiori informazioni chiamateci al 040\/9896153 oppure scrivete all\u2019indirizzo <a href=\"mailto:mladinskioddelek@knjiznica.it\">mladinskioddelek@knjiznica.it.<\/a> Seguiteci anche sui social!<\/p>\n<p>&nbsp;<\/p>\n<p><strong>Calendario degli incontri:<\/strong><\/p>\n<p>21 e 23 novembre<\/p>\n<\/div>\n","protected":false},"excerpt":{"rendered":"<p>Una famiglia parte alla ricerca dell\u2019orso ma, dopo aver attraversato un campo di erba frusciante, un fiume freddo e fondo, una pozza di fango limaccioso, un bosco buio e fitto [&hellip;]<\/p>\n","protected":false},"author":2,"featured_media":0,"comment_status":"closed","ping_status":"closed","template":"","tags":[],"mec_category":[111],"class_list":["post-18342","mec-events","type-mec-events","status-publish","hentry","mec_category-incontri-con-la-fiaba"],"acf":[],"_links":{"self":[{"href":"https:\/\/knjiznica.it\/it\/wp-json\/wp\/v2\/mec-events\/18342","targetHints":{"allow":["GET"]}}],"collection":[{"href":"https:\/\/knjiznica.it\/it\/wp-json\/wp\/v2\/mec-events"}],"about":[{"href":"https:\/\/knjiznica.it\/it\/wp-json\/wp\/v2\/types\/mec-events"}],"author":[{"embeddable":true,"href":"https:\/\/knjiznica.it\/it\/wp-json\/wp\/v2\/users\/2"}],"replies":[{"embeddable":true,"href":"https:\/\/knjiznica.it\/it\/wp-json\/wp\/v2\/comments?post=18342"}],"version-history":[{"count":0,"href":"https:\/\/knjiznica.it\/it\/wp-json\/wp\/v2\/mec-events\/18342\/revisions"}],"wp:attachment":[{"href":"https:\/\/knjiznica.it\/it\/wp-json\/wp\/v2\/media?parent=18342"}],"wp:term":[{"taxonomy":"post_tag","embeddable":true,"href":"https:\/\/knjiznica.it\/it\/wp-json\/wp\/v2\/tags?post=18342"},{"taxonomy":"mec_category","embeddable":true,"href":"https:\/\/knjiznica.it\/it\/wp-json\/wp\/v2\/mec_category?post=18342"}],"curies":[{"name":"wp","href":"https:\/\/api.w.org\/{rel}","templated":true}]}}

TS &#8211; Incontro con la fiaba con la famiglia Šušnjar (replica)

<div class="mec-single-event-description mec-events-content">
<p>Una famiglia parte alla ricerca dell’orso ma, dopo aver attraversato un campo di erba frusciante, un fiume freddo e fondo, una pozza di fango limaccioso, un bosco buio e fitto e una tempesta di neve che fischia, alla fine… sarà l’orso a trovare loro. Al prossimo incontro con la fiaba sarà la famiglia Šušnjar a trasportarci nella meravigliosa storia Lov na medveda / A caccia dell’orso di Michael Rosen.</p>
<p>Non perdete l’appuntamento<strong> martedì 7 novembre alle 17.00</strong> nella Sezione Ragazzi in via F. Filzi 14. La <strong>replica</strong> si terrà <strong>giovedì 9 novembre </strong>alle 17.00.</p>
<p>I racconti saranno seguiti da un laboratorio creativo adatto ai bambini a partire dai 3 anni di età. Per maggiori informazioni chiamateci al 040/9896153 oppure scrivete all’indirizzo <a href="mailto:mladinskioddelek@knjiznica.it">mladinskioddelek@knjiznica.it.</a> Seguiteci anche sui social!</p>
<p>&nbsp;</p>
<p><strong>Calendario degli incontri:</strong></p>
<p>21 e 23 novembre</p>
</div>
