{"id":18730,"date":"2023-11-21T12:31:24","date_gmt":"2023-11-21T11:31:24","guid":{"rendered":"https:\/\/www.knjiznica.it\/events\/go-incontro-con-la-fiaba-22\/"},"modified":"2023-11-21T12:34:34","modified_gmt":"2023-11-21T11:34:34","slug":"go-incontro-con-la-fiaba-22","status":"publish","type":"mec-events","link":"https:\/\/knjiznica.it\/it\/events\/go-incontro-con-la-fiaba-22\/","title":{"rendered":"GO &#8211; Incontro con la fiaba"},"content":{"rendered":"<p><span style=\"color: #993366;\"><strong>Luned\u00ec 27 novembre, alle ore 17.30, nella Biblioteca Feigel si respirer\u00e0 un po&#8217; di spirito natalizio. Vesna Tom\u0161i\u010d ci legger\u00e0 la fiaba &#8220;Sveta no\u010d, bla\u017eena no\u010d&#8221; e scopriremo come \u00e8 nata la canzone natalizia pi\u00f9 famosa del mondo, &#8220;Stille nacht, heilige nacht&#8221;, in italiano la canzone \u00e8 nota con il titolo di Astro del ciel. Ci vediamo alla Biblioteca Feigel!<\/strong><\/span><\/p>\n<p><span style=\"color: #993366;\"><strong>A dicembre stiamo preparando un solo incontro con la fiaba: luned\u00ec 11 dicembre alle 17.30 ci far\u00e0 visita il Teatro SSG con il suo spettacolo per bambini <em>Mehur\u010dki<\/em>.<\/strong><\/span><\/p>\n","protected":false},"excerpt":{"rendered":"<p>Luned\u00ec 27 novembre, alle ore 17.30, nella Biblioteca Feigel si respirer\u00e0 un po&#8217; di spirito natalizio. Vesna Tom\u0161i\u010d ci legger\u00e0 la fiaba &#8220;Sveta no\u010d, bla\u017eena no\u010d&#8221; e scopriremo come \u00e8 [&hellip;]<\/p>\n","protected":false},"author":11,"featured_media":0,"comment_status":"closed","ping_status":"closed","template":"","tags":[],"mec_category":[111],"class_list":["post-18730","mec-events","type-mec-events","status-publish","hentry","mec_category-incontri-con-la-fiaba"],"acf":[],"_links":{"self":[{"href":"https:\/\/knjiznica.it\/it\/wp-json\/wp\/v2\/mec-events\/18730","targetHints":{"allow":["GET"]}}],"collection":[{"href":"https:\/\/knjiznica.it\/it\/wp-json\/wp\/v2\/mec-events"}],"about":[{"href":"https:\/\/knjiznica.it\/it\/wp-json\/wp\/v2\/types\/mec-events"}],"author":[{"embeddable":true,"href":"https:\/\/knjiznica.it\/it\/wp-json\/wp\/v2\/users\/11"}],"replies":[{"embeddable":true,"href":"https:\/\/knjiznica.it\/it\/wp-json\/wp\/v2\/comments?post=18730"}],"version-history":[{"count":1,"href":"https:\/\/knjiznica.it\/it\/wp-json\/wp\/v2\/mec-events\/18730\/revisions"}],"predecessor-version":[{"id":18731,"href":"https:\/\/knjiznica.it\/it\/wp-json\/wp\/v2\/mec-events\/18730\/revisions\/18731"}],"wp:attachment":[{"href":"https:\/\/knjiznica.it\/it\/wp-json\/wp\/v2\/media?parent=18730"}],"wp:term":[{"taxonomy":"post_tag","embeddable":true,"href":"https:\/\/knjiznica.it\/it\/wp-json\/wp\/v2\/tags?post=18730"},{"taxonomy":"mec_category","embeddable":true,"href":"https:\/\/knjiznica.it\/it\/wp-json\/wp\/v2\/mec_category?post=18730"}],"curies":[{"name":"wp","href":"https:\/\/api.w.org\/{rel}","templated":true}]}}

<p><span style="color: #993366;"><strong>Lunedì 27 novembre, alle ore 17.30, nella Biblioteca Feigel si respirerà un po&#8217; di spirito natalizio. Vesna Tomšič ci leggerà la fiaba &#8220;Sveta noč, blažena noč&#8221; e scopriremo come è nata la canzone natalizia più famosa del mondo, &#8220;Stille nacht, heilige nacht&#8221;, in italiano la canzone è nota con il titolo di Astro del ciel. Ci vediamo alla Biblioteca Feigel!</strong></span></p>
<p><span style="color: #993366;"><strong>A dicembre stiamo preparando un solo incontro con la fiaba: lunedì 11 dicembre alle 17.30 ci farà visita il Teatro SSG con il suo spettacolo per bambini <em>Mehurčki</em>.</strong></span></p>

<p>Lunedì 27 novembre, alle ore 17.30, nella Biblioteca Feigel si respirerà un po&#8217; di spirito natalizio. Vesna Tomšič ci leggerà la fiaba &#8220;Sveta noč, blažena noč&#8221; e scopriremo come è [&hellip;]</p>
