{"id":19311,"date":"2024-01-24T15:35:47","date_gmt":"2024-01-24T14:35:47","guid":{"rendered":"https:\/\/www.knjiznica.it\/events\/go-incontro-con-la-fiaba-26\/"},"modified":"2024-01-24T15:36:34","modified_gmt":"2024-01-24T14:36:34","slug":"go-incontro-con-la-fiaba-26","status":"publish","type":"mec-events","link":"https:\/\/knjiznica.it\/it\/events\/go-incontro-con-la-fiaba-26\/","title":{"rendered":"GO &#8211; Incontro con la fiaba"},"content":{"rendered":"<p><span style=\"color: #993366;\"><strong>La Biblioteca Feigel vi invita all&#8217; Incontro con la fiaba luned\u00ec 29 gennaio alle 17.30 nella Biblioteca Feigel. Ascolterete la fiaba Mama Sne\u017einka, tratta dal libro La casa del signor Mar\u010dimar di Sabina Vostner. L&#8217;autrice intreccer\u00e0 il racconto con il canto accompagnato dall&#8217;ukulele.<\/strong><\/span><\/p>\n","protected":false},"excerpt":{"rendered":"<p>La Biblioteca Feigel vi invita all&#8217; Incontro con la fiaba luned\u00ec 29 gennaio alle 17.30 nella Biblioteca Feigel. Ascolterete la fiaba Mama Sne\u017einka, tratta dal libro La casa del signor [&hellip;]<\/p>\n","protected":false},"author":11,"featured_media":0,"comment_status":"closed","ping_status":"closed","template":"","tags":[],"mec_category":[111],"class_list":["post-19311","mec-events","type-mec-events","status-publish","hentry","mec_category-incontri-con-la-fiaba"],"acf":[],"_links":{"self":[{"href":"https:\/\/knjiznica.it\/it\/wp-json\/wp\/v2\/mec-events\/19311","targetHints":{"allow":["GET"]}}],"collection":[{"href":"https:\/\/knjiznica.it\/it\/wp-json\/wp\/v2\/mec-events"}],"about":[{"href":"https:\/\/knjiznica.it\/it\/wp-json\/wp\/v2\/types\/mec-events"}],"author":[{"embeddable":true,"href":"https:\/\/knjiznica.it\/it\/wp-json\/wp\/v2\/users\/11"}],"replies":[{"embeddable":true,"href":"https:\/\/knjiznica.it\/it\/wp-json\/wp\/v2\/comments?post=19311"}],"version-history":[{"count":0,"href":"https:\/\/knjiznica.it\/it\/wp-json\/wp\/v2\/mec-events\/19311\/revisions"}],"wp:attachment":[{"href":"https:\/\/knjiznica.it\/it\/wp-json\/wp\/v2\/media?parent=19311"}],"wp:term":[{"taxonomy":"post_tag","embeddable":true,"href":"https:\/\/knjiznica.it\/it\/wp-json\/wp\/v2\/tags?post=19311"},{"taxonomy":"mec_category","embeddable":true,"href":"https:\/\/knjiznica.it\/it\/wp-json\/wp\/v2\/mec_category?post=19311"}],"curies":[{"name":"wp","href":"https:\/\/api.w.org\/{rel}","templated":true}]}}

<p><span style="color: #993366;"><strong>La Biblioteca Feigel vi invita all&#8217; Incontro con la fiaba lunedì 29 gennaio alle 17.30 nella Biblioteca Feigel. Ascolterete la fiaba Mama Snežinka, tratta dal libro La casa del signor Marčimar di Sabina Vostner. L&#8217;autrice intreccerà il racconto con il canto accompagnato dall&#8217;ukulele.</strong></span></p>

<p>La Biblioteca Feigel vi invita all&#8217; Incontro con la fiaba lunedì 29 gennaio alle 17.30 nella Biblioteca Feigel. Ascolterete la fiaba Mama Snežinka, tratta dal libro La casa del signor [&hellip;]</p>
