{"id":19972,"date":"2024-04-28T13:29:50","date_gmt":"2024-04-28T11:29:50","guid":{"rendered":"https:\/\/www.knjiznica.it\/?post_type=mec-events&#038;p=19972"},"modified":"2024-03-28T13:31:47","modified_gmt":"2024-03-28T12:31:47","slug":"ts-pravljicna-urica-575-799-172-505-282-951-105-313-597-324-2-933-206-142-861-574-578-291-144","status":"publish","type":"mec-events","link":"https:\/\/knjiznica.it\/it\/events\/ts-pravljicna-urica-575-799-172-505-282-951-105-313-597-324-2-933-206-142-861-574-578-291-144\/","title":{"rendered":"TS &#8211; Incontro con la fiaba e Lara Komar"},"content":{"rendered":"<p>Non perdete l&#8217;appuntamento con il prossimo Incontro con la fiaba con Lara Komar che si terr\u00e0 marted\u00ec 16 aprile alle 17.00 presso la Sezione ragazzi in via Filzi 14. La replica gioved\u00ec 18 aprile alla stessa ora. L&#8217;incontro come pure il laboratorio creativo \u00e8 dedicato ai bambini dai 3 anni.<\/p>\n<p>Per maggiori informazioni chiamateci al 040\/9896153 oppure scrivete all\u2019indirizzo mladinskioddelek@knjiznica.it. Seguiteci anche sui social!<\/p>\n","protected":false},"excerpt":{"rendered":"<p>Non perdete l&#8217;appuntamento con il prossimo Incontro con la fiaba con Lara Komar che si terr\u00e0 marted\u00ec 16 aprile alle 17.00 presso la Sezione ragazzi in via Filzi 14. La [&hellip;]<\/p>\n","protected":false},"author":2,"featured_media":0,"comment_status":"closed","ping_status":"closed","template":"","tags":[],"mec_category":[111],"class_list":["post-19972","mec-events","type-mec-events","status-publish","hentry","mec_category-incontri-con-la-fiaba"],"acf":[],"_links":{"self":[{"href":"https:\/\/knjiznica.it\/it\/wp-json\/wp\/v2\/mec-events\/19972","targetHints":{"allow":["GET"]}}],"collection":[{"href":"https:\/\/knjiznica.it\/it\/wp-json\/wp\/v2\/mec-events"}],"about":[{"href":"https:\/\/knjiznica.it\/it\/wp-json\/wp\/v2\/types\/mec-events"}],"author":[{"embeddable":true,"href":"https:\/\/knjiznica.it\/it\/wp-json\/wp\/v2\/users\/2"}],"replies":[{"embeddable":true,"href":"https:\/\/knjiznica.it\/it\/wp-json\/wp\/v2\/comments?post=19972"}],"version-history":[{"count":3,"href":"https:\/\/knjiznica.it\/it\/wp-json\/wp\/v2\/mec-events\/19972\/revisions"}],"predecessor-version":[{"id":19978,"href":"https:\/\/knjiznica.it\/it\/wp-json\/wp\/v2\/mec-events\/19972\/revisions\/19978"}],"wp:attachment":[{"href":"https:\/\/knjiznica.it\/it\/wp-json\/wp\/v2\/media?parent=19972"}],"wp:term":[{"taxonomy":"post_tag","embeddable":true,"href":"https:\/\/knjiznica.it\/it\/wp-json\/wp\/v2\/tags?post=19972"},{"taxonomy":"mec_category","embeddable":true,"href":"https:\/\/knjiznica.it\/it\/wp-json\/wp\/v2\/mec_category?post=19972"}],"curies":[{"name":"wp","href":"https:\/\/api.w.org\/{rel}","templated":true}]}}

<p>Non perdete l&#8217;appuntamento con il prossimo Incontro con la fiaba con Lara Komar che si terrà martedì 16 aprile alle 17.00 presso la Sezione ragazzi in via Filzi 14. La replica giovedì 18 aprile alla stessa ora. L&#8217;incontro come pure il laboratorio creativo è dedicato ai bambini dai 3 anni.</p>
<p>Per maggiori informazioni chiamateci al 040/9896153 oppure scrivete all’indirizzo mladinskioddelek@knjiznica.it. Seguiteci anche sui social!</p>

<p>Non perdete l&#8217;appuntamento con il prossimo Incontro con la fiaba con Lara Komar che si terrà martedì 16 aprile alle 17.00 presso la Sezione ragazzi in via Filzi 14. La [&hellip;]</p>
