{"id":23550,"date":"2024-10-14T13:30:13","date_gmt":"2024-10-14T11:30:13","guid":{"rendered":"https:\/\/www.knjiznica.it\/events\/ibby-odmevi-knjige-kot-mostovi\/"},"modified":"2024-10-14T13:32:14","modified_gmt":"2024-10-14T11:32:14","slug":"ibby-odmevi-knjige-kot-mostovi","status":"publish","type":"mec-events","link":"https:\/\/knjiznica.it\/it\/events\/ibby-odmevi-knjige-kot-mostovi\/","title":{"rendered":"L&#8217;eco di IBBY: i libri come ponti"},"content":{"rendered":"<p>Facciamo l&#8217;eco al congresso di IBBY &#8211; International Board of Book for Young People, che agosto scorso ha accolto nella citt\u00e0 di Trieste delegati da tutto il mondo e portato contenuti di promozione della lettura.<\/p>\n<p>Perch\u00e9 tra tante citt\u00e0 \u00e8 stata scelta proprio Trieste per il congresso mondiale biennale? Quali sono gli obiettivi dell&#8217;organizzazione non profit? In che modo IBBY si impegna a garantire e tutelare il diritto dei bambini e ragazzi ad accedere ai libri e alla lettura in ogni parte del mondo? Perch\u00e9 parliamo di libri come ponti per costruire un mondo migliore e per offrire ai giovani una migliore qualit\u00e0 di vita? E in tutto ci\u00f2, qual&#8217;\u00e8 il ruolo dei traduttori, persone che fungono da ponte tra culture e lingue diverse? Il compito di facilitare la comprensione e l&#8217;accettazione tra i popoli \u00e8 parte integrante della loro professione?<\/p>\n<p>Di questo e tanto altro si parler\u00e0 marted\u00ec 22 ottobre alle 17.00 al Narodni dom di Trieste, presso la Sezione ragazzi della Biblioteca nazionale slovena e degli studi. Interverranno Elisabetta Lippolis, vicepresidente IBBY Italia, e Tina Bilban, presidente di IBBY Slovenia, entrambe membri dell&#8217;executive commitee di IBBY internazionale, e le traduttrici di lingue minoritarie Mateja Seli\u0161kar Kenda, rappresentante dell&#8217;associazione slovena dei traduttori letterari, ed Eva Valvo, segreteria nazionale di Strade, entrambe anche membri dei rispettivi IBBY nazionali.<\/p>\n<p>L&#8217;incontro si svolger\u00e0 con traduzione simultanea in lingua slovena e italiana ed \u00e8 organizzato dalla Sezione ragazzi della Biblioteca nazionale slovena e degli studi in collaborazione con IBBY Italia, IBBY Slovenia e con il Centro dello sloveno come seconda lingua e lingua straniera della Facolt\u00e0 di Filosofia dell&#8217;Universit\u00e0 di Ljubljana, con il patrocinio dell&#8217;Associazione slovena dei traduttori letterari, della Sezione traduttori editoriali Strade in Slc-Cgil e del Consiglio europeo delle associazioni di traduttori letterari CEATL.<\/p>\n<p>I libri come ponti sar\u00e0 l&#8217;incontro di apertura di una serie di workshop destinati a professionisti del settore di promozione della lettura (maestre, bibliotecari, librai ecc.) con l&#8217;obiettivo di condividere conoscenze e fornire strumenti per valorizzare al meglio il proprio lavoro.<\/p>\n<p>&nbsp;<\/p>\n<p><img fetchpriority=\"high\" decoding=\"async\" class=\"alignnone wp-image-23546 size-full\" src=\"https:\/\/knjiznica.it\/wp-content\/uploads\/2024\/10\/logoti.jpg\" alt=\"\" width=\"670\" height=\"155\" srcset=\"https:\/\/knjiznica.it\/wp-content\/uploads\/2024\/10\/logoti.jpg 670w, https:\/\/knjiznica.it\/wp-content\/uploads\/2024\/10\/logoti-300x69.jpg 300w\" sizes=\"(max-width: 670px) 100vw, 670px\" \/><\/p>\n","protected":false},"excerpt":{"rendered":"<p>Facciamo l&#8217;eco al congresso di IBBY &#8211; International Board of Book for Young People, che agosto scorso ha accolto nella citt\u00e0 di Trieste delegati da tutto il mondo e portato [&hellip;]<\/p>\n","protected":false},"author":2,"featured_media":23544,"comment_status":"closed","ping_status":"closed","template":"","tags":[],"mec_category":[137],"class_list":["post-23550","mec-events","type-mec-events","status-publish","has-post-thumbnail","hentry","mec_category-posebni-dogodki-it"],"acf":[],"_links":{"self":[{"href":"https:\/\/knjiznica.it\/it\/wp-json\/wp\/v2\/mec-events\/23550","targetHints":{"allow":["GET"]}}],"collection":[{"href":"https:\/\/knjiznica.it\/it\/wp-json\/wp\/v2\/mec-events"}],"about":[{"href":"https:\/\/knjiznica.it\/it\/wp-json\/wp\/v2\/types\/mec-events"}],"author":[{"embeddable":true,"href":"https:\/\/knjiznica.it\/it\/wp-json\/wp\/v2\/users\/2"}],"replies":[{"embeddable":true,"href":"https:\/\/knjiznica.it\/it\/wp-json\/wp\/v2\/comments?post=23550"}],"version-history":[{"count":2,"href":"https:\/\/knjiznica.it\/it\/wp-json\/wp\/v2\/mec-events\/23550\/revisions"}],"predecessor-version":[{"id":23553,"href":"https:\/\/knjiznica.it\/it\/wp-json\/wp\/v2\/mec-events\/23550\/revisions\/23553"}],"wp:featuredmedia":[{"embeddable":true,"href":"https:\/\/knjiznica.it\/it\/wp-json\/wp\/v2\/media\/23544"}],"wp:attachment":[{"href":"https:\/\/knjiznica.it\/it\/wp-json\/wp\/v2\/media?parent=23550"}],"wp:term":[{"taxonomy":"post_tag","embeddable":true,"href":"https:\/\/knjiznica.it\/it\/wp-json\/wp\/v2\/tags?post=23550"},{"taxonomy":"mec_category","embeddable":true,"href":"https:\/\/knjiznica.it\/it\/wp-json\/wp\/v2\/mec_category?post=23550"}],"curies":[{"name":"wp","href":"https:\/\/api.w.org\/{rel}","templated":true}]}}

<p>Facciamo l&#8217;eco al congresso di IBBY &#8211; International Board of Book for Young People, che agosto scorso ha accolto nella città di Trieste delegati da tutto il mondo e portato contenuti di promozione della lettura.</p>
<p>Perché tra tante città è stata scelta proprio Trieste per il congresso mondiale biennale? Quali sono gli obiettivi dell&#8217;organizzazione non profit? In che modo IBBY si impegna a garantire e tutelare il diritto dei bambini e ragazzi ad accedere ai libri e alla lettura in ogni parte del mondo? Perché parliamo di libri come ponti per costruire un mondo migliore e per offrire ai giovani una migliore qualità di vita? E in tutto ciò, qual&#8217;è il ruolo dei traduttori, persone che fungono da ponte tra culture e lingue diverse? Il compito di facilitare la comprensione e l&#8217;accettazione tra i popoli è parte integrante della loro professione?</p>
<p>Di questo e tanto altro si parlerà martedì 22 ottobre alle 17.00 al Narodni dom di Trieste, presso la Sezione ragazzi della Biblioteca nazionale slovena e degli studi. Interverranno Elisabetta Lippolis, vicepresidente IBBY Italia, e Tina Bilban, presidente di IBBY Slovenia, entrambe membri dell&#8217;executive commitee di IBBY internazionale, e le traduttrici di lingue minoritarie Mateja Seliškar Kenda, rappresentante dell&#8217;associazione slovena dei traduttori letterari, ed Eva Valvo, segreteria nazionale di Strade, entrambe anche membri dei rispettivi IBBY nazionali.</p>
<p>L&#8217;incontro si svolgerà con traduzione simultanea in lingua slovena e italiana ed è organizzato dalla Sezione ragazzi della Biblioteca nazionale slovena e degli studi in collaborazione con IBBY Italia, IBBY Slovenia e con il Centro dello sloveno come seconda lingua e lingua straniera della Facoltà di Filosofia dell&#8217;Università di Ljubljana, con il patrocinio dell&#8217;Associazione slovena dei traduttori letterari, della Sezione traduttori editoriali Strade in Slc-Cgil e del Consiglio europeo delle associazioni di traduttori letterari CEATL.</p>
<p>I libri come ponti sarà l&#8217;incontro di apertura di una serie di workshop destinati a professionisti del settore di promozione della lettura (maestre, bibliotecari, librai ecc.) con l&#8217;obiettivo di condividere conoscenze e fornire strumenti per valorizzare al meglio il proprio lavoro.</p>
<p>&nbsp;</p>
<p><img fetchpriority="high" decoding="async" class="alignnone wp-image-23546 size-full" src="https://knjiznica.it/wp-content/uploads/2024/10/logoti.jpg" alt="" width="670" height="155" srcset="https://knjiznica.it/wp-content/uploads/2024/10/logoti.jpg 670w, https://knjiznica.it/wp-content/uploads/2024/10/logoti-300x69.jpg 300w" sizes="(max-width: 670px) 100vw, 670px" /></p>

<p>Facciamo l&#8217;eco al congresso di IBBY &#8211; International Board of Book for Young People, che agosto scorso ha accolto nella città di Trieste delegati da tutto il mondo e portato [&hellip;]</p>
