{"id":23702,"date":"2024-10-23T13:41:04","date_gmt":"2024-10-23T11:41:04","guid":{"rendered":"https:\/\/www.knjiznica.it\/?post_type=mec-events&#038;p=23702"},"modified":"2024-10-23T13:45:54","modified_gmt":"2024-10-23T11:45:54","slug":"ts-incontro-con-la-fiaba-con-valentina-pieri","status":"publish","type":"mec-events","link":"https:\/\/knjiznica.it\/it\/events\/ts-incontro-con-la-fiaba-con-valentina-pieri\/","title":{"rendered":"TS &#8211; Incontro con la fiaba con Valentina Pieri (replica)"},"content":{"rendered":"<p>Vilma e il suo gatto nero Vili abitano in una casa nera. Quando Vili \u00e8 stanco o semplicemente pigro dorme sul divano nero, si sdraia sul tappeto nero oppure si concede un pisolino sul letto nero&#8230; Fino a quando Vilma non inciampa per l&#8217;ennesima volta sul suo micio&#8230; Non si \u00e8 accorta del nero Vili nella profonda oscurit\u00e0 della sua casa!<\/p>\n<p>Il prossimo incontro con la fiaba si terr\u00e0 marted\u00ec 29 ottobre alle 17.00 presso la Sezione ragazzi della Biblioteca nazionale slovena e degli studi in via Filzi 14. La popolare storia Winnie la strega, scritta da Valerie Thomas e illustrata da Korky Paul, sar\u00e0 raccontata dalla narratrice Valentina Pieri anche nella replica di gioved\u00ec 31 ottobre, sempre alla stessa ora.<\/p>\n<p>Quest&#8217;anno scolastico gli incontri con le fiabe si terranno ogni due settimane: il 12 e 14 novembre, il 26 e 28 novembre, e il 10 e 12 dicembre. Il gioved\u00ec ripeteremo la favola del marted\u00ec, dando cos\u00ec l&#8217;opportunit\u00e0 a un numero maggiore di piccoli e grandi visitatori di parteciparvi, nonostante altri impegni. Per chi non si stanca mai di ascoltare storie simpatiche e avventurose, la replica del gioved\u00ec sar\u00e0 invece un&#8217;altra occasione per immergersi nel magico mondo delle favole. A seguire un laboratorio creativo dedicato, come la lettura stessa, ai bambini dai 3 anni in su.<\/p>\n<p>Per ulteriori informazioni potete chiamare il numero 040\/9896153 o scrivere all\u2019indirizzo email <a rel=\"noopener\">mladinskioddelek@knjiznica.it<\/a>. Seguiteci anche sui social media della Sezione ragazzi. Lepo vabljeni!<\/p>\n","protected":false},"excerpt":{"rendered":"<p>Vilma e il suo gatto nero Vili abitano in una casa nera. Quando Vili \u00e8 stanco o semplicemente pigro dorme sul divano nero, si sdraia sul tappeto nero oppure si [&hellip;]<\/p>\n","protected":false},"author":5,"featured_media":0,"comment_status":"closed","ping_status":"closed","template":"","tags":[],"mec_category":[111],"class_list":["post-23702","mec-events","type-mec-events","status-publish","hentry","mec_category-incontri-con-la-fiaba"],"acf":[],"_links":{"self":[{"href":"https:\/\/knjiznica.it\/it\/wp-json\/wp\/v2\/mec-events\/23702","targetHints":{"allow":["GET"]}}],"collection":[{"href":"https:\/\/knjiznica.it\/it\/wp-json\/wp\/v2\/mec-events"}],"about":[{"href":"https:\/\/knjiznica.it\/it\/wp-json\/wp\/v2\/types\/mec-events"}],"author":[{"embeddable":true,"href":"https:\/\/knjiznica.it\/it\/wp-json\/wp\/v2\/users\/5"}],"replies":[{"embeddable":true,"href":"https:\/\/knjiznica.it\/it\/wp-json\/wp\/v2\/comments?post=23702"}],"version-history":[{"count":2,"href":"https:\/\/knjiznica.it\/it\/wp-json\/wp\/v2\/mec-events\/23702\/revisions"}],"predecessor-version":[{"id":23704,"href":"https:\/\/knjiznica.it\/it\/wp-json\/wp\/v2\/mec-events\/23702\/revisions\/23704"}],"wp:attachment":[{"href":"https:\/\/knjiznica.it\/it\/wp-json\/wp\/v2\/media?parent=23702"}],"wp:term":[{"taxonomy":"post_tag","embeddable":true,"href":"https:\/\/knjiznica.it\/it\/wp-json\/wp\/v2\/tags?post=23702"},{"taxonomy":"mec_category","embeddable":true,"href":"https:\/\/knjiznica.it\/it\/wp-json\/wp\/v2\/mec_category?post=23702"}],"curies":[{"name":"wp","href":"https:\/\/api.w.org\/{rel}","templated":true}]}}

<p>Vilma e il suo gatto nero Vili abitano in una casa nera. Quando Vili è stanco o semplicemente pigro dorme sul divano nero, si sdraia sul tappeto nero oppure si concede un pisolino sul letto nero&#8230; Fino a quando Vilma non inciampa per l&#8217;ennesima volta sul suo micio&#8230; Non si è accorta del nero Vili nella profonda oscurità della sua casa!</p>
<p>Il prossimo incontro con la fiaba si terrà martedì 29 ottobre alle 17.00 presso la Sezione ragazzi della Biblioteca nazionale slovena e degli studi in via Filzi 14. La popolare storia Winnie la strega, scritta da Valerie Thomas e illustrata da Korky Paul, sarà raccontata dalla narratrice Valentina Pieri anche nella replica di giovedì 31 ottobre, sempre alla stessa ora.</p>
<p>Quest&#8217;anno scolastico gli incontri con le fiabe si terranno ogni due settimane: il 12 e 14 novembre, il 26 e 28 novembre, e il 10 e 12 dicembre. Il giovedì ripeteremo la favola del martedì, dando così l&#8217;opportunità a un numero maggiore di piccoli e grandi visitatori di parteciparvi, nonostante altri impegni. Per chi non si stanca mai di ascoltare storie simpatiche e avventurose, la replica del giovedì sarà invece un&#8217;altra occasione per immergersi nel magico mondo delle favole. A seguire un laboratorio creativo dedicato, come la lettura stessa, ai bambini dai 3 anni in su.</p>
<p>Per ulteriori informazioni potete chiamare il numero 040/9896153 o scrivere all’indirizzo email <a rel="noopener">mladinskioddelek@knjiznica.it</a>. Seguiteci anche sui social media della Sezione ragazzi. Lepo vabljeni!</p>

<p>Vilma e il suo gatto nero Vili abitano in una casa nera. Quando Vili è stanco o semplicemente pigro dorme sul divano nero, si sdraia sul tappeto nero oppure si [&hellip;]</p>
