{"id":24083,"date":"2024-11-28T18:00:15","date_gmt":"2024-11-28T17:00:15","guid":{"rendered":"https:\/\/www.knjiznica.it\/events\/ts-pravljicna-urica-575-799-172-505-282-951-105-313-597-324-2-933-206-142-861-574-578-291-144-618-216-319-629\/"},"modified":"2024-12-06T17:16:06","modified_gmt":"2024-12-06T16:16:06","slug":"ts-pravljicna-urica-575-799-172-505-282-951-105-313-597-324-2-933-206-142-861-574-578-291-144-618-216-319-629","status":"publish","type":"mec-events","link":"https:\/\/knjiznica.it\/it\/events\/ts-pravljicna-urica-575-799-172-505-282-951-105-313-597-324-2-933-206-142-861-574-578-291-144-618-216-319-629\/","title":{"rendered":"TS &#8211; Incontro con la fiaba con Danijel Malalan (replica)"},"content":{"rendered":"<div class=\"flex max-w-full flex-col flex-grow\">\n<div class=\"min-h-8 text-message flex w-full flex-col items-end gap-2 whitespace-normal break-words [.text-message+&amp;]:mt-5\" dir=\"auto\" data-message-author-role=\"assistant\" data-message-id=\"4929bb88-8631-474f-97be-1df9a230e869\" data-client-thread-id=\"WEB:c89e9442-e191-4e83-b85b-8c25d7b0f3d1\" data-message-model-slug=\"gpt-4o-mini\">\n<div class=\"flex w-full flex-col gap-1 empty:hidden first:pt-[3px]\">\n<div class=\"markdown prose w-full break-words dark:prose-invert light\">\n<p>Nel mondo delle favole i lupi di solito sono cattivi, avidi, scaltri, prepotenti&#8230; Provate a domandare a Cappuccetto Rosso, ai tre porcellini, oppure ai capretti cosa ne pensano! Ma&#8230; se non fosse sempre cos\u00ec? E se a volte anche il lupo pu\u00f2 avere un cuore d&#8217;oro?<\/p>\n<p>Al prossimo incontro con la fiaba l&#8217;attore teatrale Danijel Malalan del Teatro Stabile Sloveno ci racconter\u00e0 la storia del lupo gentile Dobri zlobni volk. Non perdete la replica <strong>gioved\u00ec 12 dicembre<\/strong> alle 17 presso la Sezione ragazzi della Biblioteca nazionale slovena e degli studi in via Filzi 14.<\/p>\n<p>Gli incontri fiabeschi proseguiranno nell&#8217;anno nuovo a partire da marted\u00ec 14 gennaio. Il calendario dei prossimi appuntamenti sar\u00e0 consultabile a breve sulla pagina web della nostra biblioteca. Il gioved\u00ec ripeteremo la favola del marted\u00ec, dando cos\u00ec l&#8217;opportunit\u00e0 a un numero maggiore di piccoli e grandi visitatori di parteciparvi, nonostante altri impegni. Per chi non si stanca mai di ascoltare storie simpatiche e avventurose, la replica del gioved\u00ec sar\u00e0 invece un&#8217;altra occasione per immergersi nel magico mondo delle favole. A seguire un laboratorio creativo dedicato, come la lettura stessa, ai bambini dai 3 anni in su.<\/p>\n<p>Per ulteriori informazioni potete chiamare al numero 040\/9896153 o scrivere all\u2019indirizzo email <a rel=\"noopener\">mladinskioddelek@knjiznica.it<\/a>. Seguiteci anche sui social media della Sezione ragazzi. Lepo vabljeni!<\/p>\n<\/div>\n<\/div>\n<\/div>\n<\/div>\n","protected":false},"excerpt":{"rendered":"<p>Nel mondo delle favole i lupi di solito sono cattivi, avidi, scaltri, prepotenti&#8230; Provate a domandare a Cappuccetto Rosso, ai tre porcellini, oppure ai capretti cosa ne pensano! Ma&#8230; se [&hellip;]<\/p>\n","protected":false},"author":2,"featured_media":0,"comment_status":"closed","ping_status":"closed","template":"","tags":[],"mec_category":[111],"class_list":["post-24083","mec-events","type-mec-events","status-publish","hentry","mec_category-incontri-con-la-fiaba"],"acf":[],"_links":{"self":[{"href":"https:\/\/knjiznica.it\/it\/wp-json\/wp\/v2\/mec-events\/24083","targetHints":{"allow":["GET"]}}],"collection":[{"href":"https:\/\/knjiznica.it\/it\/wp-json\/wp\/v2\/mec-events"}],"about":[{"href":"https:\/\/knjiznica.it\/it\/wp-json\/wp\/v2\/types\/mec-events"}],"author":[{"embeddable":true,"href":"https:\/\/knjiznica.it\/it\/wp-json\/wp\/v2\/users\/2"}],"replies":[{"embeddable":true,"href":"https:\/\/knjiznica.it\/it\/wp-json\/wp\/v2\/comments?post=24083"}],"version-history":[{"count":6,"href":"https:\/\/knjiznica.it\/it\/wp-json\/wp\/v2\/mec-events\/24083\/revisions"}],"predecessor-version":[{"id":24110,"href":"https:\/\/knjiznica.it\/it\/wp-json\/wp\/v2\/mec-events\/24083\/revisions\/24110"}],"wp:attachment":[{"href":"https:\/\/knjiznica.it\/it\/wp-json\/wp\/v2\/media?parent=24083"}],"wp:term":[{"taxonomy":"post_tag","embeddable":true,"href":"https:\/\/knjiznica.it\/it\/wp-json\/wp\/v2\/tags?post=24083"},{"taxonomy":"mec_category","embeddable":true,"href":"https:\/\/knjiznica.it\/it\/wp-json\/wp\/v2\/mec_category?post=24083"}],"curies":[{"name":"wp","href":"https:\/\/api.w.org\/{rel}","templated":true}]}}

<div class="flex max-w-full flex-col flex-grow">
<div class="min-h-8 text-message flex w-full flex-col items-end gap-2 whitespace-normal break-words [.text-message+&amp;]:mt-5" dir="auto" data-message-author-role="assistant" data-message-id="4929bb88-8631-474f-97be-1df9a230e869" data-client-thread-id="WEB:c89e9442-e191-4e83-b85b-8c25d7b0f3d1" data-message-model-slug="gpt-4o-mini">
<div class="flex w-full flex-col gap-1 empty:hidden first:pt-[3px]">
<div class="markdown prose w-full break-words dark:prose-invert light">
<p>Nel mondo delle favole i lupi di solito sono cattivi, avidi, scaltri, prepotenti&#8230; Provate a domandare a Cappuccetto Rosso, ai tre porcellini, oppure ai capretti cosa ne pensano! Ma&#8230; se non fosse sempre così? E se a volte anche il lupo può avere un cuore d&#8217;oro?</p>
<p>Al prossimo incontro con la fiaba l&#8217;attore teatrale Danijel Malalan del Teatro Stabile Sloveno ci racconterà la storia del lupo gentile Dobri zlobni volk. Non perdete la replica <strong>giovedì 12 dicembre</strong> alle 17 presso la Sezione ragazzi della Biblioteca nazionale slovena e degli studi in via Filzi 14.</p>
<p>Gli incontri fiabeschi proseguiranno nell&#8217;anno nuovo a partire da martedì 14 gennaio. Il calendario dei prossimi appuntamenti sarà consultabile a breve sulla pagina web della nostra biblioteca. Il giovedì ripeteremo la favola del martedì, dando così l&#8217;opportunità a un numero maggiore di piccoli e grandi visitatori di parteciparvi, nonostante altri impegni. Per chi non si stanca mai di ascoltare storie simpatiche e avventurose, la replica del giovedì sarà invece un&#8217;altra occasione per immergersi nel magico mondo delle favole. A seguire un laboratorio creativo dedicato, come la lettura stessa, ai bambini dai 3 anni in su.</p>
<p>Per ulteriori informazioni potete chiamare al numero 040/9896153 o scrivere all’indirizzo email <a rel="noopener">mladinskioddelek@knjiznica.it</a>. Seguiteci anche sui social media della Sezione ragazzi. Lepo vabljeni!</p>
</div>
</div>
</div>
</div>
