{"id":24236,"date":"2024-12-17T16:17:48","date_gmt":"2024-12-17T15:17:48","guid":{"rendered":"https:\/\/www.knjiznica.it\/?post_type=mec-events&#038;p=24236"},"modified":"2025-01-10T14:27:17","modified_gmt":"2025-01-10T13:27:17","slug":"ts-pravljicna-urica-575-799-172-505-282-951-105-313-597-324-2-933-206-142-861-574-578-291-144-618-112-840-134-351","status":"publish","type":"mec-events","link":"https:\/\/knjiznica.it\/it\/events\/ts-pravljicna-urica-575-799-172-505-282-951-105-313-597-324-2-933-206-142-861-574-578-291-144-618-112-840-134-351\/","title":{"rendered":"TS &#8211; Incontro con la fiaba con lo Sklad Mitja \u010cuk (replica)"},"content":{"rendered":"<p>La diversit\u00e0 non \u00e8 solo una sfida e un problema. La diversit\u00e0 \u00e8 ricchezza e variet\u00e0, e ci porta all&#8217;accoglienza e al rispetto reciproco. Dopotutto il mondo \u00e8 bello perch\u00e9 \u00e8 vario! Proprio di questo parla la storia Erikova mala ponev che ci verr\u00e0 raccontata dalla giornalista <strong>Eva Ciuk<\/strong> al prossimo incontro con la fiaba, in collaborazione con lo Sklad Mitja \u010cuk.<\/p>\n<p>La replica del nostro appuntamento fiabesco si terr\u00e0 <strong>gioved\u00ec 16 gennaio alle 17.00<\/strong> presso la <strong>Sezione ragazzi<\/strong> della Biblioteca nazionale slovena e degli studi in via Filzi 14.<\/p>\n<p>Nel primo trimestre gli incontri con le fiabe si terranno nelle seguenti date: 28 e 30 gennaio, 11 e 13 febbraio, 25 e 27 febbraio, 11 e 13 marzo, 25 e 27 marzo. Il gioved\u00ec ripeteremo la favola del marted\u00ec, dando cos\u00ec l&#8217;opportunit\u00e0 a un numero maggiore di piccoli e grandi visitatori di parteciparvi, nonostante altri impegni. Per chi non si stanca mai di ascoltare storie simpatiche e avventurose, la replica del gioved\u00ec sar\u00e0 invece un&#8217;altra occasione per immergersi nel magico mondo delle favole. A seguire un laboratorio creativo dedicato, come la lettura stessa, ai bambini dai 3 anni in su.<\/p>\n<p>Per ulteriori informazioni potete chiamare il numero 040\/9896153 o scrivere all\u2019indirizzo email <a rel=\"noopener\">mladinskioddelek@knjiznica.it<\/a>. Seguiteci anche sui social media della Sezione ragazzi. Lepo vabljeni!<\/p>\n<p>&nbsp;<\/p>\n","protected":false},"excerpt":{"rendered":"<p>La diversit\u00e0 non \u00e8 solo una sfida e un problema. La diversit\u00e0 \u00e8 ricchezza e variet\u00e0, e ci porta all&#8217;accoglienza e al rispetto reciproco. Dopotutto il mondo \u00e8 bello perch\u00e9 [&hellip;]<\/p>\n","protected":false},"author":2,"featured_media":0,"comment_status":"closed","ping_status":"closed","template":"","tags":[],"mec_category":[111],"class_list":["post-24236","mec-events","type-mec-events","status-publish","hentry","mec_category-incontri-con-la-fiaba"],"acf":[],"_links":{"self":[{"href":"https:\/\/knjiznica.it\/it\/wp-json\/wp\/v2\/mec-events\/24236","targetHints":{"allow":["GET"]}}],"collection":[{"href":"https:\/\/knjiznica.it\/it\/wp-json\/wp\/v2\/mec-events"}],"about":[{"href":"https:\/\/knjiznica.it\/it\/wp-json\/wp\/v2\/types\/mec-events"}],"author":[{"embeddable":true,"href":"https:\/\/knjiznica.it\/it\/wp-json\/wp\/v2\/users\/2"}],"replies":[{"embeddable":true,"href":"https:\/\/knjiznica.it\/it\/wp-json\/wp\/v2\/comments?post=24236"}],"version-history":[{"count":4,"href":"https:\/\/knjiznica.it\/it\/wp-json\/wp\/v2\/mec-events\/24236\/revisions"}],"predecessor-version":[{"id":24336,"href":"https:\/\/knjiznica.it\/it\/wp-json\/wp\/v2\/mec-events\/24236\/revisions\/24336"}],"wp:attachment":[{"href":"https:\/\/knjiznica.it\/it\/wp-json\/wp\/v2\/media?parent=24236"}],"wp:term":[{"taxonomy":"post_tag","embeddable":true,"href":"https:\/\/knjiznica.it\/it\/wp-json\/wp\/v2\/tags?post=24236"},{"taxonomy":"mec_category","embeddable":true,"href":"https:\/\/knjiznica.it\/it\/wp-json\/wp\/v2\/mec_category?post=24236"}],"curies":[{"name":"wp","href":"https:\/\/api.w.org\/{rel}","templated":true}]}}

TS &#8211; Incontro con la fiaba con lo Sklad Mitja Čuk (replica)

<p>La diversità non è solo una sfida e un problema. La diversità è ricchezza e varietà, e ci porta all&#8217;accoglienza e al rispetto reciproco. Dopotutto il mondo è bello perché è vario! Proprio di questo parla la storia Erikova mala ponev che ci verrà raccontata dalla giornalista <strong>Eva Ciuk</strong> al prossimo incontro con la fiaba, in collaborazione con lo Sklad Mitja Čuk.</p>
<p>La replica del nostro appuntamento fiabesco si terrà <strong>giovedì 16 gennaio alle 17.00</strong> presso la <strong>Sezione ragazzi</strong> della Biblioteca nazionale slovena e degli studi in via Filzi 14.</p>
<p>Nel primo trimestre gli incontri con le fiabe si terranno nelle seguenti date: 28 e 30 gennaio, 11 e 13 febbraio, 25 e 27 febbraio, 11 e 13 marzo, 25 e 27 marzo. Il giovedì ripeteremo la favola del martedì, dando così l&#8217;opportunità a un numero maggiore di piccoli e grandi visitatori di parteciparvi, nonostante altri impegni. Per chi non si stanca mai di ascoltare storie simpatiche e avventurose, la replica del giovedì sarà invece un&#8217;altra occasione per immergersi nel magico mondo delle favole. A seguire un laboratorio creativo dedicato, come la lettura stessa, ai bambini dai 3 anni in su.</p>
<p>Per ulteriori informazioni potete chiamare il numero 040/9896153 o scrivere all’indirizzo email <a rel="noopener">mladinskioddelek@knjiznica.it</a>. Seguiteci anche sui social media della Sezione ragazzi. Lepo vabljeni!</p>
<p>&nbsp;</p>

<p>La diversità non è solo una sfida e un problema. La diversità è ricchezza e varietà, e ci porta all&#8217;accoglienza e al rispetto reciproco. Dopotutto il mondo è bello perché [&hellip;]</p>
