{"id":24421,"date":"2025-01-24T12:17:27","date_gmt":"2025-01-24T11:17:27","guid":{"rendered":"https:\/\/www.knjiznica.it\/?post_type=mec-events&#038;p=24421"},"modified":"2025-01-24T12:17:27","modified_gmt":"2025-01-24T11:17:27","slug":"ts-incontro-con-la-fiaba-con-melita-e-alenka-replica","status":"publish","type":"mec-events","link":"https:\/\/knjiznica.it\/it\/events\/ts-incontro-con-la-fiaba-con-melita-e-alenka-replica\/","title":{"rendered":"TS &#8211; Incontro con la fiaba con Melita e Alenka (replica)"},"content":{"rendered":"<p>Un giorno d&#8217;inverno scoppi\u00f2 una tempesta nella foresta: il vento ululava, nell&#8217;aria volteggiavano foglie e fiocchi di neve, e ovunque c&#8217;erano grandi cumuli di neve. Il vento forte port\u00f2 via la casetta del riccio che decise di andare dal suo amico tasso a riscaldarsi. Lungo la strada incontr\u00f2 tanti animali infreddoliti, e il riccio avrebbe voluto aiutare ognuno di loro&#8230; La fiaba <em>Un giorno d&#8217;inverno<\/em> sar\u00e0 raccontata da Melita Malalan e Alenka Petaros. La replica dell&#8217;incontro con la fiaba si terr\u00e0\u00a0<strong>gioved\u00ec 30 gennaio alle 17.00<\/strong> presso la <strong>Sezione ragazzi<\/strong> della Biblioteca nazionale slovena e degli studi in via Filzi 14.<\/p>\n<p>Nel primo trimestre gli incontri con le fiabe si terranno nelle seguenti date: 11 e 13 febbraio, 25 e 27 febbraio, 11 e 13 marzo, 25 e 27 marzo. Il gioved\u00ec ripeteremo la favola del marted\u00ec, dando cos\u00ec l&#8217;opportunit\u00e0 a un numero maggiore di piccoli e grandi visitatori di parteciparvi, nonostante altri impegni. Per chi non si stanca mai di ascoltare storie simpatiche e avventurose, la replica del gioved\u00ec sar\u00e0 invece un&#8217;altra occasione per immergersi nel magico mondo delle favole. A seguire un laboratorio creativo dedicato, come la lettura stessa, ai bambini dai 3 anni in su.<\/p>\n<p>Per ulteriori informazioni potete chiamare il numero 040\/9896153 o scrivere all\u2019indirizzo email <a rel=\"noopener\">mladinskioddelek@knjiznica.it<\/a>. Seguiteci anche sui social media della Sezione ragazzi. Lepo vabljeni!<\/p>\n","protected":false},"excerpt":{"rendered":"<p>Un giorno d&#8217;inverno scoppi\u00f2 una tempesta nella foresta: il vento ululava, nell&#8217;aria volteggiavano foglie e fiocchi di neve, e ovunque c&#8217;erano grandi cumuli di neve. Il vento forte port\u00f2 via [&hellip;]<\/p>\n","protected":false},"author":2,"featured_media":0,"comment_status":"closed","ping_status":"closed","template":"","tags":[],"mec_category":[111],"class_list":["post-24421","mec-events","type-mec-events","status-publish","hentry","mec_category-incontri-con-la-fiaba"],"acf":[],"_links":{"self":[{"href":"https:\/\/knjiznica.it\/it\/wp-json\/wp\/v2\/mec-events\/24421","targetHints":{"allow":["GET"]}}],"collection":[{"href":"https:\/\/knjiznica.it\/it\/wp-json\/wp\/v2\/mec-events"}],"about":[{"href":"https:\/\/knjiznica.it\/it\/wp-json\/wp\/v2\/types\/mec-events"}],"author":[{"embeddable":true,"href":"https:\/\/knjiznica.it\/it\/wp-json\/wp\/v2\/users\/2"}],"replies":[{"embeddable":true,"href":"https:\/\/knjiznica.it\/it\/wp-json\/wp\/v2\/comments?post=24421"}],"version-history":[{"count":1,"href":"https:\/\/knjiznica.it\/it\/wp-json\/wp\/v2\/mec-events\/24421\/revisions"}],"predecessor-version":[{"id":24422,"href":"https:\/\/knjiznica.it\/it\/wp-json\/wp\/v2\/mec-events\/24421\/revisions\/24422"}],"wp:attachment":[{"href":"https:\/\/knjiznica.it\/it\/wp-json\/wp\/v2\/media?parent=24421"}],"wp:term":[{"taxonomy":"post_tag","embeddable":true,"href":"https:\/\/knjiznica.it\/it\/wp-json\/wp\/v2\/tags?post=24421"},{"taxonomy":"mec_category","embeddable":true,"href":"https:\/\/knjiznica.it\/it\/wp-json\/wp\/v2\/mec_category?post=24421"}],"curies":[{"name":"wp","href":"https:\/\/api.w.org\/{rel}","templated":true}]}}

<p>Un giorno d&#8217;inverno scoppiò una tempesta nella foresta: il vento ululava, nell&#8217;aria volteggiavano foglie e fiocchi di neve, e ovunque c&#8217;erano grandi cumuli di neve. Il vento forte portò via la casetta del riccio che decise di andare dal suo amico tasso a riscaldarsi. Lungo la strada incontrò tanti animali infreddoliti, e il riccio avrebbe voluto aiutare ognuno di loro&#8230; La fiaba <em>Un giorno d&#8217;inverno</em> sarà raccontata da Melita Malalan e Alenka Petaros. La replica dell&#8217;incontro con la fiaba si terrà <strong>giovedì 30 gennaio alle 17.00</strong> presso la <strong>Sezione ragazzi</strong> della Biblioteca nazionale slovena e degli studi in via Filzi 14.</p>
<p>Nel primo trimestre gli incontri con le fiabe si terranno nelle seguenti date: 11 e 13 febbraio, 25 e 27 febbraio, 11 e 13 marzo, 25 e 27 marzo. Il giovedì ripeteremo la favola del martedì, dando così l&#8217;opportunità a un numero maggiore di piccoli e grandi visitatori di parteciparvi, nonostante altri impegni. Per chi non si stanca mai di ascoltare storie simpatiche e avventurose, la replica del giovedì sarà invece un&#8217;altra occasione per immergersi nel magico mondo delle favole. A seguire un laboratorio creativo dedicato, come la lettura stessa, ai bambini dai 3 anni in su.</p>
<p>Per ulteriori informazioni potete chiamare il numero 040/9896153 o scrivere all’indirizzo email <a rel="noopener">mladinskioddelek@knjiznica.it</a>. Seguiteci anche sui social media della Sezione ragazzi. Lepo vabljeni!</p>

<p>Un giorno d&#8217;inverno scoppiò una tempesta nella foresta: il vento ululava, nell&#8217;aria volteggiavano foglie e fiocchi di neve, e ovunque c&#8217;erano grandi cumuli di neve. Il vento forte portò via [&hellip;]</p>
