{"id":26059,"date":"2025-10-07T11:34:25","date_gmt":"2025-10-07T09:34:25","guid":{"rendered":"https:\/\/knjiznica.it\/events\/go-giornate-fai-dautunno\/"},"modified":"2025-10-07T11:39:03","modified_gmt":"2025-10-07T09:39:03","slug":"go-giornate-fai-dautunno","status":"publish","type":"mec-events","link":"https:\/\/knjiznica.it\/it\/events\/go-giornate-fai-dautunno\/","title":{"rendered":"GO &#8211; GIORNATE FAI D&#8217;AUTUNNO"},"content":{"rendered":"<p><img fetchpriority=\"high\" decoding=\"async\" class=\"alignnone size-full wp-image-26040\" src=\"https:\/\/knjiznica.it\/wp-content\/uploads\/2025\/10\/VisualGFA2019Chiaro.avif\" alt=\"\" width=\"1440\" height=\"456\" \/><\/p>\n<p>Sabato 11 e domenica 12 ottobre 2025 tornano a Gorizia le Giornate FAI d\u2019Autunno, il grande evento di piazza che il FAI \u2013 Fondo per l\u2019Ambiente Italiano ETS dedica ogni anno, in autunno, al patrimonio culturale e paesaggistico d\u2019Italia. Durante il fine settimana sono proposte speciali visite a contributo libero in luoghi straordinari, spesso inaccessibili o poco conosciuti e valorizzati.<br \/>\nTra le diverse iniziative proposte nel capoluogo isontino (elenco completo dei luoghi aperti e modalit\u00e0 di partecipazione su www.giornatefai.it), la Delegazione FAI di Gorizia organizza delle visite in lingua italiana e slovena dedicate alla biblioteca del Trgovski dom.<br \/>\nLa visita, grazie a relatori d\u2019eccezione quali gli stessi operatori di questo luogo di cultura, permetter\u00e0 di apprezzare il lato artistico-architettonico dell\u2019edificio oltre che gli spazi interni, che oggi accolgono il frequentatore in un ambiente moderno e pieno di vita, specchio della multiculturalit\u00e0 del territorio goriziano. Verr\u00e0 anche ripercorsa la tormentata storia del Trgovski dom. L&#8217;edificio, progettato da Maks Fabiani nel 1904 e divenuto da subito il cuore della comunit\u00e0 slovena di Gorizia riunendo sotto lo stesso tetto cultura, sport, socialit\u00e0, associazioni e attivit\u00e0 quotidiane, nel 1926 fu preso d&#8217;assalto dai fascisti, che ne devastarono gli spazi e lo trasformarono nella Casa del fascio. Solo dopo vari decenni l\u2019edificio sar\u00e0 restituito alla comunit\u00e0 slovena di Gorizia, ci\u00f2 avverr\u00e0 2001 con l&#8217;approvazione della legge di tutela della minoranza slovena. Oggi il Trgovski dom ospita la Biblioteca slovena Damir Feigel e le scuole di musica slovene, tornando a essere ci\u00f2 che \u00e8 sempre stato: un luogo di incontro, creativit\u00e0 e cultura, simbolo della presenza e della vitalit\u00e0 slovena a Gorizia.<\/p>\n<p><span style=\"color: #993366;\"><strong>VISITE:<\/strong><\/span><\/p>\n<p><span style=\"color: #993366;\"><strong>Sabato 11 ottobre, ore 15.00 in italiano<\/strong><\/span><br \/>\n<span style=\"color: #993366;\"><strong>Sabato 11 ottobre, ore 16.00 in sloveno<\/strong><\/span><\/p>\n<p><span style=\"color: #993366;\"><strong>Domenica 12 ottobre alle 15:00 in italiano<\/strong><\/span><br \/>\n<span style=\"color: #993366;\"><strong>Domenica 12 ottobre alle 16:00 in italiano<\/strong><\/span><\/p>\n<p><span style=\"color: #993366;\"><strong>Per la visita al Trgovski dom \u00e8 obbligatoria la prenotazione all&#8217;indirizzo gorizia@delegazionefai.fondoambiente.it entro il 9 ottobre.<\/strong><\/span><\/p>\n<p>Partecipare alle Giornate FAI non \u00e8 solo un\u2019occasione per scoprire e per godersi il patrimonio che ci circonda, ma anche un modo concreto per contribuire alla sua cura e alla sua valorizzazione attraverso la missione del FAI; per questo motivo si potr\u00e0 sostenere la missione del FAI con una donazione (contributo minimo richiesto: 5\u20ac).<\/p>\n","protected":false},"excerpt":{"rendered":"<p>Sabato 11 e domenica 12 ottobre 2025 tornano a Gorizia le Giornate FAI d\u2019Autunno, il grande evento di piazza che il FAI \u2013 Fondo per l\u2019Ambiente Italiano ETS dedica ogni [&hellip;]<\/p>\n","protected":false},"author":11,"featured_media":26057,"comment_status":"closed","ping_status":"closed","template":"","tags":[],"mec_category":[137],"class_list":["post-26059","mec-events","type-mec-events","status-publish","has-post-thumbnail","hentry","mec_category-posebni-dogodki-it"],"acf":[],"_links":{"self":[{"href":"https:\/\/knjiznica.it\/it\/wp-json\/wp\/v2\/mec-events\/26059","targetHints":{"allow":["GET"]}}],"collection":[{"href":"https:\/\/knjiznica.it\/it\/wp-json\/wp\/v2\/mec-events"}],"about":[{"href":"https:\/\/knjiznica.it\/it\/wp-json\/wp\/v2\/types\/mec-events"}],"author":[{"embeddable":true,"href":"https:\/\/knjiznica.it\/it\/wp-json\/wp\/v2\/users\/11"}],"replies":[{"embeddable":true,"href":"https:\/\/knjiznica.it\/it\/wp-json\/wp\/v2\/comments?post=26059"}],"version-history":[{"count":2,"href":"https:\/\/knjiznica.it\/it\/wp-json\/wp\/v2\/mec-events\/26059\/revisions"}],"predecessor-version":[{"id":26061,"href":"https:\/\/knjiznica.it\/it\/wp-json\/wp\/v2\/mec-events\/26059\/revisions\/26061"}],"wp:featuredmedia":[{"embeddable":true,"href":"https:\/\/knjiznica.it\/it\/wp-json\/wp\/v2\/media\/26057"}],"wp:attachment":[{"href":"https:\/\/knjiznica.it\/it\/wp-json\/wp\/v2\/media?parent=26059"}],"wp:term":[{"taxonomy":"post_tag","embeddable":true,"href":"https:\/\/knjiznica.it\/it\/wp-json\/wp\/v2\/tags?post=26059"},{"taxonomy":"mec_category","embeddable":true,"href":"https:\/\/knjiznica.it\/it\/wp-json\/wp\/v2\/mec_category?post=26059"}],"curies":[{"name":"wp","href":"https:\/\/api.w.org\/{rel}","templated":true}]}}

<p><img fetchpriority="high" decoding="async" class="alignnone size-full wp-image-26040" src="https://knjiznica.it/wp-content/uploads/2025/10/VisualGFA2019Chiaro.avif" alt="" width="1440" height="456" /></p>
<p>Sabato 11 e domenica 12 ottobre 2025 tornano a Gorizia le Giornate FAI d’Autunno, il grande evento di piazza che il FAI – Fondo per l’Ambiente Italiano ETS dedica ogni anno, in autunno, al patrimonio culturale e paesaggistico d’Italia. Durante il fine settimana sono proposte speciali visite a contributo libero in luoghi straordinari, spesso inaccessibili o poco conosciuti e valorizzati.<br />
Tra le diverse iniziative proposte nel capoluogo isontino (elenco completo dei luoghi aperti e modalità di partecipazione su www.giornatefai.it), la Delegazione FAI di Gorizia organizza delle visite in lingua italiana e slovena dedicate alla biblioteca del Trgovski dom.<br />
La visita, grazie a relatori d’eccezione quali gli stessi operatori di questo luogo di cultura, permetterà di apprezzare il lato artistico-architettonico dell’edificio oltre che gli spazi interni, che oggi accolgono il frequentatore in un ambiente moderno e pieno di vita, specchio della multiculturalità del territorio goriziano. Verrà anche ripercorsa la tormentata storia del Trgovski dom. L&#8217;edificio, progettato da Maks Fabiani nel 1904 e divenuto da subito il cuore della comunità slovena di Gorizia riunendo sotto lo stesso tetto cultura, sport, socialità, associazioni e attività quotidiane, nel 1926 fu preso d&#8217;assalto dai fascisti, che ne devastarono gli spazi e lo trasformarono nella Casa del fascio. Solo dopo vari decenni l’edificio sarà restituito alla comunità slovena di Gorizia, ciò avverrà 2001 con l&#8217;approvazione della legge di tutela della minoranza slovena. Oggi il Trgovski dom ospita la Biblioteca slovena Damir Feigel e le scuole di musica slovene, tornando a essere ciò che è sempre stato: un luogo di incontro, creatività e cultura, simbolo della presenza e della vitalità slovena a Gorizia.</p>
<p><span style="color: #993366;"><strong>VISITE:</strong></span></p>
<p><span style="color: #993366;"><strong>Sabato 11 ottobre, ore 15.00 in italiano</strong></span><br />
<span style="color: #993366;"><strong>Sabato 11 ottobre, ore 16.00 in sloveno</strong></span></p>
<p><span style="color: #993366;"><strong>Domenica 12 ottobre alle 15:00 in italiano</strong></span><br />
<span style="color: #993366;"><strong>Domenica 12 ottobre alle 16:00 in italiano</strong></span></p>
<p><span style="color: #993366;"><strong>Per la visita al Trgovski dom è obbligatoria la prenotazione all&#8217;indirizzo gorizia@delegazionefai.fondoambiente.it entro il 9 ottobre.</strong></span></p>
<p>Partecipare alle Giornate FAI non è solo un’occasione per scoprire e per godersi il patrimonio che ci circonda, ma anche un modo concreto per contribuire alla sua cura e alla sua valorizzazione attraverso la missione del FAI; per questo motivo si potrà sostenere la missione del FAI con una donazione (contributo minimo richiesto: 5€).</p>
