{"id":26072,"date":"2025-10-07T14:14:17","date_gmt":"2025-10-07T12:14:17","guid":{"rendered":"https:\/\/knjiznica.it\/events\/go-incontro-con-la-fiaba-47\/"},"modified":"2025-10-07T14:15:18","modified_gmt":"2025-10-07T12:15:18","slug":"go-incontro-con-la-fiaba-47","status":"publish","type":"mec-events","link":"https:\/\/knjiznica.it\/it\/events\/go-incontro-con-la-fiaba-47\/","title":{"rendered":"GO &#8211; Incontro con la fiaba"},"content":{"rendered":"<p><span style=\"color: #993366;\"><strong>Luned\u00ec 13 ottobre alle 17.30, Melita Malalan e Alenka Petaros racconteranno a modo loro la fiaba <em>Marta nello spazio<\/em>, scritta da Nika Coti\u010d.<\/strong><\/span><\/p>\n<p>Con Marta voleremo tra i pianeti, dove incontrer\u00e0 diversi personaggi e li aiuter\u00e0 a superare la paura, la tristezza e i dubbi. I bambini scopriranno cos\u00ec che anche i sogni fanno parte del mondo reale della fantasia e dei desideri.<\/p>\n<p>Dopo il racconto seguir\u00e0 un breve laboratorio creativo.<br \/>\nL\u2019ingresso \u00e8 libero \u2014 sono invitati tutti i piccoli ascoltatori dai 3 anni in su e le loro famiglie!<\/p>\n<p><em>I nostri incontri con le fiabe sono pi\u00f9 di un semplice ascolto di storie. Aprono ai bambini le porte del mondo dell\u2019immaginazione, stimolano la curiosit\u00e0, arricchiscono il vocabolario e insegnano il valore del coraggio, dell\u2019amicizia e della capacit\u00e0 di affrontare le difficolt\u00e0. Allo stesso tempo offrono un\u2019occasione di incontro, creativit\u00e0 e piacevoli pomeriggi in biblioteca. Ogni luned\u00ec di ottobre e novembre e da gennaio a maggio alle 17.30 nella Biblioteca Feigel.<\/em><\/p>\n","protected":false},"excerpt":{"rendered":"<p>Luned\u00ec 13 ottobre alle 17.30, Melita Malalan e Alenka Petaros racconteranno a modo loro la fiaba Marta nello spazio, scritta da Nika Coti\u010d. Con Marta voleremo tra i pianeti, dove [&hellip;]<\/p>\n","protected":false},"author":11,"featured_media":26071,"comment_status":"closed","ping_status":"closed","template":"","tags":[],"mec_category":[111],"class_list":["post-26072","mec-events","type-mec-events","status-publish","has-post-thumbnail","hentry","mec_category-incontri-con-la-fiaba"],"acf":[],"_links":{"self":[{"href":"https:\/\/knjiznica.it\/it\/wp-json\/wp\/v2\/mec-events\/26072","targetHints":{"allow":["GET"]}}],"collection":[{"href":"https:\/\/knjiznica.it\/it\/wp-json\/wp\/v2\/mec-events"}],"about":[{"href":"https:\/\/knjiznica.it\/it\/wp-json\/wp\/v2\/types\/mec-events"}],"author":[{"embeddable":true,"href":"https:\/\/knjiznica.it\/it\/wp-json\/wp\/v2\/users\/11"}],"replies":[{"embeddable":true,"href":"https:\/\/knjiznica.it\/it\/wp-json\/wp\/v2\/comments?post=26072"}],"version-history":[{"count":1,"href":"https:\/\/knjiznica.it\/it\/wp-json\/wp\/v2\/mec-events\/26072\/revisions"}],"predecessor-version":[{"id":26073,"href":"https:\/\/knjiznica.it\/it\/wp-json\/wp\/v2\/mec-events\/26072\/revisions\/26073"}],"wp:featuredmedia":[{"embeddable":true,"href":"https:\/\/knjiznica.it\/it\/wp-json\/wp\/v2\/media\/26071"}],"wp:attachment":[{"href":"https:\/\/knjiznica.it\/it\/wp-json\/wp\/v2\/media?parent=26072"}],"wp:term":[{"taxonomy":"post_tag","embeddable":true,"href":"https:\/\/knjiznica.it\/it\/wp-json\/wp\/v2\/tags?post=26072"},{"taxonomy":"mec_category","embeddable":true,"href":"https:\/\/knjiznica.it\/it\/wp-json\/wp\/v2\/mec_category?post=26072"}],"curies":[{"name":"wp","href":"https:\/\/api.w.org\/{rel}","templated":true}]}}

<p><span style="color: #993366;"><strong>Lunedì 13 ottobre alle 17.30, Melita Malalan e Alenka Petaros racconteranno a modo loro la fiaba <em>Marta nello spazio</em>, scritta da Nika Cotič.</strong></span></p>
<p>Con Marta voleremo tra i pianeti, dove incontrerà diversi personaggi e li aiuterà a superare la paura, la tristezza e i dubbi. I bambini scopriranno così che anche i sogni fanno parte del mondo reale della fantasia e dei desideri.</p>
<p>Dopo il racconto seguirà un breve laboratorio creativo.<br />
L’ingresso è libero — sono invitati tutti i piccoli ascoltatori dai 3 anni in su e le loro famiglie!</p>
<p><em>I nostri incontri con le fiabe sono più di un semplice ascolto di storie. Aprono ai bambini le porte del mondo dell’immaginazione, stimolano la curiosità, arricchiscono il vocabolario e insegnano il valore del coraggio, dell’amicizia e della capacità di affrontare le difficoltà. Allo stesso tempo offrono un’occasione di incontro, creatività e piacevoli pomeriggi in biblioteca. Ogni lunedì di ottobre e novembre e da gennaio a maggio alle 17.30 nella Biblioteca Feigel.</em></p>

<p>Lunedì 13 ottobre alle 17.30, Melita Malalan e Alenka Petaros racconteranno a modo loro la fiaba Marta nello spazio, scritta da Nika Cotič. Con Marta voleremo tra i pianeti, dove [&hellip;]</p>
