{"id":26163,"date":"2025-10-16T18:00:31","date_gmt":"2025-10-16T16:00:31","guid":{"rendered":"https:\/\/knjiznica.it\/?post_type=mec-events&#038;p=26163"},"modified":"2025-10-22T10:03:28","modified_gmt":"2025-10-22T08:03:28","slug":"ts-pravljicna-urica-z-melito-malalan-in-alenko-petaros-530","status":"publish","type":"mec-events","link":"https:\/\/knjiznica.it\/it\/events\/ts-pravljicna-urica-z-melito-malalan-in-alenko-petaros-530\/","title":{"rendered":"TS &#8211; Incontro con la fiaba con Erika Labiani e Alexa Gherbassi"},"content":{"rendered":"<p data-start=\"52\" data-end=\"483\">Hana si pone un obiettivo coraggioso: partecipare ad un talent show con un numero musicale. Per la sua esibizione trova ispirazione nei ricordi pi\u00f9 cari e nei suoni quotidiani che la maggior parte delle persone non percepisce. La storia insegna ai bambini quanto siano importanti la perseveranza, la creativit\u00e0 e la fiducia in s\u00e9 stessi, anche quando ci troviamo di fronte ad una sfida difficile.<\/p>\n<p data-start=\"485\" data-end=\"812\">La fiaba <em data-start=\"494\" data-end=\"528\">Hana Hashimoto<\/em> scritta da Chieri Uegaki e illustrata da Qin Leng, sar\u00e0 raccontata dalle insegnanti della scuola primaria Alexa Gherbassi ed Erika Labiani. L&#8217;incontro avr\u00e0 luogo <strong>marted\u00ec 28 ottobre alle 17.00<\/strong> presso la Sezione ragazzi in via Filzi 14. La <strong>replica gioved\u00ec 30 ottobre<\/strong> alla stessa ora. L&#8217;incontro come pure il <strong>laboratorio creativo<\/strong> \u00e8 dedicato ai <strong>bambini dai 3 anni<\/strong>.<\/p>\n<p data-start=\"485\" data-end=\"812\">Anche in quest&#8217;anno scolastico gli incontri si svolgeranno ogni due settimane: l&#8217;11 e il 13 novembre, il 25 e il 27 novembre, e il 9 e l&#8217;11 dicembre. Il gioved\u00ec si terr\u00e0 la replica della fiaba del marted\u00ec, in modo da dare l&#8217;opportunit\u00e0 a un numero maggiore di piccoli e grandi visitatori di parteciparvi, nonostante altri impegni.<\/p>\n<p>Per maggiori informazioni chiamateci al 040\/9896153 oppure scrivete all\u2019indirizzo mladinskioddelek@knjiznica.it. Seguiteci anche sui social!<\/p>\n","protected":false},"excerpt":{"rendered":"<p>Hana si pone un obiettivo coraggioso: partecipare ad un talent show con un numero musicale. Per la sua esibizione trova ispirazione nei ricordi pi\u00f9 cari e nei suoni quotidiani che [&hellip;]<\/p>\n","protected":false},"author":2,"featured_media":26204,"comment_status":"closed","ping_status":"closed","template":"","tags":[],"mec_category":[111],"class_list":["post-26163","mec-events","type-mec-events","status-publish","has-post-thumbnail","hentry","mec_category-incontri-con-la-fiaba"],"acf":[],"_links":{"self":[{"href":"https:\/\/knjiznica.it\/it\/wp-json\/wp\/v2\/mec-events\/26163","targetHints":{"allow":["GET"]}}],"collection":[{"href":"https:\/\/knjiznica.it\/it\/wp-json\/wp\/v2\/mec-events"}],"about":[{"href":"https:\/\/knjiznica.it\/it\/wp-json\/wp\/v2\/types\/mec-events"}],"author":[{"embeddable":true,"href":"https:\/\/knjiznica.it\/it\/wp-json\/wp\/v2\/users\/2"}],"replies":[{"embeddable":true,"href":"https:\/\/knjiznica.it\/it\/wp-json\/wp\/v2\/comments?post=26163"}],"version-history":[{"count":6,"href":"https:\/\/knjiznica.it\/it\/wp-json\/wp\/v2\/mec-events\/26163\/revisions"}],"predecessor-version":[{"id":26211,"href":"https:\/\/knjiznica.it\/it\/wp-json\/wp\/v2\/mec-events\/26163\/revisions\/26211"}],"wp:featuredmedia":[{"embeddable":true,"href":"https:\/\/knjiznica.it\/it\/wp-json\/wp\/v2\/media\/26204"}],"wp:attachment":[{"href":"https:\/\/knjiznica.it\/it\/wp-json\/wp\/v2\/media?parent=26163"}],"wp:term":[{"taxonomy":"post_tag","embeddable":true,"href":"https:\/\/knjiznica.it\/it\/wp-json\/wp\/v2\/tags?post=26163"},{"taxonomy":"mec_category","embeddable":true,"href":"https:\/\/knjiznica.it\/it\/wp-json\/wp\/v2\/mec_category?post=26163"}],"curies":[{"name":"wp","href":"https:\/\/api.w.org\/{rel}","templated":true}]}}

<p data-start="52" data-end="483">Hana si pone un obiettivo coraggioso: partecipare ad un talent show con un numero musicale. Per la sua esibizione trova ispirazione nei ricordi più cari e nei suoni quotidiani che la maggior parte delle persone non percepisce. La storia insegna ai bambini quanto siano importanti la perseveranza, la creatività e la fiducia in sé stessi, anche quando ci troviamo di fronte ad una sfida difficile.</p>
<p data-start="485" data-end="812">La fiaba <em data-start="494" data-end="528">Hana Hashimoto</em> scritta da Chieri Uegaki e illustrata da Qin Leng, sarà raccontata dalle insegnanti della scuola primaria Alexa Gherbassi ed Erika Labiani. L&#8217;incontro avrà luogo <strong>martedì 28 ottobre alle 17.00</strong> presso la Sezione ragazzi in via Filzi 14. La <strong>replica giovedì 30 ottobre</strong> alla stessa ora. L&#8217;incontro come pure il <strong>laboratorio creativo</strong> è dedicato ai <strong>bambini dai 3 anni</strong>.</p>
<p data-start="485" data-end="812">Anche in quest&#8217;anno scolastico gli incontri si svolgeranno ogni due settimane: l&#8217;11 e il 13 novembre, il 25 e il 27 novembre, e il 9 e l&#8217;11 dicembre. Il giovedì si terrà la replica della fiaba del martedì, in modo da dare l&#8217;opportunità a un numero maggiore di piccoli e grandi visitatori di parteciparvi, nonostante altri impegni.</p>
<p>Per maggiori informazioni chiamateci al 040/9896153 oppure scrivete all’indirizzo mladinskioddelek@knjiznica.it. Seguiteci anche sui social!</p>

<p>Hana si pone un obiettivo coraggioso: partecipare ad un talent show con un numero musicale. Per la sua esibizione trova ispirazione nei ricordi più cari e nei suoni quotidiani che [&hellip;]</p>
