{"id":26326,"date":"2025-11-11T14:37:16","date_gmt":"2025-11-11T13:37:16","guid":{"rendered":"https:\/\/knjiznica.it\/events\/go-incontro-con-la-fiaba-51\/"},"modified":"2025-11-11T14:41:30","modified_gmt":"2025-11-11T13:41:30","slug":"go-incontro-con-la-fiaba-51","status":"publish","type":"mec-events","link":"https:\/\/knjiznica.it\/it\/events\/go-incontro-con-la-fiaba-51\/","title":{"rendered":"GO &#8211; Incontro con la fiaba"},"content":{"rendered":"<p><span style=\"color: #993366;\"><strong>Il prossimo incontro con la fiaba nella Biblioteca Feigel si terr\u00e0 luned\u00ec 17 novembre alle ore 17.30. Bogdan Podver\u0161i\u010d racconter\u00e0 la fiaba Jabol\u010dni kralj.<\/strong><\/span><\/p>\n<p>Dopo il racconto seguir\u00e0 un breve laboratorio creativo.<br \/>\nL&#8217;ingresso \u00e8 gratuito \u2014 sono invitati tutti i piccoli ascoltatori dai 3 anni in su e le loro famiglie!<br \/>\nGli incontri con la fiaba da noi sono molto pi\u00f9 che semplice ascolto di storie. Aprono ai bambini le porte del mondo della fantasia, stimolano la curiosit\u00e0, arricchiscono il vocabolario e insegnano il coraggio, l&#8217;amicizia e la risoluzione dei problemi. Allo stesso tempo sono un&#8217;occasione per stare insieme, creare e trascorrere piacevolmente i pomeriggi in biblioteca. Ogni luned\u00ec di ottobre e novembre alle ore 17.30 nella Biblioteca Feigel.<\/p>\n","protected":false},"excerpt":{"rendered":"<p>Il prossimo incontro con la fiaba nella Biblioteca Feigel si terr\u00e0 luned\u00ec 17 novembre alle ore 17.30. Bogdan Podver\u0161i\u010d racconter\u00e0 la fiaba Jabol\u010dni kralj. Dopo il racconto seguir\u00e0 un breve [&hellip;]<\/p>\n","protected":false},"author":11,"featured_media":26071,"comment_status":"closed","ping_status":"closed","template":"","tags":[],"mec_category":[111],"class_list":["post-26326","mec-events","type-mec-events","status-publish","has-post-thumbnail","hentry","mec_category-incontri-con-la-fiaba"],"acf":[],"_links":{"self":[{"href":"https:\/\/knjiznica.it\/it\/wp-json\/wp\/v2\/mec-events\/26326","targetHints":{"allow":["GET"]}}],"collection":[{"href":"https:\/\/knjiznica.it\/it\/wp-json\/wp\/v2\/mec-events"}],"about":[{"href":"https:\/\/knjiznica.it\/it\/wp-json\/wp\/v2\/types\/mec-events"}],"author":[{"embeddable":true,"href":"https:\/\/knjiznica.it\/it\/wp-json\/wp\/v2\/users\/11"}],"replies":[{"embeddable":true,"href":"https:\/\/knjiznica.it\/it\/wp-json\/wp\/v2\/comments?post=26326"}],"version-history":[{"count":2,"href":"https:\/\/knjiznica.it\/it\/wp-json\/wp\/v2\/mec-events\/26326\/revisions"}],"predecessor-version":[{"id":26329,"href":"https:\/\/knjiznica.it\/it\/wp-json\/wp\/v2\/mec-events\/26326\/revisions\/26329"}],"wp:featuredmedia":[{"embeddable":true,"href":"https:\/\/knjiznica.it\/it\/wp-json\/wp\/v2\/media\/26071"}],"wp:attachment":[{"href":"https:\/\/knjiznica.it\/it\/wp-json\/wp\/v2\/media?parent=26326"}],"wp:term":[{"taxonomy":"post_tag","embeddable":true,"href":"https:\/\/knjiznica.it\/it\/wp-json\/wp\/v2\/tags?post=26326"},{"taxonomy":"mec_category","embeddable":true,"href":"https:\/\/knjiznica.it\/it\/wp-json\/wp\/v2\/mec_category?post=26326"}],"curies":[{"name":"wp","href":"https:\/\/api.w.org\/{rel}","templated":true}]}}

<p><span style="color: #993366;"><strong>Il prossimo incontro con la fiaba nella Biblioteca Feigel si terrà lunedì 17 novembre alle ore 17.30. Bogdan Podveršič racconterà la fiaba Jabolčni kralj.</strong></span></p>
<p>Dopo il racconto seguirà un breve laboratorio creativo.<br />
L&#8217;ingresso è gratuito — sono invitati tutti i piccoli ascoltatori dai 3 anni in su e le loro famiglie!<br />
Gli incontri con la fiaba da noi sono molto più che semplice ascolto di storie. Aprono ai bambini le porte del mondo della fantasia, stimolano la curiosità, arricchiscono il vocabolario e insegnano il coraggio, l&#8217;amicizia e la risoluzione dei problemi. Allo stesso tempo sono un&#8217;occasione per stare insieme, creare e trascorrere piacevolmente i pomeriggi in biblioteca. Ogni lunedì di ottobre e novembre alle ore 17.30 nella Biblioteca Feigel.</p>

<p>Il prossimo incontro con la fiaba nella Biblioteca Feigel si terrà lunedì 17 novembre alle ore 17.30. Bogdan Podveršič racconterà la fiaba Jabolčni kralj. Dopo il racconto seguirà un breve [&hellip;]</p>
