{"id":26417,"date":"2025-11-13T18:00:13","date_gmt":"2025-11-13T17:00:13","guid":{"rendered":"https:\/\/knjiznica.it\/events\/ts-pravljicna-urica-z-melito-malalan-in-alenko-petaros-530-184-837\/"},"modified":"2025-11-21T14:14:38","modified_gmt":"2025-11-21T13:14:38","slug":"ts-pravljicna-urica-z-melito-malalan-in-alenko-petaros-530-184-837","status":"publish","type":"mec-events","link":"https:\/\/knjiznica.it\/it\/events\/ts-pravljicna-urica-z-melito-malalan-in-alenko-petaros-530-184-837\/","title":{"rendered":"TS &#8211; Incontro con la fiaba con Lara Komar"},"content":{"rendered":"<p data-start=\"728\" data-end=\"947\">Dicembre \u00e8 un mese carico di aspettative e di magia. La fiaba <em>\u010cas za svetega Miklav\u017ea<\/em> dell&#8217;autore Luca Foccroulle e illustrato da Annick Masson ci trasporta nel mondo di due bambini, Petra e Miha, che con trepidazione attendono l&#8217;arrivo di San Nicol\u00f2. L&#8217;amata attrice Lara Komar ci racconter\u00e0 questa storia sulla gratitudine e bont\u00e0, introducendoci cos\u00ec nell&#8217;atmosfera festosa di dicembre.<\/p>\n<p data-start=\"728\" data-end=\"947\">L&#8217;incontro con la fiaba di San Nicol\u00f2 si terr\u00e0 <strong data-start=\"771\" data-end=\"794\">marted\u00ec 25 novembre<\/strong>\u00a0alle <strong data-start=\"838\" data-end=\"847\">17:00<\/strong> presso la <strong data-start=\"858\" data-end=\"918\">Sezione ragazzi della Biblioteca Nazionale e degli Studi<\/strong> (Narodni Dom, Via Filzi 14). La replica, come di consueto, avr\u00e0 luogo <strong data-start=\"808\" data-end=\"831\">gioved\u00ec 27 novembre <\/strong>alla stessa ora.<\/p>\n<p data-start=\"949\" data-end=\"1392\">Gli ultimi due incontri con la fiaba di quest&#8217;anno si terranno il <strong>9 e l&#8217;11 dicembre<\/strong>. Ma non preoccupatevi, ci rivediamo a gennaio!<\/p>\n<p data-start=\"949\" data-end=\"1392\">Il gioved\u00ec riproponiamo la fiaba del marted\u00ec, dando cos\u00ec l&#8217;opportunit\u00e0 ad un maggior numero di piccoli e grandi visitatori di parteciparvi, nonostane altri impegni. Per chi invece non si stanca mai dei nostri racconti, la replica del gioved\u00ec \u00e8 una nuova occasione per immergersi ancora una volta nel mondo delle fiabe.<\/p>\n<p data-start=\"1394\" data-end=\"1519\">Dopo il racconto segue un laboratorio creativo, entrambi adatti ai bambini <strong data-start=\"1498\" data-end=\"1518\">dai 3 anni<\/strong>. Per qualsiasi informazione chiamateci al numero <strong data-start=\"1575\" data-end=\"1590\">040\/9896153<\/strong> oppure scriveteci all\u2019indirizzo e-mail <strong data-start=\"1628\" data-end=\"1661\"><a class=\"decorated-link cursor-pointer\" rel=\"noopener\" data-start=\"1630\" data-end=\"1659\">mladinskioddelek@knjiznica.it<\/a><\/strong><\/p>\n","protected":false},"excerpt":{"rendered":"<p>Dicembre \u00e8 un mese carico di aspettative e di magia. La fiaba \u010cas za svetega Miklav\u017ea dell&#8217;autore Luca Foccroulle e illustrato da Annick Masson ci trasporta nel mondo di due [&hellip;]<\/p>\n","protected":false},"author":2,"featured_media":26424,"comment_status":"closed","ping_status":"closed","template":"","tags":[],"mec_category":[111],"class_list":["post-26417","mec-events","type-mec-events","status-publish","has-post-thumbnail","hentry","mec_category-incontri-con-la-fiaba"],"acf":[],"_links":{"self":[{"href":"https:\/\/knjiznica.it\/it\/wp-json\/wp\/v2\/mec-events\/26417","targetHints":{"allow":["GET"]}}],"collection":[{"href":"https:\/\/knjiznica.it\/it\/wp-json\/wp\/v2\/mec-events"}],"about":[{"href":"https:\/\/knjiznica.it\/it\/wp-json\/wp\/v2\/types\/mec-events"}],"author":[{"embeddable":true,"href":"https:\/\/knjiznica.it\/it\/wp-json\/wp\/v2\/users\/2"}],"replies":[{"embeddable":true,"href":"https:\/\/knjiznica.it\/it\/wp-json\/wp\/v2\/comments?post=26417"}],"version-history":[{"count":7,"href":"https:\/\/knjiznica.it\/it\/wp-json\/wp\/v2\/mec-events\/26417\/revisions"}],"predecessor-version":[{"id":26471,"href":"https:\/\/knjiznica.it\/it\/wp-json\/wp\/v2\/mec-events\/26417\/revisions\/26471"}],"wp:featuredmedia":[{"embeddable":true,"href":"https:\/\/knjiznica.it\/it\/wp-json\/wp\/v2\/media\/26424"}],"wp:attachment":[{"href":"https:\/\/knjiznica.it\/it\/wp-json\/wp\/v2\/media?parent=26417"}],"wp:term":[{"taxonomy":"post_tag","embeddable":true,"href":"https:\/\/knjiznica.it\/it\/wp-json\/wp\/v2\/tags?post=26417"},{"taxonomy":"mec_category","embeddable":true,"href":"https:\/\/knjiznica.it\/it\/wp-json\/wp\/v2\/mec_category?post=26417"}],"curies":[{"name":"wp","href":"https:\/\/api.w.org\/{rel}","templated":true}]}}

<p data-start="728" data-end="947">Dicembre è un mese carico di aspettative e di magia. La fiaba <em>Čas za svetega Miklavža</em> dell&#8217;autore Luca Foccroulle e illustrato da Annick Masson ci trasporta nel mondo di due bambini, Petra e Miha, che con trepidazione attendono l&#8217;arrivo di San Nicolò. L&#8217;amata attrice Lara Komar ci racconterà questa storia sulla gratitudine e bontà, introducendoci così nell&#8217;atmosfera festosa di dicembre.</p>
<p data-start="728" data-end="947">L&#8217;incontro con la fiaba di San Nicolò si terrà <strong data-start="771" data-end="794">martedì 25 novembre</strong> alle <strong data-start="838" data-end="847">17:00</strong> presso la <strong data-start="858" data-end="918">Sezione ragazzi della Biblioteca Nazionale e degli Studi</strong> (Narodni Dom, Via Filzi 14). La replica, come di consueto, avrà luogo <strong data-start="808" data-end="831">giovedì 27 novembre </strong>alla stessa ora.</p>
<p data-start="949" data-end="1392">Gli ultimi due incontri con la fiaba di quest&#8217;anno si terranno il <strong>9 e l&#8217;11 dicembre</strong>. Ma non preoccupatevi, ci rivediamo a gennaio!</p>
<p data-start="949" data-end="1392">Il giovedì riproponiamo la fiaba del martedì, dando così l&#8217;opportunità ad un maggior numero di piccoli e grandi visitatori di parteciparvi, nonostane altri impegni. Per chi invece non si stanca mai dei nostri racconti, la replica del giovedì è una nuova occasione per immergersi ancora una volta nel mondo delle fiabe.</p>
<p data-start="1394" data-end="1519">Dopo il racconto segue un laboratorio creativo, entrambi adatti ai bambini <strong data-start="1498" data-end="1518">dai 3 anni</strong>. Per qualsiasi informazione chiamateci al numero <strong data-start="1575" data-end="1590">040/9896153</strong> oppure scriveteci all’indirizzo e-mail <strong data-start="1628" data-end="1661"><a class="decorated-link cursor-pointer" rel="noopener" data-start="1630" data-end="1659">mladinskioddelek@knjiznica.it</a></strong></p>

<p>Dicembre è un mese carico di aspettative e di magia. La fiaba Čas za svetega Miklavža dell&#8217;autore Luca Foccroulle e illustrato da Annick Masson ci trasporta nel mondo di due [&hellip;]</p>
