{"id":26580,"date":"2025-12-02T18:54:27","date_gmt":"2025-12-02T17:54:27","guid":{"rendered":"https:\/\/knjiznica.it\/events\/ts-pravljicna-urica-z-melito-malalan-in-alenko-petaros-530-184-837-617\/"},"modified":"2025-12-05T15:26:11","modified_gmt":"2025-12-05T14:26:11","slug":"ts-pravljicna-urica-z-melito-malalan-in-alenko-petaros-530-184-837-617","status":"publish","type":"mec-events","link":"https:\/\/knjiznica.it\/it\/events\/ts-pravljicna-urica-z-melito-malalan-in-alenko-petaros-530-184-837-617\/","title":{"rendered":"TS &#8211; Incontro con la fiaba con Zinajda Kodri\u010d"},"content":{"rendered":"<p data-start=\"61\" data-end=\"559\">Il periodo natalizio invita a raccontare storie e dare spazio all\u2019immaginazione. Il libro illustrato <strong data-start=\"232\" data-end=\"253\">\u010carovni\u010dkin bo\u017ei\u010d<\/strong> (<em data-start=\"255\" data-end=\"279\">Il Natale della strega<\/em>) dell\u2019autrice Lieve Baeten trasporta i bambini nel vivace mondo di una piccola strega che si prepara alla grande festa. Le sue divertenti avventure, la sua curiosit\u00e0 e i suoi scintillanti intrecci magici vi condurranno in un\u2019esperienza fiabesca, piena di risate e meraviglia.<\/p>\n<p data-start=\"561\" data-end=\"1033\">Il prossimo incontro con la fiaba si terr\u00e0 <strong data-start=\"819\" data-end=\"856\">marted\u00ec 9 dicembre alle ore 17:00<\/strong> nella Sezione Ragazzi della <strong data-start=\"895\" data-end=\"933\">Biblioteca Nazionale e degli Studi, <\/strong>presso il\u00a0<strong data-start=\"939\" data-end=\"954\">Narodni dom<\/strong> in via <strong data-start=\"962\" data-end=\"974\">Filzi 14 <\/strong>e sar\u00e0 arricchito dalla musicista <strong data-start=\"615\" data-end=\"633\">Zinajda Kodri\u010d<\/strong>, che con le melodie del suo flauto creer\u00e0 un\u2019atmosfera speciale. La replica sar\u00e0 <strong data-start=\"992\" data-end=\"1015\">gioved\u00ec 11 dicembre<\/strong>, alla stessa ora.<\/p>\n<p data-start=\"1035\" data-end=\"1559\">Gli incontri proseguiranno nel 2026 secondo il seguente calendario: <strong data-start=\"1113\" data-end=\"1215\">13 e 15 gennaio, 27 e 29 gennaio, 10 e 12 febbraio, 24 e 26 febbraio, 10 e 12 marzo, 24 e 26 marzo<\/strong>.<br data-start=\"1216\" data-end=\"1219\" \/>Gioved\u00ec verr\u00e0 ripetuta la fiaba proposta marted\u00ec, cos\u00ec da permettere a un numero maggiore di piccoli e grandi visitatori di partecipare agli incontri fiabeschi, nonostante i numerosi impegni. Per chi non si stanca mai delle storie, la replica del gioved\u00ec sar\u00e0 una nuova occasione per immergersi ancora una volta nel mondo delle fiabe.<\/p>\n<p data-start=\"1561\" data-end=\"1680\">La narrazione sar\u00e0 seguita da un laboratorio creativo che, come la lettura, \u00e8 adatto ai bambini dai <strong data-start=\"1663\" data-end=\"1679\">3 anni in su<\/strong>.<\/p>\n<p>Per maggiori informazioni chiamateci al 040\/9896153 oppure scrivete all\u2019indirizzo mladinskioddelek@knjiznica.it. Seguiteci anche sui social!<\/p>\n","protected":false},"excerpt":{"rendered":"<p>Il periodo natalizio invita a raccontare storie e dare spazio all\u2019immaginazione. Il libro illustrato \u010carovni\u010dkin bo\u017ei\u010d (Il Natale della strega) dell\u2019autrice Lieve Baeten trasporta i bambini nel vivace mondo di [&hellip;]<\/p>\n","protected":false},"author":2,"featured_media":26641,"comment_status":"closed","ping_status":"closed","template":"","tags":[],"mec_category":[111],"class_list":["post-26580","mec-events","type-mec-events","status-publish","has-post-thumbnail","hentry","mec_category-incontri-con-la-fiaba"],"acf":[],"_links":{"self":[{"href":"https:\/\/knjiznica.it\/it\/wp-json\/wp\/v2\/mec-events\/26580","targetHints":{"allow":["GET"]}}],"collection":[{"href":"https:\/\/knjiznica.it\/it\/wp-json\/wp\/v2\/mec-events"}],"about":[{"href":"https:\/\/knjiznica.it\/it\/wp-json\/wp\/v2\/types\/mec-events"}],"author":[{"embeddable":true,"href":"https:\/\/knjiznica.it\/it\/wp-json\/wp\/v2\/users\/2"}],"replies":[{"embeddable":true,"href":"https:\/\/knjiznica.it\/it\/wp-json\/wp\/v2\/comments?post=26580"}],"version-history":[{"count":6,"href":"https:\/\/knjiznica.it\/it\/wp-json\/wp\/v2\/mec-events\/26580\/revisions"}],"predecessor-version":[{"id":26653,"href":"https:\/\/knjiznica.it\/it\/wp-json\/wp\/v2\/mec-events\/26580\/revisions\/26653"}],"wp:featuredmedia":[{"embeddable":true,"href":"https:\/\/knjiznica.it\/it\/wp-json\/wp\/v2\/media\/26641"}],"wp:attachment":[{"href":"https:\/\/knjiznica.it\/it\/wp-json\/wp\/v2\/media?parent=26580"}],"wp:term":[{"taxonomy":"post_tag","embeddable":true,"href":"https:\/\/knjiznica.it\/it\/wp-json\/wp\/v2\/tags?post=26580"},{"taxonomy":"mec_category","embeddable":true,"href":"https:\/\/knjiznica.it\/it\/wp-json\/wp\/v2\/mec_category?post=26580"}],"curies":[{"name":"wp","href":"https:\/\/api.w.org\/{rel}","templated":true}]}}

TS &#8211; Incontro con la fiaba con Zinajda Kodrič

<p data-start="61" data-end="559">Il periodo natalizio invita a raccontare storie e dare spazio all’immaginazione. Il libro illustrato <strong data-start="232" data-end="253">Čarovničkin božič</strong> (<em data-start="255" data-end="279">Il Natale della strega</em>) dell’autrice Lieve Baeten trasporta i bambini nel vivace mondo di una piccola strega che si prepara alla grande festa. Le sue divertenti avventure, la sua curiosità e i suoi scintillanti intrecci magici vi condurranno in un’esperienza fiabesca, piena di risate e meraviglia.</p>
<p data-start="561" data-end="1033">Il prossimo incontro con la fiaba si terrà <strong data-start="819" data-end="856">martedì 9 dicembre alle ore 17:00</strong> nella Sezione Ragazzi della <strong data-start="895" data-end="933">Biblioteca Nazionale e degli Studi, </strong>presso il <strong data-start="939" data-end="954">Narodni dom</strong> in via <strong data-start="962" data-end="974">Filzi 14 </strong>e sarà arricchito dalla musicista <strong data-start="615" data-end="633">Zinajda Kodrič</strong>, che con le melodie del suo flauto creerà un’atmosfera speciale. La replica sarà <strong data-start="992" data-end="1015">giovedì 11 dicembre</strong>, alla stessa ora.</p>
<p data-start="1035" data-end="1559">Gli incontri proseguiranno nel 2026 secondo il seguente calendario: <strong data-start="1113" data-end="1215">13 e 15 gennaio, 27 e 29 gennaio, 10 e 12 febbraio, 24 e 26 febbraio, 10 e 12 marzo, 24 e 26 marzo</strong>.<br data-start="1216" data-end="1219" />Giovedì verrà ripetuta la fiaba proposta martedì, così da permettere a un numero maggiore di piccoli e grandi visitatori di partecipare agli incontri fiabeschi, nonostante i numerosi impegni. Per chi non si stanca mai delle storie, la replica del giovedì sarà una nuova occasione per immergersi ancora una volta nel mondo delle fiabe.</p>
<p data-start="1561" data-end="1680">La narrazione sarà seguita da un laboratorio creativo che, come la lettura, è adatto ai bambini dai <strong data-start="1663" data-end="1679">3 anni in su</strong>.</p>
<p>Per maggiori informazioni chiamateci al 040/9896153 oppure scrivete all’indirizzo mladinskioddelek@knjiznica.it. Seguiteci anche sui social!</p>

<p>Il periodo natalizio invita a raccontare storie e dare spazio all’immaginazione. Il libro illustrato Čarovničkin božič (Il Natale della strega) dell’autrice Lieve Baeten trasporta i bambini nel vivace mondo di [&hellip;]</p>
