{"id":26588,"date":"2025-12-11T17:36:23","date_gmt":"2025-12-11T16:36:23","guid":{"rendered":"https:\/\/knjiznica.it\/?post_type=mec-events&#038;p=26588"},"modified":"2026-01-07T12:46:52","modified_gmt":"2026-01-07T11:46:52","slug":"ts-pravljicna-urica-z-melito-malalan-in-alenko-petaros-530-184-837-617-789","status":"publish","type":"mec-events","link":"https:\/\/knjiznica.it\/it\/events\/ts-pravljicna-urica-z-melito-malalan-in-alenko-petaros-530-184-837-617-789\/","title":{"rendered":"TS &#8211; Incontro con la fiaba con Danijel Malalan"},"content":{"rendered":"<div class=\"text-base my-auto mx-auto pb-10 [--thread-content-margin:--spacing(4)] @w-sm\/main:[--thread-content-margin:--spacing(6)] @w-lg\/main:[--thread-content-margin:--spacing(16)] px-(--thread-content-margin)\">\n<div class=\"[--thread-content-max-width:40rem] @w-lg\/main:[--thread-content-max-width:48rem] mx-auto max-w-(--thread-content-max-width) flex-1 group\/turn-messages focus-visible:outline-hidden relative flex w-full min-w-0 flex-col agent-turn\" tabindex=\"-1\">\n<div class=\"flex max-w-full flex-col grow\">\n<div class=\"min-h-8 text-message relative flex w-full flex-col items-end gap-2 text-start break-words whitespace-normal [.text-message+&amp;]:mt-1\" dir=\"auto\" data-message-author-role=\"assistant\" data-message-id=\"b9ab884b-9998-479e-8bf1-37aa98e0aad9\" data-message-model-slug=\"gpt-5-2\">\n<div class=\"flex w-full flex-col gap-1 empty:hidden first:pt-[1px]\">\n<div class=\"markdown prose dark:prose-invert w-full break-words light markdown-new-styling\">\n<p data-start=\"0\" data-end=\"380\">Nei giorni invernali, tra i pi\u00f9 piccoli si diffonde un calore speciale che invita al racconto, ai momenti condivisi e alla fantasia. Questa volta ascolteremo la fiaba popolare ucraina <strong data-start=\"212\" data-end=\"237\">Rokavi\u010dka<\/strong>, che attraverso una storia semplice parla di gentilezza, accoglienza e comunit\u00e0. La storia verr\u00e0 letta dall&#8217;attore <strong data-start=\"406\" data-end=\"425\">Danijel Malalan <\/strong>durante l&#8217;incontro con la fiaba <strong data-start=\"563\" data-end=\"605\">marted\u00ec 13 gennaio 2026 alle ore 17.00<\/strong> presso la <strong data-start=\"616\" data-end=\"676\" data-is-only-node=\"\">Sezione ragazzi della Biblioteca nazionale slovena e degli studi <\/strong>in <strong data-start=\"702\" data-end=\"718\">via Filzi 14<\/strong>. La replica avr\u00e0 luogo <strong data-start=\"742\" data-end=\"769\">gioved\u00ec 15 gennaio 2026<\/strong>, alla stessa ora.<\/p>\n<p data-start=\"789\" data-end=\"1332\">Gli incontri con la fiaba si svolgeranno ogni due settimane secondo il seguente calendario: <strong data-start=\"855\" data-end=\"940\">27 e 29 gennaio, 10 e 12 febbraio, 24 e 26 febbraio, 10 e 12 marzo, 24 e 26 marzo<\/strong>. Il gioved\u00ec si terr\u00e0 la replica della fiaba del marted\u00ec, in modo da dare l&#8217;opportunit\u00e0 a un numero maggiore di piccoli e grandi visitatori di parteciparvi, nonostante altri impegni. L&#8217;incontro come pure il <strong>laboratorio creativo<\/strong> \u00e8 dedicato ai <strong>bambini dai 3 anni<\/strong>.<\/p>\n<\/div>\n<p>Per maggiori informazioni chiamateci al 040\/9896153 oppure scrivete all\u2019indirizzo mladinskioddelek@knjiznica.it. Seguiteci anche sui social!<\/p>\n<\/div>\n<\/div>\n<\/div>\n<\/div>\n<\/div>\n","protected":false},"excerpt":{"rendered":"<p>Nei giorni invernali, tra i pi\u00f9 piccoli si diffonde un calore speciale che invita al racconto, ai momenti condivisi e alla fantasia. Questa volta ascolteremo la fiaba popolare ucraina Rokavi\u010dka, [&hellip;]<\/p>\n","protected":false},"author":2,"featured_media":26749,"comment_status":"closed","ping_status":"closed","template":"","tags":[],"mec_category":[111],"class_list":["post-26588","mec-events","type-mec-events","status-publish","has-post-thumbnail","hentry","mec_category-incontri-con-la-fiaba"],"acf":[],"_links":{"self":[{"href":"https:\/\/knjiznica.it\/it\/wp-json\/wp\/v2\/mec-events\/26588","targetHints":{"allow":["GET"]}}],"collection":[{"href":"https:\/\/knjiznica.it\/it\/wp-json\/wp\/v2\/mec-events"}],"about":[{"href":"https:\/\/knjiznica.it\/it\/wp-json\/wp\/v2\/types\/mec-events"}],"author":[{"embeddable":true,"href":"https:\/\/knjiznica.it\/it\/wp-json\/wp\/v2\/users\/2"}],"replies":[{"embeddable":true,"href":"https:\/\/knjiznica.it\/it\/wp-json\/wp\/v2\/comments?post=26588"}],"version-history":[{"count":6,"href":"https:\/\/knjiznica.it\/it\/wp-json\/wp\/v2\/mec-events\/26588\/revisions"}],"predecessor-version":[{"id":26756,"href":"https:\/\/knjiznica.it\/it\/wp-json\/wp\/v2\/mec-events\/26588\/revisions\/26756"}],"wp:featuredmedia":[{"embeddable":true,"href":"https:\/\/knjiznica.it\/it\/wp-json\/wp\/v2\/media\/26749"}],"wp:attachment":[{"href":"https:\/\/knjiznica.it\/it\/wp-json\/wp\/v2\/media?parent=26588"}],"wp:term":[{"taxonomy":"post_tag","embeddable":true,"href":"https:\/\/knjiznica.it\/it\/wp-json\/wp\/v2\/tags?post=26588"},{"taxonomy":"mec_category","embeddable":true,"href":"https:\/\/knjiznica.it\/it\/wp-json\/wp\/v2\/mec_category?post=26588"}],"curies":[{"name":"wp","href":"https:\/\/api.w.org\/{rel}","templated":true}]}}

<div class="text-base my-auto mx-auto pb-10 [--thread-content-margin:--spacing(4)] @w-sm/main:[--thread-content-margin:--spacing(6)] @w-lg/main:[--thread-content-margin:--spacing(16)] px-(--thread-content-margin)">
<div class="[--thread-content-max-width:40rem] @w-lg/main:[--thread-content-max-width:48rem] mx-auto max-w-(--thread-content-max-width) flex-1 group/turn-messages focus-visible:outline-hidden relative flex w-full min-w-0 flex-col agent-turn" tabindex="-1">
<div class="flex max-w-full flex-col grow">
<div class="min-h-8 text-message relative flex w-full flex-col items-end gap-2 text-start break-words whitespace-normal [.text-message+&amp;]:mt-1" dir="auto" data-message-author-role="assistant" data-message-id="b9ab884b-9998-479e-8bf1-37aa98e0aad9" data-message-model-slug="gpt-5-2">
<div class="flex w-full flex-col gap-1 empty:hidden first:pt-[1px]">
<div class="markdown prose dark:prose-invert w-full break-words light markdown-new-styling">
<p data-start="0" data-end="380">Nei giorni invernali, tra i più piccoli si diffonde un calore speciale che invita al racconto, ai momenti condivisi e alla fantasia. Questa volta ascolteremo la fiaba popolare ucraina <strong data-start="212" data-end="237">Rokavička</strong>, che attraverso una storia semplice parla di gentilezza, accoglienza e comunità. La storia verrà letta dall&#8217;attore <strong data-start="406" data-end="425">Danijel Malalan </strong>durante l&#8217;incontro con la fiaba <strong data-start="563" data-end="605">martedì 13 gennaio 2026 alle ore 17.00</strong> presso la <strong data-start="616" data-end="676" data-is-only-node="">Sezione ragazzi della Biblioteca nazionale slovena e degli studi </strong>in <strong data-start="702" data-end="718">via Filzi 14</strong>. La replica avrà luogo <strong data-start="742" data-end="769">giovedì 15 gennaio 2026</strong>, alla stessa ora.</p>
<p data-start="789" data-end="1332">Gli incontri con la fiaba si svolgeranno ogni due settimane secondo il seguente calendario: <strong data-start="855" data-end="940">27 e 29 gennaio, 10 e 12 febbraio, 24 e 26 febbraio, 10 e 12 marzo, 24 e 26 marzo</strong>. Il giovedì si terrà la replica della fiaba del martedì, in modo da dare l&#8217;opportunità a un numero maggiore di piccoli e grandi visitatori di parteciparvi, nonostante altri impegni. L&#8217;incontro come pure il <strong>laboratorio creativo</strong> è dedicato ai <strong>bambini dai 3 anni</strong>.</p>
</div>
<p>Per maggiori informazioni chiamateci al 040/9896153 oppure scrivete all’indirizzo mladinskioddelek@knjiznica.it. Seguiteci anche sui social!</p>
</div>
</div>
</div>
</div>
</div>

<p>Nei giorni invernali, tra i più piccoli si diffonde un calore speciale che invita al racconto, ai momenti condivisi e alla fantasia. Questa volta ascolteremo la fiaba popolare ucraina Rokavička, [&hellip;]</p>
