{"id":26591,"date":"2025-12-11T17:38:36","date_gmt":"2025-12-11T16:38:36","guid":{"rendered":"https:\/\/knjiznica.it\/?post_type=mec-events&#038;p=26591"},"modified":"2026-01-07T12:49:25","modified_gmt":"2026-01-07T11:49:25","slug":"ts-pravljicna-urica-z-melito-malalan-in-alenko-petaros-530-373-485-364-289-904","status":"publish","type":"mec-events","link":"https:\/\/knjiznica.it\/it\/events\/ts-pravljicna-urica-z-melito-malalan-in-alenko-petaros-530-373-485-364-289-904\/","title":{"rendered":"TS &#8211; Incontro con la fiaba con Danijel Malalan (replica)"},"content":{"rendered":"<div class=\"markdown prose dark:prose-invert w-full break-words light markdown-new-styling\">\n<p data-start=\"0\" data-end=\"380\">Nei giorni invernali, tra i pi\u00f9 piccoli si diffonde un calore speciale che invita al racconto, ai momenti condivisi e alla fantasia. Questa volta ascolteremo la fiaba popolare ucraina <strong data-start=\"212\" data-end=\"237\">Rokavi\u010dka<\/strong>, che attraverso una storia semplice parla di gentilezza, accoglienza e comunit\u00e0. La storia verr\u00e0 letta dall&#8217;attore <strong data-start=\"406\" data-end=\"425\">Danijel Malalan <\/strong>durante la replica dell&#8217;incontro con la fiaba <strong data-start=\"563\" data-end=\"605\">gioved\u00ec 15 gennaio 2026 alle ore 17.00<\/strong> presso la <strong data-start=\"616\" data-end=\"676\" data-is-only-node=\"\">Sezione ragazzi della Biblioteca nazionale slovena e degli studi <\/strong>in <strong data-start=\"702\" data-end=\"718\">via Filzi 14<\/strong>.<\/p>\n<p data-start=\"789\" data-end=\"1332\">Gli incontri con la fiaba si svolgeranno ogni due settimane secondo il seguente calendario: <strong data-start=\"855\" data-end=\"940\">27 e 29 gennaio, 10 e 12 febbraio, 24 e 26 febbraio, 10 e 12 marzo, 24 e 26 marzo<\/strong>. Il gioved\u00ec si terr\u00e0 la replica della fiaba del marted\u00ec, in modo da dare l&#8217;opportunit\u00e0 a un numero maggiore di piccoli e grandi visitatori di parteciparvi, nonostante altri impegni. L&#8217;incontro come pure il <strong>laboratorio creativo<\/strong> \u00e8 dedicato ai <strong>bambini dai 3 anni<\/strong>.<\/p>\n<\/div>\n<p>Per maggiori informazioni chiamateci al 040\/9896153 oppure scrivete all\u2019indirizzo mladinskioddelek@knjiznica.it. Seguiteci anche sui social!<\/p>\n","protected":false},"excerpt":{"rendered":"<p>Nei giorni invernali, tra i pi\u00f9 piccoli si diffonde un calore speciale che invita al racconto, ai momenti condivisi e alla fantasia. Questa volta ascolteremo la fiaba popolare ucraina Rokavi\u010dka, [&hellip;]<\/p>\n","protected":false},"author":2,"featured_media":26749,"comment_status":"closed","ping_status":"closed","template":"","tags":[],"mec_category":[111],"class_list":["post-26591","mec-events","type-mec-events","status-publish","has-post-thumbnail","hentry","mec_category-incontri-con-la-fiaba"],"acf":[],"_links":{"self":[{"href":"https:\/\/knjiznica.it\/it\/wp-json\/wp\/v2\/mec-events\/26591","targetHints":{"allow":["GET"]}}],"collection":[{"href":"https:\/\/knjiznica.it\/it\/wp-json\/wp\/v2\/mec-events"}],"about":[{"href":"https:\/\/knjiznica.it\/it\/wp-json\/wp\/v2\/types\/mec-events"}],"author":[{"embeddable":true,"href":"https:\/\/knjiznica.it\/it\/wp-json\/wp\/v2\/users\/2"}],"replies":[{"embeddable":true,"href":"https:\/\/knjiznica.it\/it\/wp-json\/wp\/v2\/comments?post=26591"}],"version-history":[{"count":4,"href":"https:\/\/knjiznica.it\/it\/wp-json\/wp\/v2\/mec-events\/26591\/revisions"}],"predecessor-version":[{"id":26758,"href":"https:\/\/knjiznica.it\/it\/wp-json\/wp\/v2\/mec-events\/26591\/revisions\/26758"}],"wp:featuredmedia":[{"embeddable":true,"href":"https:\/\/knjiznica.it\/it\/wp-json\/wp\/v2\/media\/26749"}],"wp:attachment":[{"href":"https:\/\/knjiznica.it\/it\/wp-json\/wp\/v2\/media?parent=26591"}],"wp:term":[{"taxonomy":"post_tag","embeddable":true,"href":"https:\/\/knjiznica.it\/it\/wp-json\/wp\/v2\/tags?post=26591"},{"taxonomy":"mec_category","embeddable":true,"href":"https:\/\/knjiznica.it\/it\/wp-json\/wp\/v2\/mec_category?post=26591"}],"curies":[{"name":"wp","href":"https:\/\/api.w.org\/{rel}","templated":true}]}}

<div class="markdown prose dark:prose-invert w-full break-words light markdown-new-styling">
<p data-start="0" data-end="380">Nei giorni invernali, tra i più piccoli si diffonde un calore speciale che invita al racconto, ai momenti condivisi e alla fantasia. Questa volta ascolteremo la fiaba popolare ucraina <strong data-start="212" data-end="237">Rokavička</strong>, che attraverso una storia semplice parla di gentilezza, accoglienza e comunità. La storia verrà letta dall&#8217;attore <strong data-start="406" data-end="425">Danijel Malalan </strong>durante la replica dell&#8217;incontro con la fiaba <strong data-start="563" data-end="605">giovedì 15 gennaio 2026 alle ore 17.00</strong> presso la <strong data-start="616" data-end="676" data-is-only-node="">Sezione ragazzi della Biblioteca nazionale slovena e degli studi </strong>in <strong data-start="702" data-end="718">via Filzi 14</strong>.</p>
<p data-start="789" data-end="1332">Gli incontri con la fiaba si svolgeranno ogni due settimane secondo il seguente calendario: <strong data-start="855" data-end="940">27 e 29 gennaio, 10 e 12 febbraio, 24 e 26 febbraio, 10 e 12 marzo, 24 e 26 marzo</strong>. Il giovedì si terrà la replica della fiaba del martedì, in modo da dare l&#8217;opportunità a un numero maggiore di piccoli e grandi visitatori di parteciparvi, nonostante altri impegni. L&#8217;incontro come pure il <strong>laboratorio creativo</strong> è dedicato ai <strong>bambini dai 3 anni</strong>.</p>
</div>
<p>Per maggiori informazioni chiamateci al 040/9896153 oppure scrivete all’indirizzo mladinskioddelek@knjiznica.it. Seguiteci anche sui social!</p>

<p>Nei giorni invernali, tra i più piccoli si diffonde un calore speciale che invita al racconto, ai momenti condivisi e alla fantasia. Questa volta ascolteremo la fiaba popolare ucraina Rokavička, [&hellip;]</p>
