{"id":26785,"date":"2026-01-09T16:16:52","date_gmt":"2026-01-09T15:16:52","guid":{"rendered":"https:\/\/knjiznica.it\/events\/go-incontro-con-la-fiaba-52\/"},"modified":"2026-01-09T16:19:01","modified_gmt":"2026-01-09T15:19:01","slug":"go-incontro-con-la-fiaba-52","status":"publish","type":"mec-events","link":"https:\/\/knjiznica.it\/it\/events\/go-incontro-con-la-fiaba-52\/","title":{"rendered":"GO &#8211; Incontro con la fiaba"},"content":{"rendered":"<p><span style=\"color: #993366;\">L&#8217;inverno era freddo e senza sole, cos\u00ec tanto che la strega Vilma e il suo gatto Vili ne erano proprio stufi. Il giardino era tutto sotto la neve, lo stagno ghiacciato e dal tetto e dagli alberi pendevano lunghi cristalli di ghiaccio. \u00abBasta!\u00bb, disse Vilma, decisa a far tornare l&#8217;estate almeno nel suo giardino. E cos\u00ec il sole brill\u00f2, l&#8217;aria si riscald\u00f2 e l&#8217;estate torn\u00f2. Ma con il caldo arrivarono anche problemi che nessuno aveva previsto\u2026<\/span><\/p>\n<p><span style=\"color: #993366;\"><strong>Luned\u00ec 19 gennaio alle 17.30 alla Biblioteca Feigel, Sofia Gergolet racconter\u00e0 la fiaba <em>Vilma in zima<\/em>.<\/strong><\/span><\/p>\n<p><span style=\"color: #993366;\">Dopo la fiaba seguir\u00e0 un breve laboratorio creativo.<\/span><br \/>\n<span style=\"color: #993366;\">L&#8217;ingresso \u00e8 libero per tutti i piccoli ascoltatori dai 3 anni in su e le loro famiglie!<\/span><\/p>\n<p><span style=\"color: #993366;\">Gli incontri con le fiabe non sono solo ascoltare storie. Aprono ai bambini le porte dell&#8217;immaginazione, stimolano la curiosit\u00e0, arricchiscono il vocabolario e insegnano il coraggio, l&#8217;amicizia e come affrontare le sfide. Sono anche un&#8217;occasione per socializzare, creare e trascorrere piacevoli pomeriggi in biblioteca. Ogni luned\u00ec da gennaio a maggio alle 17.30 alla Biblioteca Feigel.<\/span><\/p>\n","protected":false},"excerpt":{"rendered":"<p>L&#8217;inverno era freddo e senza sole, cos\u00ec tanto che la strega Vilma e il suo gatto Vili ne erano proprio stufi. Il giardino era tutto sotto la neve, lo stagno [&hellip;]<\/p>\n","protected":false},"author":11,"featured_media":26071,"comment_status":"closed","ping_status":"closed","template":"","tags":[],"mec_category":[111],"class_list":["post-26785","mec-events","type-mec-events","status-publish","has-post-thumbnail","hentry","mec_category-incontri-con-la-fiaba"],"acf":[],"_links":{"self":[{"href":"https:\/\/knjiznica.it\/it\/wp-json\/wp\/v2\/mec-events\/26785","targetHints":{"allow":["GET"]}}],"collection":[{"href":"https:\/\/knjiznica.it\/it\/wp-json\/wp\/v2\/mec-events"}],"about":[{"href":"https:\/\/knjiznica.it\/it\/wp-json\/wp\/v2\/types\/mec-events"}],"author":[{"embeddable":true,"href":"https:\/\/knjiznica.it\/it\/wp-json\/wp\/v2\/users\/11"}],"replies":[{"embeddable":true,"href":"https:\/\/knjiznica.it\/it\/wp-json\/wp\/v2\/comments?post=26785"}],"version-history":[{"count":3,"href":"https:\/\/knjiznica.it\/it\/wp-json\/wp\/v2\/mec-events\/26785\/revisions"}],"predecessor-version":[{"id":26789,"href":"https:\/\/knjiznica.it\/it\/wp-json\/wp\/v2\/mec-events\/26785\/revisions\/26789"}],"wp:featuredmedia":[{"embeddable":true,"href":"https:\/\/knjiznica.it\/it\/wp-json\/wp\/v2\/media\/26071"}],"wp:attachment":[{"href":"https:\/\/knjiznica.it\/it\/wp-json\/wp\/v2\/media?parent=26785"}],"wp:term":[{"taxonomy":"post_tag","embeddable":true,"href":"https:\/\/knjiznica.it\/it\/wp-json\/wp\/v2\/tags?post=26785"},{"taxonomy":"mec_category","embeddable":true,"href":"https:\/\/knjiznica.it\/it\/wp-json\/wp\/v2\/mec_category?post=26785"}],"curies":[{"name":"wp","href":"https:\/\/api.w.org\/{rel}","templated":true}]}}

<p><span style="color: #993366;">L&#8217;inverno era freddo e senza sole, così tanto che la strega Vilma e il suo gatto Vili ne erano proprio stufi. Il giardino era tutto sotto la neve, lo stagno ghiacciato e dal tetto e dagli alberi pendevano lunghi cristalli di ghiaccio. «Basta!», disse Vilma, decisa a far tornare l&#8217;estate almeno nel suo giardino. E così il sole brillò, l&#8217;aria si riscaldò e l&#8217;estate tornò. Ma con il caldo arrivarono anche problemi che nessuno aveva previsto…</span></p>
<p><span style="color: #993366;"><strong>Lunedì 19 gennaio alle 17.30 alla Biblioteca Feigel, Sofia Gergolet racconterà la fiaba <em>Vilma in zima</em>.</strong></span></p>
<p><span style="color: #993366;">Dopo la fiaba seguirà un breve laboratorio creativo.</span><br />
<span style="color: #993366;">L&#8217;ingresso è libero per tutti i piccoli ascoltatori dai 3 anni in su e le loro famiglie!</span></p>
<p><span style="color: #993366;">Gli incontri con le fiabe non sono solo ascoltare storie. Aprono ai bambini le porte dell&#8217;immaginazione, stimolano la curiosità, arricchiscono il vocabolario e insegnano il coraggio, l&#8217;amicizia e come affrontare le sfide. Sono anche un&#8217;occasione per socializzare, creare e trascorrere piacevoli pomeriggi in biblioteca. Ogni lunedì da gennaio a maggio alle 17.30 alla Biblioteca Feigel.</span></p>

<p>L&#8217;inverno era freddo e senza sole, così tanto che la strega Vilma e il suo gatto Vili ne erano proprio stufi. Il giardino era tutto sotto la neve, lo stagno [&hellip;]</p>
