{"id":27128,"date":"2026-03-03T13:15:19","date_gmt":"2026-03-03T12:15:19","guid":{"rendered":"https:\/\/knjiznica.it\/events\/go-incontro-con-la-fiaba-56\/"},"modified":"2026-03-03T13:17:02","modified_gmt":"2026-03-03T12:17:02","slug":"go-incontro-con-la-fiaba-56","status":"publish","type":"mec-events","link":"https:\/\/knjiznica.it\/it\/events\/go-incontro-con-la-fiaba-56\/","title":{"rendered":"GO &#8211; Incontro con la fiaba"},"content":{"rendered":"<p><strong><span style=\"color: #993366;\">La biblioteca FeigEl invita i piccoli ascoltatori dai 3 anni in su e le famiglie all&#8217;incontro con la fiaba luned\u00ec 9 marzo alle 17.30. Bogdan Podver\u0161i\u010d racconter\u00e0 la fiaba Oto\u010dek. Ingresso libero.<\/span><\/strong><\/p>\n<p><span style=\"color: #993366;\">Il piccolo isolotto ai margini della fattoria \u00e8 la casa di anatre, oche e altri animali, finch\u00e9 le oche non decidono di avere l&#8217;isolotto solo per s\u00e9 e per le anatre. Per questo abbattono il ponticello che conduceva all&#8217;isolotto. Ma ben presto si rendono conto che forse non \u00e8 stata una decisione molto saggia. La storia incoraggia i bambini a collaborare e a riconoscere il valore di ogni individuo e insegna loro che dobbiamo adattarci gli uni agli altri e accettare i compromessi.<\/span><\/p>\n<p><span style=\"color: #993366;\">I nostri Incontro con le fiabe sono molto pi\u00f9 che un semplice ascolto di storie. Aprono ai bambini le porte del mondo dell&#8217;immaginazione, stimolano la curiosit\u00e0, arricchiscono il loro vocabolario e insegnano loro il coraggio, l&#8217;amicizia e la risoluzione dei problemi. Allo stesso tempo, sono un&#8217;occasione per socializzare, creare e trascorrere piacevoli pomeriggi in biblioteca. Ogni luned\u00ec da gennaio a maggio alle 17.30 nella Biblioteca Feigel.<\/span><\/p>\n","protected":false},"excerpt":{"rendered":"<p>La biblioteca FeigEl invita i piccoli ascoltatori dai 3 anni in su e le famiglie all&#8217;incontro con la fiaba luned\u00ec 9 marzo alle 17.30. Bogdan Podver\u0161i\u010d racconter\u00e0 la fiaba Oto\u010dek. [&hellip;]<\/p>\n","protected":false},"author":11,"featured_media":26071,"comment_status":"closed","ping_status":"closed","template":"","tags":[],"mec_category":[111],"class_list":["post-27128","mec-events","type-mec-events","status-publish","has-post-thumbnail","hentry","mec_category-incontri-con-la-fiaba"],"acf":[],"_links":{"self":[{"href":"https:\/\/knjiznica.it\/it\/wp-json\/wp\/v2\/mec-events\/27128","targetHints":{"allow":["GET"]}}],"collection":[{"href":"https:\/\/knjiznica.it\/it\/wp-json\/wp\/v2\/mec-events"}],"about":[{"href":"https:\/\/knjiznica.it\/it\/wp-json\/wp\/v2\/types\/mec-events"}],"author":[{"embeddable":true,"href":"https:\/\/knjiznica.it\/it\/wp-json\/wp\/v2\/users\/11"}],"replies":[{"embeddable":true,"href":"https:\/\/knjiznica.it\/it\/wp-json\/wp\/v2\/comments?post=27128"}],"version-history":[{"count":2,"href":"https:\/\/knjiznica.it\/it\/wp-json\/wp\/v2\/mec-events\/27128\/revisions"}],"predecessor-version":[{"id":27131,"href":"https:\/\/knjiznica.it\/it\/wp-json\/wp\/v2\/mec-events\/27128\/revisions\/27131"}],"wp:featuredmedia":[{"embeddable":true,"href":"https:\/\/knjiznica.it\/it\/wp-json\/wp\/v2\/media\/26071"}],"wp:attachment":[{"href":"https:\/\/knjiznica.it\/it\/wp-json\/wp\/v2\/media?parent=27128"}],"wp:term":[{"taxonomy":"post_tag","embeddable":true,"href":"https:\/\/knjiznica.it\/it\/wp-json\/wp\/v2\/tags?post=27128"},{"taxonomy":"mec_category","embeddable":true,"href":"https:\/\/knjiznica.it\/it\/wp-json\/wp\/v2\/mec_category?post=27128"}],"curies":[{"name":"wp","href":"https:\/\/api.w.org\/{rel}","templated":true}]}}

<p><strong><span style="color: #993366;">La biblioteca FeigEl invita i piccoli ascoltatori dai 3 anni in su e le famiglie all&#8217;incontro con la fiaba lunedì 9 marzo alle 17.30. Bogdan Podveršič racconterà la fiaba Otoček. Ingresso libero.</span></strong></p>
<p><span style="color: #993366;">Il piccolo isolotto ai margini della fattoria è la casa di anatre, oche e altri animali, finché le oche non decidono di avere l&#8217;isolotto solo per sé e per le anatre. Per questo abbattono il ponticello che conduceva all&#8217;isolotto. Ma ben presto si rendono conto che forse non è stata una decisione molto saggia. La storia incoraggia i bambini a collaborare e a riconoscere il valore di ogni individuo e insegna loro che dobbiamo adattarci gli uni agli altri e accettare i compromessi.</span></p>
<p><span style="color: #993366;">I nostri Incontro con le fiabe sono molto più che un semplice ascolto di storie. Aprono ai bambini le porte del mondo dell&#8217;immaginazione, stimolano la curiosità, arricchiscono il loro vocabolario e insegnano loro il coraggio, l&#8217;amicizia e la risoluzione dei problemi. Allo stesso tempo, sono un&#8217;occasione per socializzare, creare e trascorrere piacevoli pomeriggi in biblioteca. Ogni lunedì da gennaio a maggio alle 17.30 nella Biblioteca Feigel.</span></p>

<p>La biblioteca FeigEl invita i piccoli ascoltatori dai 3 anni in su e le famiglie all&#8217;incontro con la fiaba lunedì 9 marzo alle 17.30. Bogdan Podveršič racconterà la fiaba Otoček. [&hellip;]</p>
