{"id":9720,"date":"2022-01-07T15:02:16","date_gmt":"2022-01-07T14:02:16","guid":{"rendered":"http:\/\/knjiznica.peproject.com\/events\/sola-za-starse-model-odgovornosti-pri-otrocih\/"},"modified":"2022-04-04T14:37:25","modified_gmt":"2022-04-04T12:37:25","slug":"sola-za-starse-model-odgovornosti-pri-otrocih","status":"publish","type":"mec-events","link":"https:\/\/knjiznica.it\/it\/events\/sola-za-starse-model-odgovornosti-pri-otrocih\/","title":{"rendered":"TS &#8211; \u0160ola za star\u0161e: Model odgovornosti pri otrocih"},"content":{"rendered":"<p>Prej za\u010dnemo z otroki govoriti o osebni odgovornosti, ve\u010dja je verjetnost, da odrastejo v kompetentne, zadovoljne odrasle ljudi, ki so lahko steber zdrave dru\u017ebe. Delavnica je namenjena temu, da odrasli ozavestimo, kako lahko pri otrocih vzbujamo zavedanje, kaj je to odgovornost in kako lahko s svojim ravnanjem pri otrocih gradimo odnos do osebne odgovornosti. Vzgoja je prenos nezavednih psiholo\u0161kih in vedenjskih procesov z odraslih na otroke. V sodobnem \u010dasu pa se prepogosto zapletemo pri iskanju hitrih re\u0161itev za trenutno mote\u010de vedenje, namesto da bi zasledovali dolgoro\u010dne vzgojne cilje.<\/p>\n<p>&nbsp;<\/p>\n<p><strong>Jani Prgi\u0107<\/strong> je magister socialne pedagogike. Po kon\u010dani formalni izobrazbi na treh slovenskih univerzah, kjer je zdru\u017eeval razli\u010dna znanja, je po zaposlitvi na centru za socialno delo, kasneje v \u0161oli in potem na Centru za pomo\u010d mladim, za\u010del delati samostojno kot NLP master trainer in NLP master coach ter mediator in dru\u017einski terapevt. Danes deluje v \u0161tevilnih slovenskih podjetjih in \u0161olah, kjer usposablja kolektive s podro\u010dja mehkih ve\u0161\u010din. Zadnjih 8 let se intenzivno ukvarja s podro\u010djem nevroznanosti in velja za enega najve\u010dji strokovnjakov s tega podro\u010dja v Sloveniji.<\/p>\n<p>&nbsp;<\/p>\n<p>Predavanje bo v Oddelku za mlade bralce v <strong>\u010detrtek, 24. februarja, ob 18. uri<\/strong>. Predhodna najava in vpis na brezpla\u010dna predavanja sta priporo\u010deni, saj je \u0161tevilo mest omejeno. Vstop v knji\u017eni\u010dne prostore je dovoljen osebam s covidnim potrdilom o prebolelosti, cepljenosti oz. testiranju (green pass), ki ga bo zaposlena oseba preverjala ob vhodu. Uporaba za\u0161\u010ditne maske je obvezna. Vse informacije in natan\u010den koledar ter opis predavanj dobite na <a href=\"https:\/\/knjiznica.it\">www.knjiznica.it<\/a>, na telefonski \u0161tevilki 040\/9896153 ali na e-naslovu <a href=\"mailto:mladinskioddelek@knjiznica.it\">mladinskioddelek@knjiznica.it<\/a>. Sledite nam tudi na dru\u017ebenih omre\u017ejih. Vzgoja otroka je pomembna. Vrednote, ki jih bomo vcepili otroku, bodo tiste vrednote, ki jih bo kot odrasel nesel s seboj v svet.<\/p>\n<p>&nbsp;<\/p>\n<p><strong>O projektu \u0160ola za star\u0161e:<\/strong><\/p>\n<p>\u0160ola za star\u0161e je projekt Oddelka za mlade bralce Narodne in \u0161tudijske knji\u017enice, ki star\u0161em in drugim odraslim prina\u0161a nova orodja in omogo\u010di razvoj ve\u0161\u010din za spopad z vedno novimi izzivi vzgajanja. Predavanja se bodo vrstila enkrat mese\u010dno v knji\u017eni\u010dnih prostorih Narodnega doma, ukvarjala pa se bodo z razli\u010dnimi vsebinami: od zagat dvojezi\u010dnega otro\u0161tva, te\u017eavnosti izbire ustreznih vzgojnih prijemov, ohranjanja povezanosti z otrokom na prehodu v odraslo dobo in vzbujanja odgovornosti, vse do \u010dustvene vzgoje. Povabljene predavateljice in predavatelji, strokovnjaki z razli\u010dnih podro\u010dij humanisti\u010dnih ved, se bodo osredoto\u010dili na vpra\u0161anja o vzgoji za razli\u010dna starostna obdobja, od pred\u0161olskih otrok do najstnikov. Nekatera predavanja so transverzalne narave in bodo ustrezala marsikateremu poslu\u0161alcu.<\/p>\n<p>Cikel je namenjen v prvi vrsti star\u0161em, ne pa zgolj njim, saj so za kon\u010dni rezultat tega dolgotrajnega postopka, ko iz otroka zraste odrasla oseba, zaslu\u017eni prav vsi tisti, ki so imeli z njim opravka. Sre\u010danja so torej namenjena star\u0161em, nonotom, tetam, stricem, vzgojiteljem, u\u010diteljem, profesorjem, varu\u0161kam in vsem ostalim odraslim, ki prihajajo v stik z mladimi.<\/p>\n<p>&nbsp;<\/p>\n<p><strong>Koledar naslednjih predavanj:<\/strong><\/p>\n<ul>\n<li>24. marec 2022 ob 18.00 &#8211; Iztok Speti\u010d, \u00bb\u010custvena vzgoja\u00ab<\/li>\n<\/ul>\n<p>&nbsp;<\/p>\n<p><strong>Prej\u0161nja sre\u010danja:<\/strong><\/p>\n<ul>\n<li>28. oktober 2021 &#8211; Matejka Grgi\u010d, Susanna Pertot, \u00bbDvojezi\u010dno otro\u0161tvo\u00ab<\/li>\n<li>25. november 2021 &#8211; Simona Pajk, \u00bbKaj mora otrok znati do svojega 12. leta\u00ab<\/li>\n<li>27. januar 2022 &#8211; Leonida in dr. Albert Mrgole, \u00bbIz\u0161tekani najstniki in star\u0161i, ki \u0161tekajo\u00ab<\/li>\n<\/ul>\n","protected":false},"excerpt":{"rendered":"<p>Prej za\u010dnemo z otroki govoriti o osebni odgovornosti, ve\u010dja je verjetnost, da odrastejo v kompetentne, zadovoljne odrasle ljudi, ki so lahko steber zdrave dru\u017ebe. Delavnica je namenjena temu, da odrasli [&hellip;]<\/p>\n","protected":false},"author":2,"featured_media":9719,"comment_status":"open","ping_status":"closed","template":"","tags":[],"mec_category":[],"class_list":["post-9720","mec-events","type-mec-events","status-publish","has-post-thumbnail","hentry"],"acf":[],"_links":{"self":[{"href":"https:\/\/knjiznica.it\/it\/wp-json\/wp\/v2\/mec-events\/9720","targetHints":{"allow":["GET"]}}],"collection":[{"href":"https:\/\/knjiznica.it\/it\/wp-json\/wp\/v2\/mec-events"}],"about":[{"href":"https:\/\/knjiznica.it\/it\/wp-json\/wp\/v2\/types\/mec-events"}],"author":[{"embeddable":true,"href":"https:\/\/knjiznica.it\/it\/wp-json\/wp\/v2\/users\/2"}],"replies":[{"embeddable":true,"href":"https:\/\/knjiznica.it\/it\/wp-json\/wp\/v2\/comments?post=9720"}],"version-history":[{"count":0,"href":"https:\/\/knjiznica.it\/it\/wp-json\/wp\/v2\/mec-events\/9720\/revisions"}],"wp:featuredmedia":[{"embeddable":true,"href":"https:\/\/knjiznica.it\/it\/wp-json\/wp\/v2\/media\/9719"}],"wp:attachment":[{"href":"https:\/\/knjiznica.it\/it\/wp-json\/wp\/v2\/media?parent=9720"}],"wp:term":[{"taxonomy":"post_tag","embeddable":true,"href":"https:\/\/knjiznica.it\/it\/wp-json\/wp\/v2\/tags?post=9720"},{"taxonomy":"mec_category","embeddable":true,"href":"https:\/\/knjiznica.it\/it\/wp-json\/wp\/v2\/mec_category?post=9720"}],"curies":[{"name":"wp","href":"https:\/\/api.w.org\/{rel}","templated":true}]}}

TS &#8211; Šola za starše: Model odgovornosti pri otrocih

<p>Prej začnemo z otroki govoriti o osebni odgovornosti, večja je verjetnost, da odrastejo v kompetentne, zadovoljne odrasle ljudi, ki so lahko steber zdrave družbe. Delavnica je namenjena temu, da odrasli ozavestimo, kako lahko pri otrocih vzbujamo zavedanje, kaj je to odgovornost in kako lahko s svojim ravnanjem pri otrocih gradimo odnos do osebne odgovornosti. Vzgoja je prenos nezavednih psiholoških in vedenjskih procesov z odraslih na otroke. V sodobnem času pa se prepogosto zapletemo pri iskanju hitrih rešitev za trenutno moteče vedenje, namesto da bi zasledovali dolgoročne vzgojne cilje.</p>
<p>&nbsp;</p>
<p><strong>Jani Prgić</strong> je magister socialne pedagogike. Po končani formalni izobrazbi na treh slovenskih univerzah, kjer je združeval različna znanja, je po zaposlitvi na centru za socialno delo, kasneje v šoli in potem na Centru za pomoč mladim, začel delati samostojno kot NLP master trainer in NLP master coach ter mediator in družinski terapevt. Danes deluje v številnih slovenskih podjetjih in šolah, kjer usposablja kolektive s področja mehkih veščin. Zadnjih 8 let se intenzivno ukvarja s področjem nevroznanosti in velja za enega največji strokovnjakov s tega področja v Sloveniji.</p>
<p>&nbsp;</p>
<p>Predavanje bo v Oddelku za mlade bralce v <strong>četrtek, 24. februarja, ob 18. uri</strong>. Predhodna najava in vpis na brezplačna predavanja sta priporočeni, saj je število mest omejeno. Vstop v knjižnične prostore je dovoljen osebam s covidnim potrdilom o prebolelosti, cepljenosti oz. testiranju (green pass), ki ga bo zaposlena oseba preverjala ob vhodu. Uporaba zaščitne maske je obvezna. Vse informacije in natančen koledar ter opis predavanj dobite na <a href="https://knjiznica.it">www.knjiznica.it</a>, na telefonski številki 040/9896153 ali na e-naslovu <a href="mailto:mladinskioddelek@knjiznica.it">mladinskioddelek@knjiznica.it</a>. Sledite nam tudi na družbenih omrežjih. Vzgoja otroka je pomembna. Vrednote, ki jih bomo vcepili otroku, bodo tiste vrednote, ki jih bo kot odrasel nesel s seboj v svet.</p>
<p>&nbsp;</p>
<p><strong>O projektu Šola za starše:</strong></p>
<p>Šola za starše je projekt Oddelka za mlade bralce Narodne in študijske knjižnice, ki staršem in drugim odraslim prinaša nova orodja in omogoči razvoj veščin za spopad z vedno novimi izzivi vzgajanja. Predavanja se bodo vrstila enkrat mesečno v knjižničnih prostorih Narodnega doma, ukvarjala pa se bodo z različnimi vsebinami: od zagat dvojezičnega otroštva, težavnosti izbire ustreznih vzgojnih prijemov, ohranjanja povezanosti z otrokom na prehodu v odraslo dobo in vzbujanja odgovornosti, vse do čustvene vzgoje. Povabljene predavateljice in predavatelji, strokovnjaki z različnih področij humanističnih ved, se bodo osredotočili na vprašanja o vzgoji za različna starostna obdobja, od predšolskih otrok do najstnikov. Nekatera predavanja so transverzalne narave in bodo ustrezala marsikateremu poslušalcu.</p>
<p>Cikel je namenjen v prvi vrsti staršem, ne pa zgolj njim, saj so za končni rezultat tega dolgotrajnega postopka, ko iz otroka zraste odrasla oseba, zaslužni prav vsi tisti, ki so imeli z njim opravka. Srečanja so torej namenjena staršem, nonotom, tetam, stricem, vzgojiteljem, učiteljem, profesorjem, varuškam in vsem ostalim odraslim, ki prihajajo v stik z mladimi.</p>
<p>&nbsp;</p>
<p><strong>Koledar naslednjih predavanj:</strong></p>
<ul>
<li>24. marec 2022 ob 18.00 &#8211; Iztok Spetič, »Čustvena vzgoja«</li>
</ul>
<p>&nbsp;</p>
<p><strong>Prejšnja srečanja:</strong></p>
<ul>
<li>28. oktober 2021 &#8211; Matejka Grgič, Susanna Pertot, »Dvojezično otroštvo«</li>
<li>25. november 2021 &#8211; Simona Pajk, »Kaj mora otrok znati do svojega 12. leta«</li>
<li>27. januar 2022 &#8211; Leonida in dr. Albert Mrgole, »Izštekani najstniki in starši, ki štekajo«</li>
</ul>

<p>Prej začnemo z otroki govoriti o osebni odgovornosti, večja je verjetnost, da odrastejo v kompetentne, zadovoljne odrasle ljudi, ki so lahko steber zdrave družbe. Delavnica je namenjena temu, da odrasli [&hellip;]</p>
